{"id":8414,"date":"2025-09-01T13:40:51","date_gmt":"2025-09-01T10:40:51","guid":{"rendered":"https:\/\/goodwill.fi\/kauppa\/?post_type=product&#038;p=8414"},"modified":"2026-04-14T12:02:28","modified_gmt":"2026-04-14T09:02:28","slug":"iittala-harald-juomasarvi-37-cl","status":"publish","type":"product","link":"https:\/\/goodwill.fi\/kauppa\/tuote\/iittala-harald-juomasarvi-37-cl\/","title":{"rendered":"IITTALA HARALD JUOMASARVI"},"content":{"rendered":"<p>Suunnittelija: Valto Kokko<br \/>\nValmistaja: Iittala<br \/>\nValmistusvuosi: 1985-1995<br \/>\nMitat: korkeus 23.5 cm, halkaisija 7.5 cm, leveys 16 cm, paino 400 g, tilavuus 37 cl<br \/>\nV\u00e4ri: kirkas, jalka kullanv\u00e4rinen<br \/>\nMateriaali: lasi, jalka messinki<br \/>\nKunto: ehj\u00e4, hieman k\u00e4yt\u00f6n j\u00e4lki\u00e4 ja likaa<br \/>\nHuom: myyd\u00e4\u00e4n yksitt\u00e4in, osassa leimatarra<\/p>\n","protected":false},"excerpt":{"rendered":"<p>Suunnittelija: Valto Kokko Valmistaja: Iittala Valmistusvuosi: 1985-1995 Mitat: korkeus 23.5 cm, halkaisija 7.5 cm, leveys 16 cm, paino 400 g, tilavuus 37 cl V\u00e4ri: kirkas, jalka kullanv\u00e4rinen Materiaali: lasi, jalka messinki Kunto: ehj\u00e4, hieman k\u00e4yt\u00f6n j\u00e4lki\u00e4 ja likaa Huom: myyd\u00e4\u00e4n yksitt\u00e4in, osassa leimatarra<\/p>\n","protected":false},"featured_media":25069,"comment_status":"open","ping_status":"closed","template":"","meta":[],"product_brand":[14681],"product_cat":[166,14854,159,14862],"product_tag":[2028,226,227,2029],"class_list":{"0":"post-8414","1":"product","2":"type-product","3":"status-publish","4":"has-post-thumbnail","6":"product_brand-iittala","7":"product_cat-astiat-2","8":"product_cat-iittala","9":"product_cat-kaikki","10":"product_cat-kupit-lasit","11":"product_tag-harald","12":"product_tag-iittala","13":"product_tag-juomasarvi","14":"product_tag-valto-kokko","16":"first","17":"instock","18":"taxable","19":"shipping-taxable","20":"purchasable","21":"product-type-simple"},"yoast_head":"<!-- This site is optimized with the Yoast SEO plugin v27.5 - https:\/\/yoast.com\/product\/yoast-seo-wordpress\/ -->\n<title>Iittala, Harald, juomasarvi, Valto Kokko,<\/title>\n<meta name=\"description\" content=\"Harald juomasarvi 37cl Suunnittelija: Valto Kokko Valmistaja: Iittala Valmistusvuosi: 1985-95 Korkeus 23.5 cm, halkaisija 7.5 cm, leveys 16 cm, paino 400 g\" \/>\n<meta name=\"robots\" content=\"index, follow, max-snippet:-1, max-image-preview:large, max-video-preview:-1\" \/>\n<link rel=\"canonical\" href=\"https:\/\/goodwill.fi\/kauppa\/tuote\/iittala-harald-juomasarvi-37-cl\/\" \/>\n<meta property=\"og:locale\" content=\"fi_FI\" \/>\n<meta property=\"og:type\" content=\"article\" \/>\n<meta property=\"og:title\" content=\"Iittala, Harald, juomasarvi, Valto Kokko,\" \/>\n<meta property=\"og:description\" content=\"Harald juomasarvi 37cl Suunnittelija: Valto Kokko Valmistaja: Iittala Valmistusvuosi: 1985-95 Korkeus 23.5 cm, halkaisija 7.5 cm, leveys 16 cm, paino 400 g\" \/>\n<meta property=\"og:url\" content=\"https:\/\/goodwill.fi\/kauppa\/tuote\/iittala-harald-juomasarvi-37-cl\/\" \/>\n<meta property=\"og:site_name\" content=\"Goodwill-verkkokauppa\" \/>\n<meta property=\"article:modified_time\" content=\"2026-04-14T09:02:28+00:00\" \/>\n<meta property=\"og:image\" content=\"https:\/\/goodwill.fi\/kauppa\/wp-content\/uploads\/2022\/12\/IMG_3517-scaled-e1712910287148.jpg\" \/>\n\t<meta property=\"og:image:width\" content=\"1361\" \/>\n\t<meta property=\"og:image:height\" content=\"1706\" \/>\n\t<meta property=\"og:image:type\" content=\"image\/jpeg\" \/>\n<meta name=\"twitter:card\" content=\"summary_large_image\" \/>\n<meta name=\"twitter:label1\" content=\"Arvioitu lukuaika\" \/>\n\t<meta name=\"twitter:data1\" content=\"1 minuutti\" \/>\n<script type=\"application\/ld+json\" class=\"yoast-schema-graph\">{\"@context\":\"https:\\\/\\\/schema.org\",\"@graph\":[{\"@type\":\"WebPage\",\"@id\":\"https:\\\/\\\/goodwill.fi\\\/kauppa\\\/tuote\\\/iittala-harald-juomasarvi-37-cl\\\/\",\"url\":\"https:\\\/\\\/goodwill.fi\\\/kauppa\\\/tuote\\\/iittala-harald-juomasarvi-37-cl\\\/\",\"name\":\"Iittala, Harald, juomasarvi, Valto Kokko,\",\"isPartOf\":{\"@id\":\"https:\\\/\\\/goodwill.fi\\\/kauppa\\\/#website\"},\"primaryImageOfPage\":{\"@id\":\"https:\\\/\\\/goodwill.fi\\\/kauppa\\\/tuote\\\/iittala-harald-juomasarvi-37-cl\\\/#primaryimage\"},\"image\":{\"@id\":\"https:\\\/\\\/goodwill.fi\\\/kauppa\\\/tuote\\\/iittala-harald-juomasarvi-37-cl\\\/#primaryimage\"},\"thumbnailUrl\":\"https:\\\/\\\/goodwill.fi\\\/kauppa\\\/wp-content\\\/uploads\\\/2022\\\/12\\\/IMG_3517-scaled-e1712910287148.jpg\",\"datePublished\":\"2025-09-01T10:40:51+00:00\",\"dateModified\":\"2026-04-14T09:02:28+00:00\",\"description\":\"Harald juomasarvi 37cl Suunnittelija: Valto Kokko Valmistaja: Iittala Valmistusvuosi: 1985-95 Korkeus 23.5 cm, halkaisija 7.5 cm, leveys 16 cm, paino 400 g\",\"breadcrumb\":{\"@id\":\"https:\\\/\\\/goodwill.fi\\\/kauppa\\\/tuote\\\/iittala-harald-juomasarvi-37-cl\\\/#breadcrumb\"},\"inLanguage\":\"fi\",\"potentialAction\":[{\"@type\":\"ReadAction\",\"target\":[\"https:\\\/\\\/goodwill.fi\\\/kauppa\\\/tuote\\\/iittala-harald-juomasarvi-37-cl\\\/\"]}]},{\"@type\":\"ImageObject\",\"inLanguage\":\"fi\",\"@id\":\"https:\\\/\\\/goodwill.fi\\\/kauppa\\\/tuote\\\/iittala-harald-juomasarvi-37-cl\\\/#primaryimage\",\"url\":\"https:\\\/\\\/goodwill.fi\\\/kauppa\\\/wp-content\\\/uploads\\\/2022\\\/12\\\/IMG_3517-scaled-e1712910287148.jpg\",\"contentUrl\":\"https:\\\/\\\/goodwill.fi\\\/kauppa\\\/wp-content\\\/uploads\\\/2022\\\/12\\\/IMG_3517-scaled-e1712910287148.jpg\",\"width\":1361,\"height\":1706},{\"@type\":\"BreadcrumbList\",\"@id\":\"https:\\\/\\\/goodwill.fi\\\/kauppa\\\/tuote\\\/iittala-harald-juomasarvi-37-cl\\\/#breadcrumb\",\"itemListElement\":[{\"@type\":\"ListItem\",\"position\":1,\"name\":\"Home\",\"item\":\"https:\\\/\\\/goodwill.fi\\\/kauppa\\\/\"},{\"@type\":\"ListItem\",\"position\":2,\"name\":\"Shop\",\"item\":\"https:\\\/\\\/goodwill.fi\\\/kauppa\\\/shop\\\/\"},{\"@type\":\"ListItem\",\"position\":3,\"name\":\"IITTALA HARALD JUOMASARVI\"}]},{\"@type\":\"WebSite\",\"@id\":\"https:\\\/\\\/goodwill.fi\\\/kauppa\\\/#website\",\"url\":\"https:\\\/\\\/goodwill.fi\\\/kauppa\\\/\",\"name\":\"Goodwill-verkkokauppa\",\"description\":\"Kierr\u00e4tysmyym\u00e4l\u00e4 verkossa\",\"publisher\":{\"@id\":\"https:\\\/\\\/goodwill.fi\\\/kauppa\\\/#organization\"},\"potentialAction\":[{\"@type\":\"SearchAction\",\"target\":{\"@type\":\"EntryPoint\",\"urlTemplate\":\"https:\\\/\\\/goodwill.fi\\\/kauppa\\\/?s={search_term_string}\"},\"query-input\":{\"@type\":\"PropertyValueSpecification\",\"valueRequired\":true,\"valueName\":\"search_term_string\"}}],\"inLanguage\":\"fi\"},{\"@type\":\"Organization\",\"@id\":\"https:\\\/\\\/goodwill.fi\\\/kauppa\\\/#organization\",\"name\":\"Goodwill-verkkokauppa\",\"url\":\"https:\\\/\\\/goodwill.fi\\\/kauppa\\\/\",\"logo\":{\"@type\":\"ImageObject\",\"inLanguage\":\"fi\",\"@id\":\"https:\\\/\\\/goodwill.fi\\\/kauppa\\\/#\\\/schema\\\/logo\\\/image\\\/\",\"url\":\"https:\\\/\\\/goodwill.fi\\\/kauppa\\\/wp-content\\\/uploads\\\/2021\\\/02\\\/cropped-logo_gw_store-723x211-1.png\",\"contentUrl\":\"https:\\\/\\\/goodwill.fi\\\/kauppa\\\/wp-content\\\/uploads\\\/2021\\\/02\\\/cropped-logo_gw_store-723x211-1.png\",\"width\":723,\"height\":207,\"caption\":\"Goodwill-verkkokauppa\"},\"image\":{\"@id\":\"https:\\\/\\\/goodwill.fi\\\/kauppa\\\/#\\\/schema\\\/logo\\\/image\\\/\"}}]}<\/script>\n<!-- \/ Yoast SEO plugin. -->","yoast_head_json":{"title":"Iittala, Harald, juomasarvi, Valto Kokko,","description":"Harald juomasarvi 37cl Suunnittelija: Valto Kokko Valmistaja: Iittala Valmistusvuosi: 1985-95 Korkeus 23.5 cm, halkaisija 7.5 cm, leveys 16 cm, paino 400 g","robots":{"index":"index","follow":"follow","max-snippet":"max-snippet:-1","max-image-preview":"max-image-preview:large","max-video-preview":"max-video-preview:-1"},"canonical":"https:\/\/goodwill.fi\/kauppa\/tuote\/iittala-harald-juomasarvi-37-cl\/","og_locale":"fi_FI","og_type":"article","og_title":"Iittala, Harald, juomasarvi, Valto Kokko,","og_description":"Harald juomasarvi 37cl Suunnittelija: Valto Kokko Valmistaja: Iittala Valmistusvuosi: 1985-95 Korkeus 23.5 cm, halkaisija 7.5 cm, leveys 16 cm, paino 400 g","og_url":"https:\/\/goodwill.fi\/kauppa\/tuote\/iittala-harald-juomasarvi-37-cl\/","og_site_name":"Goodwill-verkkokauppa","article_modified_time":"2026-04-14T09:02:28+00:00","og_image":[{"width":1361,"height":1706,"url":"https:\/\/goodwill.fi\/kauppa\/wp-content\/uploads\/2022\/12\/IMG_3517-scaled-e1712910287148.jpg","type":"image\/jpeg"}],"twitter_card":"summary_large_image","twitter_misc":{"Arvioitu lukuaika":"1 minuutti"},"schema":{"@context":"https:\/\/schema.org","@graph":[{"@type":"WebPage","@id":"https:\/\/goodwill.fi\/kauppa\/tuote\/iittala-harald-juomasarvi-37-cl\/","url":"https:\/\/goodwill.fi\/kauppa\/tuote\/iittala-harald-juomasarvi-37-cl\/","name":"Iittala, Harald, juomasarvi, Valto Kokko,","isPartOf":{"@id":"https:\/\/goodwill.fi\/kauppa\/#website"},"primaryImageOfPage":{"@id":"https:\/\/goodwill.fi\/kauppa\/tuote\/iittala-harald-juomasarvi-37-cl\/#primaryimage"},"image":{"@id":"https:\/\/goodwill.fi\/kauppa\/tuote\/iittala-harald-juomasarvi-37-cl\/#primaryimage"},"thumbnailUrl":"https:\/\/goodwill.fi\/kauppa\/wp-content\/uploads\/2022\/12\/IMG_3517-scaled-e1712910287148.jpg","datePublished":"2025-09-01T10:40:51+00:00","dateModified":"2026-04-14T09:02:28+00:00","description":"Harald juomasarvi 37cl Suunnittelija: Valto Kokko Valmistaja: Iittala Valmistusvuosi: 1985-95 Korkeus 23.5 cm, halkaisija 7.5 cm, leveys 16 cm, paino 400 g","breadcrumb":{"@id":"https:\/\/goodwill.fi\/kauppa\/tuote\/iittala-harald-juomasarvi-37-cl\/#breadcrumb"},"inLanguage":"fi","potentialAction":[{"@type":"ReadAction","target":["https:\/\/goodwill.fi\/kauppa\/tuote\/iittala-harald-juomasarvi-37-cl\/"]}]},{"@type":"ImageObject","inLanguage":"fi","@id":"https:\/\/goodwill.fi\/kauppa\/tuote\/iittala-harald-juomasarvi-37-cl\/#primaryimage","url":"https:\/\/goodwill.fi\/kauppa\/wp-content\/uploads\/2022\/12\/IMG_3517-scaled-e1712910287148.jpg","contentUrl":"https:\/\/goodwill.fi\/kauppa\/wp-content\/uploads\/2022\/12\/IMG_3517-scaled-e1712910287148.jpg","width":1361,"height":1706},{"@type":"BreadcrumbList","@id":"https:\/\/goodwill.fi\/kauppa\/tuote\/iittala-harald-juomasarvi-37-cl\/#breadcrumb","itemListElement":[{"@type":"ListItem","position":1,"name":"Home","item":"https:\/\/goodwill.fi\/kauppa\/"},{"@type":"ListItem","position":2,"name":"Shop","item":"https:\/\/goodwill.fi\/kauppa\/shop\/"},{"@type":"ListItem","position":3,"name":"IITTALA HARALD JUOMASARVI"}]},{"@type":"WebSite","@id":"https:\/\/goodwill.fi\/kauppa\/#website","url":"https:\/\/goodwill.fi\/kauppa\/","name":"Goodwill-verkkokauppa","description":"Kierr\u00e4tysmyym\u00e4l\u00e4 verkossa","publisher":{"@id":"https:\/\/goodwill.fi\/kauppa\/#organization"},"potentialAction":[{"@type":"SearchAction","target":{"@type":"EntryPoint","urlTemplate":"https:\/\/goodwill.fi\/kauppa\/?s={search_term_string}"},"query-input":{"@type":"PropertyValueSpecification","valueRequired":true,"valueName":"search_term_string"}}],"inLanguage":"fi"},{"@type":"Organization","@id":"https:\/\/goodwill.fi\/kauppa\/#organization","name":"Goodwill-verkkokauppa","url":"https:\/\/goodwill.fi\/kauppa\/","logo":{"@type":"ImageObject","inLanguage":"fi","@id":"https:\/\/goodwill.fi\/kauppa\/#\/schema\/logo\/image\/","url":"https:\/\/goodwill.fi\/kauppa\/wp-content\/uploads\/2021\/02\/cropped-logo_gw_store-723x211-1.png","contentUrl":"https:\/\/goodwill.fi\/kauppa\/wp-content\/uploads\/2021\/02\/cropped-logo_gw_store-723x211-1.png","width":723,"height":207,"caption":"Goodwill-verkkokauppa"},"image":{"@id":"https:\/\/goodwill.fi\/kauppa\/#\/schema\/logo\/image\/"}}]}},"_links":{"self":[{"href":"https:\/\/goodwill.fi\/kauppa\/wp-json\/wp\/v2\/product\/8414","targetHints":{"allow":["GET"]}}],"collection":[{"href":"https:\/\/goodwill.fi\/kauppa\/wp-json\/wp\/v2\/product"}],"about":[{"href":"https:\/\/goodwill.fi\/kauppa\/wp-json\/wp\/v2\/types\/product"}],"replies":[{"embeddable":true,"href":"https:\/\/goodwill.fi\/kauppa\/wp-json\/wp\/v2\/comments?post=8414"}],"wp:featuredmedia":[{"embeddable":true,"href":"https:\/\/goodwill.fi\/kauppa\/wp-json\/wp\/v2\/media\/25069"}],"wp:attachment":[{"href":"https:\/\/goodwill.fi\/kauppa\/wp-json\/wp\/v2\/media?parent=8414"}],"wp:term":[{"taxonomy":"product_brand","embeddable":true,"href":"https:\/\/goodwill.fi\/kauppa\/wp-json\/wp\/v2\/product_brand?post=8414"},{"taxonomy":"product_cat","embeddable":true,"href":"https:\/\/goodwill.fi\/kauppa\/wp-json\/wp\/v2\/product_cat?post=8414"},{"taxonomy":"product_tag","embeddable":true,"href":"https:\/\/goodwill.fi\/kauppa\/wp-json\/wp\/v2\/product_tag?post=8414"}],"curies":[{"name":"wp","href":"https:\/\/api.w.org\/{rel}","templated":true}]}}