{"id":69233,"date":"2026-02-24T15:02:45","date_gmt":"2026-02-24T13:02:45","guid":{"rendered":"https:\/\/goodwill.fi\/kauppa\/?post_type=product&#038;p=69233"},"modified":"2026-03-03T11:06:54","modified_gmt":"2026-03-03T09:06:54","slug":"kumela-kermakko-ja-sokerikko-2","status":"publish","type":"product","link":"https:\/\/goodwill.fi\/kauppa\/tuote\/kumela-kermakko-ja-sokerikko-2\/","title":{"rendered":"KUMELA KERMAKKO JA SOKERIKKO"},"content":{"rendered":"<p>Kumela kermakko ja sokerikko<br \/>\nSuunnittelija: Sirkku Kumela &#8211; Lehtonen<br \/>\nValmistaja: Kumela<br \/>\nValmistusvuosi: 1960 &#8211; 1970<br \/>\nMitat: Kermakko: korkeus 9cm, Sokerikko: korkeus 9,5cm<br \/>\nPaino: Kermakko: 93g, Sokerikko 86g<br \/>\nV\u00e4ri: Vihre\u00e4<br \/>\nMateriaali: Lasi<br \/>\nKunto: Hyv\u00e4, v\u00e4h\u00e4isi\u00e4 k\u00e4yt\u00f6n j\u00e4lki\u00e4 ja naarmuja<\/p>\n","protected":false},"excerpt":{"rendered":"<p>Kumela kermakko ja sokerikko Suunnittelija: Sirkku Kumela &#8211; Lehtonen Valmistaja: Kumela Valmistusvuosi: 1960 &#8211; 1970 Mitat: Kermakko: korkeus 9cm, Sokerikko: korkeus 9,5cm Paino: Kermakko: 93g, Sokerikko 86g V\u00e4ri: Vihre\u00e4 Materiaali: Lasi Kunto: Hyv\u00e4, v\u00e4h\u00e4isi\u00e4 k\u00e4yt\u00f6n j\u00e4lki\u00e4 ja naarmuja<\/p>\n","protected":false},"featured_media":69234,"comment_status":"open","ping_status":"closed","template":"","meta":[],"product_brand":[14887],"product_cat":[14858,166,14865,180,14860,14861,154,14876],"product_tag":[10081,353,1312,18101,453],"class_list":{"0":"post-69233","1":"product","2":"type-product","3":"status-publish","4":"has-post-thumbnail","6":"product_brand-kumela","7":"product_cat-kumela","8":"product_cat-astiat-2","9":"product_cat-tarjoiluastiat","10":"product_cat-keraily-2","11":"product_cat-antiikki-vintage","12":"product_cat-taidelasi-keramiikka","13":"product_cat-sisustus-2","14":"product_cat-koriste-esineet","15":"product_tag-kermakko-ja-sokerikko","16":"product_tag-kumela","17":"product_tag-sirkku-kumela-lehtonen","18":"product_tag-tor00006","19":"product_tag-vihrea-2","21":"first","22":"instock","23":"taxable","24":"shipping-taxable","25":"purchasable","26":"product-type-simple"},"yoast_head":"<!-- This site is optimized with the Yoast SEO plugin v27.1.1 - https:\/\/yoast.com\/product\/yoast-seo-wordpress\/ -->\n<title>KUMELA KERMAKKO JA SOKERIKKO - Goodwill-verkkokauppa<\/title>\n<meta name=\"description\" content=\"Sirkku Kumela - Lehtosen suunnittelema kermakko ja sokerikko. Hyv\u00e4ss\u00e4 kunnossa, v\u00e4h\u00e4isi\u00e4 naarmuja k\u00e4yt\u00f6n j\u00e4lki\u00e4.\" \/>\n<meta name=\"robots\" content=\"index, follow, max-snippet:-1, max-image-preview:large, max-video-preview:-1\" \/>\n<link rel=\"canonical\" href=\"https:\/\/goodwill.fi\/kauppa\/tuote\/kumela-kermakko-ja-sokerikko-2\/\" \/>\n<meta property=\"og:locale\" content=\"fi_FI\" \/>\n<meta property=\"og:type\" content=\"article\" \/>\n<meta property=\"og:title\" content=\"KUMELA KERMAKKO JA SOKERIKKO - Goodwill-verkkokauppa\" \/>\n<meta property=\"og:description\" content=\"Sirkku Kumela - Lehtosen suunnittelema kermakko ja sokerikko. Hyv\u00e4ss\u00e4 kunnossa, v\u00e4h\u00e4isi\u00e4 naarmuja k\u00e4yt\u00f6n j\u00e4lki\u00e4.\" \/>\n<meta property=\"og:url\" content=\"https:\/\/goodwill.fi\/kauppa\/tuote\/kumela-kermakko-ja-sokerikko-2\/\" \/>\n<meta property=\"og:site_name\" content=\"Goodwill-verkkokauppa\" \/>\n<meta property=\"article:modified_time\" content=\"2026-03-03T09:06:54+00:00\" \/>\n<meta property=\"og:image\" content=\"https:\/\/goodwill.fi\/kauppa\/wp-content\/uploads\/2026\/02\/IMG_0411-scaled.jpg\" \/>\n\t<meta property=\"og:image:width\" content=\"2560\" \/>\n\t<meta property=\"og:image:height\" content=\"1707\" \/>\n\t<meta property=\"og:image:type\" content=\"image\/jpeg\" \/>\n<meta name=\"twitter:card\" content=\"summary_large_image\" \/>\n<meta name=\"twitter:label1\" content=\"Arvioitu lukuaika\" \/>\n\t<meta name=\"twitter:data1\" content=\"1 minuutti\" \/>\n<script type=\"application\/ld+json\" class=\"yoast-schema-graph\">{\"@context\":\"https:\/\/schema.org\",\"@graph\":[{\"@type\":\"WebPage\",\"@id\":\"https:\/\/goodwill.fi\/kauppa\/tuote\/kumela-kermakko-ja-sokerikko-2\/\",\"url\":\"https:\/\/goodwill.fi\/kauppa\/tuote\/kumela-kermakko-ja-sokerikko-2\/\",\"name\":\"KUMELA KERMAKKO JA SOKERIKKO - Goodwill-verkkokauppa\",\"isPartOf\":{\"@id\":\"https:\/\/goodwill.fi\/kauppa\/#website\"},\"primaryImageOfPage\":{\"@id\":\"https:\/\/goodwill.fi\/kauppa\/tuote\/kumela-kermakko-ja-sokerikko-2\/#primaryimage\"},\"image\":{\"@id\":\"https:\/\/goodwill.fi\/kauppa\/tuote\/kumela-kermakko-ja-sokerikko-2\/#primaryimage\"},\"thumbnailUrl\":\"https:\/\/goodwill.fi\/kauppa\/wp-content\/uploads\/2026\/02\/IMG_0411-scaled.jpg\",\"datePublished\":\"2026-02-24T13:02:45+00:00\",\"dateModified\":\"2026-03-03T09:06:54+00:00\",\"description\":\"Sirkku Kumela - Lehtosen suunnittelema kermakko ja sokerikko. Hyv\u00e4ss\u00e4 kunnossa, v\u00e4h\u00e4isi\u00e4 naarmuja k\u00e4yt\u00f6n j\u00e4lki\u00e4.\",\"breadcrumb\":{\"@id\":\"https:\/\/goodwill.fi\/kauppa\/tuote\/kumela-kermakko-ja-sokerikko-2\/#breadcrumb\"},\"inLanguage\":\"fi\",\"potentialAction\":[{\"@type\":\"ReadAction\",\"target\":[\"https:\/\/goodwill.fi\/kauppa\/tuote\/kumela-kermakko-ja-sokerikko-2\/\"]}]},{\"@type\":\"ImageObject\",\"inLanguage\":\"fi\",\"@id\":\"https:\/\/goodwill.fi\/kauppa\/tuote\/kumela-kermakko-ja-sokerikko-2\/#primaryimage\",\"url\":\"https:\/\/goodwill.fi\/kauppa\/wp-content\/uploads\/2026\/02\/IMG_0411-scaled.jpg\",\"contentUrl\":\"https:\/\/goodwill.fi\/kauppa\/wp-content\/uploads\/2026\/02\/IMG_0411-scaled.jpg\",\"width\":2560,\"height\":1707},{\"@type\":\"BreadcrumbList\",\"@id\":\"https:\/\/goodwill.fi\/kauppa\/tuote\/kumela-kermakko-ja-sokerikko-2\/#breadcrumb\",\"itemListElement\":[{\"@type\":\"ListItem\",\"position\":1,\"name\":\"Home\",\"item\":\"https:\/\/goodwill.fi\/kauppa\/\"},{\"@type\":\"ListItem\",\"position\":2,\"name\":\"Shop\",\"item\":\"https:\/\/goodwill.fi\/kauppa\/shop\/\"},{\"@type\":\"ListItem\",\"position\":3,\"name\":\"KUMELA KERMAKKO JA SOKERIKKO\"}]},{\"@type\":\"WebSite\",\"@id\":\"https:\/\/goodwill.fi\/kauppa\/#website\",\"url\":\"https:\/\/goodwill.fi\/kauppa\/\",\"name\":\"Goodwill-verkkokauppa\",\"description\":\"Kierr\u00e4tysmyym\u00e4l\u00e4 verkossa\",\"publisher\":{\"@id\":\"https:\/\/goodwill.fi\/kauppa\/#organization\"},\"potentialAction\":[{\"@type\":\"SearchAction\",\"target\":{\"@type\":\"EntryPoint\",\"urlTemplate\":\"https:\/\/goodwill.fi\/kauppa\/?s={search_term_string}\"},\"query-input\":{\"@type\":\"PropertyValueSpecification\",\"valueRequired\":true,\"valueName\":\"search_term_string\"}}],\"inLanguage\":\"fi\"},{\"@type\":\"Organization\",\"@id\":\"https:\/\/goodwill.fi\/kauppa\/#organization\",\"name\":\"Goodwill-verkkokauppa\",\"url\":\"https:\/\/goodwill.fi\/kauppa\/\",\"logo\":{\"@type\":\"ImageObject\",\"inLanguage\":\"fi\",\"@id\":\"https:\/\/goodwill.fi\/kauppa\/#\/schema\/logo\/image\/\",\"url\":\"https:\/\/goodwill.fi\/kauppa\/wp-content\/uploads\/2021\/02\/cropped-logo_gw_store-723x211-1.png\",\"contentUrl\":\"https:\/\/goodwill.fi\/kauppa\/wp-content\/uploads\/2021\/02\/cropped-logo_gw_store-723x211-1.png\",\"width\":723,\"height\":207,\"caption\":\"Goodwill-verkkokauppa\"},\"image\":{\"@id\":\"https:\/\/goodwill.fi\/kauppa\/#\/schema\/logo\/image\/\"}}]}<\/script>\n<!-- \/ Yoast SEO plugin. -->","yoast_head_json":{"title":"KUMELA KERMAKKO JA SOKERIKKO - Goodwill-verkkokauppa","description":"Sirkku Kumela - Lehtosen suunnittelema kermakko ja sokerikko. Hyv\u00e4ss\u00e4 kunnossa, v\u00e4h\u00e4isi\u00e4 naarmuja k\u00e4yt\u00f6n j\u00e4lki\u00e4.","robots":{"index":"index","follow":"follow","max-snippet":"max-snippet:-1","max-image-preview":"max-image-preview:large","max-video-preview":"max-video-preview:-1"},"canonical":"https:\/\/goodwill.fi\/kauppa\/tuote\/kumela-kermakko-ja-sokerikko-2\/","og_locale":"fi_FI","og_type":"article","og_title":"KUMELA KERMAKKO JA SOKERIKKO - Goodwill-verkkokauppa","og_description":"Sirkku Kumela - Lehtosen suunnittelema kermakko ja sokerikko. Hyv\u00e4ss\u00e4 kunnossa, v\u00e4h\u00e4isi\u00e4 naarmuja k\u00e4yt\u00f6n j\u00e4lki\u00e4.","og_url":"https:\/\/goodwill.fi\/kauppa\/tuote\/kumela-kermakko-ja-sokerikko-2\/","og_site_name":"Goodwill-verkkokauppa","article_modified_time":"2026-03-03T09:06:54+00:00","og_image":[{"width":2560,"height":1707,"url":"https:\/\/goodwill.fi\/kauppa\/wp-content\/uploads\/2026\/02\/IMG_0411-scaled.jpg","type":"image\/jpeg"}],"twitter_card":"summary_large_image","twitter_misc":{"Arvioitu lukuaika":"1 minuutti"},"schema":{"@context":"https:\/\/schema.org","@graph":[{"@type":"WebPage","@id":"https:\/\/goodwill.fi\/kauppa\/tuote\/kumela-kermakko-ja-sokerikko-2\/","url":"https:\/\/goodwill.fi\/kauppa\/tuote\/kumela-kermakko-ja-sokerikko-2\/","name":"KUMELA KERMAKKO JA SOKERIKKO - Goodwill-verkkokauppa","isPartOf":{"@id":"https:\/\/goodwill.fi\/kauppa\/#website"},"primaryImageOfPage":{"@id":"https:\/\/goodwill.fi\/kauppa\/tuote\/kumela-kermakko-ja-sokerikko-2\/#primaryimage"},"image":{"@id":"https:\/\/goodwill.fi\/kauppa\/tuote\/kumela-kermakko-ja-sokerikko-2\/#primaryimage"},"thumbnailUrl":"https:\/\/goodwill.fi\/kauppa\/wp-content\/uploads\/2026\/02\/IMG_0411-scaled.jpg","datePublished":"2026-02-24T13:02:45+00:00","dateModified":"2026-03-03T09:06:54+00:00","description":"Sirkku Kumela - Lehtosen suunnittelema kermakko ja sokerikko. Hyv\u00e4ss\u00e4 kunnossa, v\u00e4h\u00e4isi\u00e4 naarmuja k\u00e4yt\u00f6n j\u00e4lki\u00e4.","breadcrumb":{"@id":"https:\/\/goodwill.fi\/kauppa\/tuote\/kumela-kermakko-ja-sokerikko-2\/#breadcrumb"},"inLanguage":"fi","potentialAction":[{"@type":"ReadAction","target":["https:\/\/goodwill.fi\/kauppa\/tuote\/kumela-kermakko-ja-sokerikko-2\/"]}]},{"@type":"ImageObject","inLanguage":"fi","@id":"https:\/\/goodwill.fi\/kauppa\/tuote\/kumela-kermakko-ja-sokerikko-2\/#primaryimage","url":"https:\/\/goodwill.fi\/kauppa\/wp-content\/uploads\/2026\/02\/IMG_0411-scaled.jpg","contentUrl":"https:\/\/goodwill.fi\/kauppa\/wp-content\/uploads\/2026\/02\/IMG_0411-scaled.jpg","width":2560,"height":1707},{"@type":"BreadcrumbList","@id":"https:\/\/goodwill.fi\/kauppa\/tuote\/kumela-kermakko-ja-sokerikko-2\/#breadcrumb","itemListElement":[{"@type":"ListItem","position":1,"name":"Home","item":"https:\/\/goodwill.fi\/kauppa\/"},{"@type":"ListItem","position":2,"name":"Shop","item":"https:\/\/goodwill.fi\/kauppa\/shop\/"},{"@type":"ListItem","position":3,"name":"KUMELA KERMAKKO JA SOKERIKKO"}]},{"@type":"WebSite","@id":"https:\/\/goodwill.fi\/kauppa\/#website","url":"https:\/\/goodwill.fi\/kauppa\/","name":"Goodwill-verkkokauppa","description":"Kierr\u00e4tysmyym\u00e4l\u00e4 verkossa","publisher":{"@id":"https:\/\/goodwill.fi\/kauppa\/#organization"},"potentialAction":[{"@type":"SearchAction","target":{"@type":"EntryPoint","urlTemplate":"https:\/\/goodwill.fi\/kauppa\/?s={search_term_string}"},"query-input":{"@type":"PropertyValueSpecification","valueRequired":true,"valueName":"search_term_string"}}],"inLanguage":"fi"},{"@type":"Organization","@id":"https:\/\/goodwill.fi\/kauppa\/#organization","name":"Goodwill-verkkokauppa","url":"https:\/\/goodwill.fi\/kauppa\/","logo":{"@type":"ImageObject","inLanguage":"fi","@id":"https:\/\/goodwill.fi\/kauppa\/#\/schema\/logo\/image\/","url":"https:\/\/goodwill.fi\/kauppa\/wp-content\/uploads\/2021\/02\/cropped-logo_gw_store-723x211-1.png","contentUrl":"https:\/\/goodwill.fi\/kauppa\/wp-content\/uploads\/2021\/02\/cropped-logo_gw_store-723x211-1.png","width":723,"height":207,"caption":"Goodwill-verkkokauppa"},"image":{"@id":"https:\/\/goodwill.fi\/kauppa\/#\/schema\/logo\/image\/"}}]}},"_links":{"self":[{"href":"https:\/\/goodwill.fi\/kauppa\/wp-json\/wp\/v2\/product\/69233","targetHints":{"allow":["GET"]}}],"collection":[{"href":"https:\/\/goodwill.fi\/kauppa\/wp-json\/wp\/v2\/product"}],"about":[{"href":"https:\/\/goodwill.fi\/kauppa\/wp-json\/wp\/v2\/types\/product"}],"replies":[{"embeddable":true,"href":"https:\/\/goodwill.fi\/kauppa\/wp-json\/wp\/v2\/comments?post=69233"}],"wp:featuredmedia":[{"embeddable":true,"href":"https:\/\/goodwill.fi\/kauppa\/wp-json\/wp\/v2\/media\/69234"}],"wp:attachment":[{"href":"https:\/\/goodwill.fi\/kauppa\/wp-json\/wp\/v2\/media?parent=69233"}],"wp:term":[{"taxonomy":"product_brand","embeddable":true,"href":"https:\/\/goodwill.fi\/kauppa\/wp-json\/wp\/v2\/product_brand?post=69233"},{"taxonomy":"product_cat","embeddable":true,"href":"https:\/\/goodwill.fi\/kauppa\/wp-json\/wp\/v2\/product_cat?post=69233"},{"taxonomy":"product_tag","embeddable":true,"href":"https:\/\/goodwill.fi\/kauppa\/wp-json\/wp\/v2\/product_tag?post=69233"}],"curies":[{"name":"wp","href":"https:\/\/api.w.org\/{rel}","templated":true}]}}