{"id":68595,"date":"2026-02-17T12:12:26","date_gmt":"2026-02-17T10:12:26","guid":{"rendered":"https:\/\/goodwill.fi\/kauppa\/?post_type=product&#038;p=68595"},"modified":"2026-02-17T12:20:06","modified_gmt":"2026-02-17T10:20:06","slug":"lego-setti-4","status":"publish","type":"product","link":"https:\/\/goodwill.fi\/kauppa\/tuote\/lego-setti-4\/","title":{"rendered":"LEGO-SETTI"},"content":{"rendered":"<p>Setti erilaisia legoja, mukana aluslevyj\u00e4, rakennuspalikoita ja erikoispaloja.<\/p>\n<p>Valmistaja: Lego<br \/>\nMitat: paino yhteens\u00e4 3160 g<br \/>\nMateriaali: muovi<br \/>\nKunto: palojen kunto vaihtelee, k\u00e4yt\u00f6n j\u00e4lki\u00e4<br \/>\nHuom. kuvassa osa setist\u00e4<\/p>\n","protected":false},"excerpt":{"rendered":"<p>Setti erilaisia legoja, mukana aluslevyj\u00e4, rakennuspalikoita ja erikoispaloja. Valmistaja: Lego Mitat: paino yhteens\u00e4 3160 g Materiaali: muovi Kunto: palojen kunto vaihtelee, k\u00e4yt\u00f6n j\u00e4lki\u00e4 Huom. kuvassa osa setist\u00e4<\/p>\n","protected":false},"featured_media":68597,"comment_status":"open","ping_status":"closed","template":"","meta":[],"product_brand":[],"product_cat":[159,180,183,143,14880],"product_tag":[12086,17954,17955,17956],"class_list":{"0":"post-68595","1":"product","2":"type-product","3":"status-publish","4":"has-post-thumbnail","6":"product_cat-kaikki","7":"product_cat-keraily-2","8":"product_cat-lelut","9":"product_cat-viihde-2","10":"product_cat-muu-viihde-viihde-2","11":"product_tag-lego","12":"product_tag-legot","13":"product_tag-palikat","14":"product_tag-rakentelu","16":"first","17":"instock","18":"taxable","19":"shipping-taxable","20":"purchasable","21":"product-type-simple"},"yoast_head":"<!-- This site is optimized with the Yoast SEO plugin v27.1.1 - https:\/\/yoast.com\/product\/yoast-seo-wordpress\/ -->\n<title>LEGO-SETTI - Goodwill-verkkokauppa<\/title>\n<meta name=\"description\" content=\"Setti erilaisia legoja, mukana aluslevyj\u00e4, rakennuspalikoita ja erikoispaloja. Valmistaja: Lego Mitat: paino yhteens\u00e4 3160 g Materiaali: muovi\" \/>\n<meta name=\"robots\" content=\"index, follow, max-snippet:-1, max-image-preview:large, max-video-preview:-1\" \/>\n<link rel=\"canonical\" href=\"https:\/\/goodwill.fi\/kauppa\/tuote\/lego-setti-4\/\" \/>\n<meta property=\"og:locale\" content=\"fi_FI\" \/>\n<meta property=\"og:type\" content=\"article\" \/>\n<meta property=\"og:title\" content=\"LEGO-SETTI - Goodwill-verkkokauppa\" \/>\n<meta property=\"og:description\" content=\"Setti erilaisia legoja, mukana aluslevyj\u00e4, rakennuspalikoita ja erikoispaloja. Valmistaja: Lego Mitat: paino yhteens\u00e4 3160 g Materiaali: muovi\" \/>\n<meta property=\"og:url\" content=\"https:\/\/goodwill.fi\/kauppa\/tuote\/lego-setti-4\/\" \/>\n<meta property=\"og:site_name\" content=\"Goodwill-verkkokauppa\" \/>\n<meta property=\"article:modified_time\" content=\"2026-02-17T10:20:06+00:00\" \/>\n<meta property=\"og:image\" content=\"https:\/\/goodwill.fi\/kauppa\/wp-content\/uploads\/2026\/02\/IMG_8348-1-scaled-e1771323298353.jpg\" \/>\n\t<meta property=\"og:image:width\" content=\"2150\" \/>\n\t<meta property=\"og:image:height\" content=\"1707\" \/>\n\t<meta property=\"og:image:type\" content=\"image\/jpeg\" \/>\n<meta name=\"twitter:card\" content=\"summary_large_image\" \/>\n<meta name=\"twitter:label1\" content=\"Arvioitu lukuaika\" \/>\n\t<meta name=\"twitter:data1\" content=\"1 minuutti\" \/>\n<script type=\"application\/ld+json\" class=\"yoast-schema-graph\">{\"@context\":\"https:\/\/schema.org\",\"@graph\":[{\"@type\":\"WebPage\",\"@id\":\"https:\/\/goodwill.fi\/kauppa\/tuote\/lego-setti-4\/\",\"url\":\"https:\/\/goodwill.fi\/kauppa\/tuote\/lego-setti-4\/\",\"name\":\"LEGO-SETTI - Goodwill-verkkokauppa\",\"isPartOf\":{\"@id\":\"https:\/\/goodwill.fi\/kauppa\/#website\"},\"primaryImageOfPage\":{\"@id\":\"https:\/\/goodwill.fi\/kauppa\/tuote\/lego-setti-4\/#primaryimage\"},\"image\":{\"@id\":\"https:\/\/goodwill.fi\/kauppa\/tuote\/lego-setti-4\/#primaryimage\"},\"thumbnailUrl\":\"https:\/\/goodwill.fi\/kauppa\/wp-content\/uploads\/2026\/02\/IMG_8348-1-scaled-e1771323298353.jpg\",\"datePublished\":\"2026-02-17T10:12:26+00:00\",\"dateModified\":\"2026-02-17T10:20:06+00:00\",\"description\":\"Setti erilaisia legoja, mukana aluslevyj\u00e4, rakennuspalikoita ja erikoispaloja. Valmistaja: Lego Mitat: paino yhteens\u00e4 3160 g Materiaali: muovi\",\"breadcrumb\":{\"@id\":\"https:\/\/goodwill.fi\/kauppa\/tuote\/lego-setti-4\/#breadcrumb\"},\"inLanguage\":\"fi\",\"potentialAction\":[{\"@type\":\"ReadAction\",\"target\":[\"https:\/\/goodwill.fi\/kauppa\/tuote\/lego-setti-4\/\"]}]},{\"@type\":\"ImageObject\",\"inLanguage\":\"fi\",\"@id\":\"https:\/\/goodwill.fi\/kauppa\/tuote\/lego-setti-4\/#primaryimage\",\"url\":\"https:\/\/goodwill.fi\/kauppa\/wp-content\/uploads\/2026\/02\/IMG_8348-1-scaled-e1771323298353.jpg\",\"contentUrl\":\"https:\/\/goodwill.fi\/kauppa\/wp-content\/uploads\/2026\/02\/IMG_8348-1-scaled-e1771323298353.jpg\",\"width\":2150,\"height\":1707},{\"@type\":\"BreadcrumbList\",\"@id\":\"https:\/\/goodwill.fi\/kauppa\/tuote\/lego-setti-4\/#breadcrumb\",\"itemListElement\":[{\"@type\":\"ListItem\",\"position\":1,\"name\":\"Home\",\"item\":\"https:\/\/goodwill.fi\/kauppa\/\"},{\"@type\":\"ListItem\",\"position\":2,\"name\":\"Shop\",\"item\":\"https:\/\/goodwill.fi\/kauppa\/shop\/\"},{\"@type\":\"ListItem\",\"position\":3,\"name\":\"LEGO-SETTI\"}]},{\"@type\":\"WebSite\",\"@id\":\"https:\/\/goodwill.fi\/kauppa\/#website\",\"url\":\"https:\/\/goodwill.fi\/kauppa\/\",\"name\":\"Goodwill-verkkokauppa\",\"description\":\"Kierr\u00e4tysmyym\u00e4l\u00e4 verkossa\",\"publisher\":{\"@id\":\"https:\/\/goodwill.fi\/kauppa\/#organization\"},\"potentialAction\":[{\"@type\":\"SearchAction\",\"target\":{\"@type\":\"EntryPoint\",\"urlTemplate\":\"https:\/\/goodwill.fi\/kauppa\/?s={search_term_string}\"},\"query-input\":{\"@type\":\"PropertyValueSpecification\",\"valueRequired\":true,\"valueName\":\"search_term_string\"}}],\"inLanguage\":\"fi\"},{\"@type\":\"Organization\",\"@id\":\"https:\/\/goodwill.fi\/kauppa\/#organization\",\"name\":\"Goodwill-verkkokauppa\",\"url\":\"https:\/\/goodwill.fi\/kauppa\/\",\"logo\":{\"@type\":\"ImageObject\",\"inLanguage\":\"fi\",\"@id\":\"https:\/\/goodwill.fi\/kauppa\/#\/schema\/logo\/image\/\",\"url\":\"https:\/\/goodwill.fi\/kauppa\/wp-content\/uploads\/2021\/02\/cropped-logo_gw_store-723x211-1.png\",\"contentUrl\":\"https:\/\/goodwill.fi\/kauppa\/wp-content\/uploads\/2021\/02\/cropped-logo_gw_store-723x211-1.png\",\"width\":723,\"height\":207,\"caption\":\"Goodwill-verkkokauppa\"},\"image\":{\"@id\":\"https:\/\/goodwill.fi\/kauppa\/#\/schema\/logo\/image\/\"}}]}<\/script>\n<!-- \/ Yoast SEO plugin. -->","yoast_head_json":{"title":"LEGO-SETTI - Goodwill-verkkokauppa","description":"Setti erilaisia legoja, mukana aluslevyj\u00e4, rakennuspalikoita ja erikoispaloja. Valmistaja: Lego Mitat: paino yhteens\u00e4 3160 g Materiaali: muovi","robots":{"index":"index","follow":"follow","max-snippet":"max-snippet:-1","max-image-preview":"max-image-preview:large","max-video-preview":"max-video-preview:-1"},"canonical":"https:\/\/goodwill.fi\/kauppa\/tuote\/lego-setti-4\/","og_locale":"fi_FI","og_type":"article","og_title":"LEGO-SETTI - Goodwill-verkkokauppa","og_description":"Setti erilaisia legoja, mukana aluslevyj\u00e4, rakennuspalikoita ja erikoispaloja. Valmistaja: Lego Mitat: paino yhteens\u00e4 3160 g Materiaali: muovi","og_url":"https:\/\/goodwill.fi\/kauppa\/tuote\/lego-setti-4\/","og_site_name":"Goodwill-verkkokauppa","article_modified_time":"2026-02-17T10:20:06+00:00","og_image":[{"width":2150,"height":1707,"url":"https:\/\/goodwill.fi\/kauppa\/wp-content\/uploads\/2026\/02\/IMG_8348-1-scaled-e1771323298353.jpg","type":"image\/jpeg"}],"twitter_card":"summary_large_image","twitter_misc":{"Arvioitu lukuaika":"1 minuutti"},"schema":{"@context":"https:\/\/schema.org","@graph":[{"@type":"WebPage","@id":"https:\/\/goodwill.fi\/kauppa\/tuote\/lego-setti-4\/","url":"https:\/\/goodwill.fi\/kauppa\/tuote\/lego-setti-4\/","name":"LEGO-SETTI - Goodwill-verkkokauppa","isPartOf":{"@id":"https:\/\/goodwill.fi\/kauppa\/#website"},"primaryImageOfPage":{"@id":"https:\/\/goodwill.fi\/kauppa\/tuote\/lego-setti-4\/#primaryimage"},"image":{"@id":"https:\/\/goodwill.fi\/kauppa\/tuote\/lego-setti-4\/#primaryimage"},"thumbnailUrl":"https:\/\/goodwill.fi\/kauppa\/wp-content\/uploads\/2026\/02\/IMG_8348-1-scaled-e1771323298353.jpg","datePublished":"2026-02-17T10:12:26+00:00","dateModified":"2026-02-17T10:20:06+00:00","description":"Setti erilaisia legoja, mukana aluslevyj\u00e4, rakennuspalikoita ja erikoispaloja. Valmistaja: Lego Mitat: paino yhteens\u00e4 3160 g Materiaali: muovi","breadcrumb":{"@id":"https:\/\/goodwill.fi\/kauppa\/tuote\/lego-setti-4\/#breadcrumb"},"inLanguage":"fi","potentialAction":[{"@type":"ReadAction","target":["https:\/\/goodwill.fi\/kauppa\/tuote\/lego-setti-4\/"]}]},{"@type":"ImageObject","inLanguage":"fi","@id":"https:\/\/goodwill.fi\/kauppa\/tuote\/lego-setti-4\/#primaryimage","url":"https:\/\/goodwill.fi\/kauppa\/wp-content\/uploads\/2026\/02\/IMG_8348-1-scaled-e1771323298353.jpg","contentUrl":"https:\/\/goodwill.fi\/kauppa\/wp-content\/uploads\/2026\/02\/IMG_8348-1-scaled-e1771323298353.jpg","width":2150,"height":1707},{"@type":"BreadcrumbList","@id":"https:\/\/goodwill.fi\/kauppa\/tuote\/lego-setti-4\/#breadcrumb","itemListElement":[{"@type":"ListItem","position":1,"name":"Home","item":"https:\/\/goodwill.fi\/kauppa\/"},{"@type":"ListItem","position":2,"name":"Shop","item":"https:\/\/goodwill.fi\/kauppa\/shop\/"},{"@type":"ListItem","position":3,"name":"LEGO-SETTI"}]},{"@type":"WebSite","@id":"https:\/\/goodwill.fi\/kauppa\/#website","url":"https:\/\/goodwill.fi\/kauppa\/","name":"Goodwill-verkkokauppa","description":"Kierr\u00e4tysmyym\u00e4l\u00e4 verkossa","publisher":{"@id":"https:\/\/goodwill.fi\/kauppa\/#organization"},"potentialAction":[{"@type":"SearchAction","target":{"@type":"EntryPoint","urlTemplate":"https:\/\/goodwill.fi\/kauppa\/?s={search_term_string}"},"query-input":{"@type":"PropertyValueSpecification","valueRequired":true,"valueName":"search_term_string"}}],"inLanguage":"fi"},{"@type":"Organization","@id":"https:\/\/goodwill.fi\/kauppa\/#organization","name":"Goodwill-verkkokauppa","url":"https:\/\/goodwill.fi\/kauppa\/","logo":{"@type":"ImageObject","inLanguage":"fi","@id":"https:\/\/goodwill.fi\/kauppa\/#\/schema\/logo\/image\/","url":"https:\/\/goodwill.fi\/kauppa\/wp-content\/uploads\/2021\/02\/cropped-logo_gw_store-723x211-1.png","contentUrl":"https:\/\/goodwill.fi\/kauppa\/wp-content\/uploads\/2021\/02\/cropped-logo_gw_store-723x211-1.png","width":723,"height":207,"caption":"Goodwill-verkkokauppa"},"image":{"@id":"https:\/\/goodwill.fi\/kauppa\/#\/schema\/logo\/image\/"}}]}},"_links":{"self":[{"href":"https:\/\/goodwill.fi\/kauppa\/wp-json\/wp\/v2\/product\/68595","targetHints":{"allow":["GET"]}}],"collection":[{"href":"https:\/\/goodwill.fi\/kauppa\/wp-json\/wp\/v2\/product"}],"about":[{"href":"https:\/\/goodwill.fi\/kauppa\/wp-json\/wp\/v2\/types\/product"}],"replies":[{"embeddable":true,"href":"https:\/\/goodwill.fi\/kauppa\/wp-json\/wp\/v2\/comments?post=68595"}],"wp:featuredmedia":[{"embeddable":true,"href":"https:\/\/goodwill.fi\/kauppa\/wp-json\/wp\/v2\/media\/68597"}],"wp:attachment":[{"href":"https:\/\/goodwill.fi\/kauppa\/wp-json\/wp\/v2\/media?parent=68595"}],"wp:term":[{"taxonomy":"product_brand","embeddable":true,"href":"https:\/\/goodwill.fi\/kauppa\/wp-json\/wp\/v2\/product_brand?post=68595"},{"taxonomy":"product_cat","embeddable":true,"href":"https:\/\/goodwill.fi\/kauppa\/wp-json\/wp\/v2\/product_cat?post=68595"},{"taxonomy":"product_tag","embeddable":true,"href":"https:\/\/goodwill.fi\/kauppa\/wp-json\/wp\/v2\/product_tag?post=68595"}],"curies":[{"name":"wp","href":"https:\/\/api.w.org\/{rel}","templated":true}]}}