{"id":67203,"date":"2026-01-21T08:37:24","date_gmt":"2026-01-21T06:37:24","guid":{"rendered":"https:\/\/goodwill.fi\/kauppa\/?post_type=product&#038;p=67203"},"modified":"2026-01-21T08:37:24","modified_gmt":"2026-01-21T06:37:24","slug":"iittala-kivi-kynttila-lyhty","status":"publish","type":"product","link":"https:\/\/goodwill.fi\/kauppa\/tuote\/iittala-kivi-kynttila-lyhty\/","title":{"rendered":"IITTALA KIVI &#8211; KYNTTIL\u00c4 LYHTY"},"content":{"rendered":"<p>Yleist\u00e4 tietoa: Marimekko<br \/>\nSuunnittelija: Heikki Orvola<br \/>\nValmistaja: IITTALA \/ Marimekko<br \/>\nValmistusvuosi: Ei tiedossa<br \/>\nMitat: Korkeus 6cm. Halkaisia 6.5cm<br \/>\nV\u00e4ri: Kirkas<br \/>\nMateriaali: Lasi<br \/>\nKunto: Hyv\u00e4, I-Tarra kiinni<br \/>\nHuom: IITTALA tarra tallessa<\/p>\n","protected":false},"excerpt":{"rendered":"<p>Yleist\u00e4 tietoa: Marimekko Suunnittelija: Heikki Orvola Valmistaja: IITTALA \/ Marimekko Valmistusvuosi: Ei tiedossa Mitat: Korkeus 6cm. Halkaisia 6.5cm V\u00e4ri: Kirkas Materiaali: Lasi Kunto: Hyv\u00e4, I-Tarra kiinni Huom: IITTALA tarra tallessa<\/p>\n","protected":false},"featured_media":67204,"comment_status":"open","ping_status":"closed","template":"","meta":[],"product_brand":[],"product_cat":[14854,159,146,14873,154],"product_tag":[1545,226,1408,17820,311,792],"class_list":{"0":"post-67203","1":"product","2":"type-product","3":"status-publish","4":"has-post-thumbnail","6":"product_cat-iittala","7":"product_cat-kaikki","8":"product_cat-koti-2","9":"product_cat-kynttilanjalat","10":"product_cat-sisustus-2","11":"product_tag-heikki-orvola","12":"product_tag-iittala","13":"product_tag-keraily-3","14":"product_tag-kivi-tuikku","15":"product_tag-kynttila","16":"product_tag-marimekko","18":"first","19":"instock","20":"taxable","21":"shipping-taxable","22":"purchasable","23":"product-type-simple"},"yoast_head":"<!-- This site is optimized with the Yoast SEO plugin v27.4 - https:\/\/yoast.com\/product\/yoast-seo-wordpress\/ -->\n<title>IITTALA KIVI - KYNTTIL\u00c4 LYHTY - Goodwill-verkkokauppa<\/title>\n<meta name=\"description\" content=\"Yleist\u00e4 tietoa: MarimekkoSuunnittelija: Heikki OrvolaValmistaja: IITTALA \/ MarimekkoValmistusvuosi: Ei tiedossaMitat: Korkeus 6cm. Halkaisia 6.5cmV\u00e4ri: KirkasMateriaali: LasiKunto: Hyv\u00e4, I-Tarra kiinniHuom: IITTALA tarra tallessa\" \/>\n<meta name=\"robots\" content=\"index, follow, max-snippet:-1, max-image-preview:large, max-video-preview:-1\" \/>\n<link rel=\"canonical\" href=\"https:\/\/goodwill.fi\/kauppa\/tuote\/iittala-kivi-kynttila-lyhty\/\" \/>\n<meta property=\"og:locale\" content=\"fi_FI\" \/>\n<meta property=\"og:type\" content=\"article\" \/>\n<meta property=\"og:title\" content=\"IITTALA KIVI - KYNTTIL\u00c4 LYHTY - Goodwill-verkkokauppa\" \/>\n<meta property=\"og:description\" content=\"Yleist\u00e4 tietoa: MarimekkoSuunnittelija: Heikki OrvolaValmistaja: IITTALA \/ MarimekkoValmistusvuosi: Ei tiedossaMitat: Korkeus 6cm. Halkaisia 6.5cmV\u00e4ri: KirkasMateriaali: LasiKunto: Hyv\u00e4, I-Tarra kiinniHuom: IITTALA tarra tallessa\" \/>\n<meta property=\"og:url\" content=\"https:\/\/goodwill.fi\/kauppa\/tuote\/iittala-kivi-kynttila-lyhty\/\" \/>\n<meta property=\"og:site_name\" content=\"Goodwill-verkkokauppa\" \/>\n<meta property=\"og:image\" content=\"https:\/\/goodwill.fi\/kauppa\/wp-content\/uploads\/2026\/01\/IMG_4056-scaled.jpg\" \/>\n\t<meta property=\"og:image:width\" content=\"2560\" \/>\n\t<meta property=\"og:image:height\" content=\"1707\" \/>\n\t<meta property=\"og:image:type\" content=\"image\/jpeg\" \/>\n<meta name=\"twitter:card\" content=\"summary_large_image\" \/>\n<meta name=\"twitter:label1\" content=\"Arvioitu lukuaika\" \/>\n\t<meta name=\"twitter:data1\" content=\"1 minuutti\" \/>\n<script type=\"application\/ld+json\" class=\"yoast-schema-graph\">{\"@context\":\"https:\\\/\\\/schema.org\",\"@graph\":[{\"@type\":\"WebPage\",\"@id\":\"https:\\\/\\\/goodwill.fi\\\/kauppa\\\/tuote\\\/iittala-kivi-kynttila-lyhty\\\/\",\"url\":\"https:\\\/\\\/goodwill.fi\\\/kauppa\\\/tuote\\\/iittala-kivi-kynttila-lyhty\\\/\",\"name\":\"IITTALA KIVI - KYNTTIL\u00c4 LYHTY - Goodwill-verkkokauppa\",\"isPartOf\":{\"@id\":\"https:\\\/\\\/goodwill.fi\\\/kauppa\\\/#website\"},\"primaryImageOfPage\":{\"@id\":\"https:\\\/\\\/goodwill.fi\\\/kauppa\\\/tuote\\\/iittala-kivi-kynttila-lyhty\\\/#primaryimage\"},\"image\":{\"@id\":\"https:\\\/\\\/goodwill.fi\\\/kauppa\\\/tuote\\\/iittala-kivi-kynttila-lyhty\\\/#primaryimage\"},\"thumbnailUrl\":\"https:\\\/\\\/goodwill.fi\\\/kauppa\\\/wp-content\\\/uploads\\\/2026\\\/01\\\/IMG_4056-scaled.jpg\",\"datePublished\":\"2026-01-21T06:37:24+00:00\",\"description\":\"Yleist\u00e4 tietoa: MarimekkoSuunnittelija: Heikki OrvolaValmistaja: IITTALA \\\/ MarimekkoValmistusvuosi: Ei tiedossaMitat: Korkeus 6cm. Halkaisia 6.5cmV\u00e4ri: KirkasMateriaali: LasiKunto: Hyv\u00e4, I-Tarra kiinniHuom: IITTALA tarra tallessa\",\"breadcrumb\":{\"@id\":\"https:\\\/\\\/goodwill.fi\\\/kauppa\\\/tuote\\\/iittala-kivi-kynttila-lyhty\\\/#breadcrumb\"},\"inLanguage\":\"fi\",\"potentialAction\":[{\"@type\":\"ReadAction\",\"target\":[\"https:\\\/\\\/goodwill.fi\\\/kauppa\\\/tuote\\\/iittala-kivi-kynttila-lyhty\\\/\"]}]},{\"@type\":\"ImageObject\",\"inLanguage\":\"fi\",\"@id\":\"https:\\\/\\\/goodwill.fi\\\/kauppa\\\/tuote\\\/iittala-kivi-kynttila-lyhty\\\/#primaryimage\",\"url\":\"https:\\\/\\\/goodwill.fi\\\/kauppa\\\/wp-content\\\/uploads\\\/2026\\\/01\\\/IMG_4056-scaled.jpg\",\"contentUrl\":\"https:\\\/\\\/goodwill.fi\\\/kauppa\\\/wp-content\\\/uploads\\\/2026\\\/01\\\/IMG_4056-scaled.jpg\",\"width\":2560,\"height\":1707},{\"@type\":\"BreadcrumbList\",\"@id\":\"https:\\\/\\\/goodwill.fi\\\/kauppa\\\/tuote\\\/iittala-kivi-kynttila-lyhty\\\/#breadcrumb\",\"itemListElement\":[{\"@type\":\"ListItem\",\"position\":1,\"name\":\"Home\",\"item\":\"https:\\\/\\\/goodwill.fi\\\/kauppa\\\/\"},{\"@type\":\"ListItem\",\"position\":2,\"name\":\"Shop\",\"item\":\"https:\\\/\\\/goodwill.fi\\\/kauppa\\\/shop\\\/\"},{\"@type\":\"ListItem\",\"position\":3,\"name\":\"IITTALA KIVI &#8211; KYNTTIL\u00c4 LYHTY\"}]},{\"@type\":\"WebSite\",\"@id\":\"https:\\\/\\\/goodwill.fi\\\/kauppa\\\/#website\",\"url\":\"https:\\\/\\\/goodwill.fi\\\/kauppa\\\/\",\"name\":\"Goodwill-verkkokauppa\",\"description\":\"Kierr\u00e4tysmyym\u00e4l\u00e4 verkossa\",\"publisher\":{\"@id\":\"https:\\\/\\\/goodwill.fi\\\/kauppa\\\/#organization\"},\"potentialAction\":[{\"@type\":\"SearchAction\",\"target\":{\"@type\":\"EntryPoint\",\"urlTemplate\":\"https:\\\/\\\/goodwill.fi\\\/kauppa\\\/?s={search_term_string}\"},\"query-input\":{\"@type\":\"PropertyValueSpecification\",\"valueRequired\":true,\"valueName\":\"search_term_string\"}}],\"inLanguage\":\"fi\"},{\"@type\":\"Organization\",\"@id\":\"https:\\\/\\\/goodwill.fi\\\/kauppa\\\/#organization\",\"name\":\"Goodwill-verkkokauppa\",\"url\":\"https:\\\/\\\/goodwill.fi\\\/kauppa\\\/\",\"logo\":{\"@type\":\"ImageObject\",\"inLanguage\":\"fi\",\"@id\":\"https:\\\/\\\/goodwill.fi\\\/kauppa\\\/#\\\/schema\\\/logo\\\/image\\\/\",\"url\":\"https:\\\/\\\/goodwill.fi\\\/kauppa\\\/wp-content\\\/uploads\\\/2021\\\/02\\\/cropped-logo_gw_store-723x211-1.png\",\"contentUrl\":\"https:\\\/\\\/goodwill.fi\\\/kauppa\\\/wp-content\\\/uploads\\\/2021\\\/02\\\/cropped-logo_gw_store-723x211-1.png\",\"width\":723,\"height\":207,\"caption\":\"Goodwill-verkkokauppa\"},\"image\":{\"@id\":\"https:\\\/\\\/goodwill.fi\\\/kauppa\\\/#\\\/schema\\\/logo\\\/image\\\/\"}}]}<\/script>\n<!-- \/ Yoast SEO plugin. -->","yoast_head_json":{"title":"IITTALA KIVI - KYNTTIL\u00c4 LYHTY - Goodwill-verkkokauppa","description":"Yleist\u00e4 tietoa: MarimekkoSuunnittelija: Heikki OrvolaValmistaja: IITTALA \/ MarimekkoValmistusvuosi: Ei tiedossaMitat: Korkeus 6cm. Halkaisia 6.5cmV\u00e4ri: KirkasMateriaali: LasiKunto: Hyv\u00e4, I-Tarra kiinniHuom: IITTALA tarra tallessa","robots":{"index":"index","follow":"follow","max-snippet":"max-snippet:-1","max-image-preview":"max-image-preview:large","max-video-preview":"max-video-preview:-1"},"canonical":"https:\/\/goodwill.fi\/kauppa\/tuote\/iittala-kivi-kynttila-lyhty\/","og_locale":"fi_FI","og_type":"article","og_title":"IITTALA KIVI - KYNTTIL\u00c4 LYHTY - Goodwill-verkkokauppa","og_description":"Yleist\u00e4 tietoa: MarimekkoSuunnittelija: Heikki OrvolaValmistaja: IITTALA \/ MarimekkoValmistusvuosi: Ei tiedossaMitat: Korkeus 6cm. Halkaisia 6.5cmV\u00e4ri: KirkasMateriaali: LasiKunto: Hyv\u00e4, I-Tarra kiinniHuom: IITTALA tarra tallessa","og_url":"https:\/\/goodwill.fi\/kauppa\/tuote\/iittala-kivi-kynttila-lyhty\/","og_site_name":"Goodwill-verkkokauppa","og_image":[{"width":2560,"height":1707,"url":"https:\/\/goodwill.fi\/kauppa\/wp-content\/uploads\/2026\/01\/IMG_4056-scaled.jpg","type":"image\/jpeg"}],"twitter_card":"summary_large_image","twitter_misc":{"Arvioitu lukuaika":"1 minuutti"},"schema":{"@context":"https:\/\/schema.org","@graph":[{"@type":"WebPage","@id":"https:\/\/goodwill.fi\/kauppa\/tuote\/iittala-kivi-kynttila-lyhty\/","url":"https:\/\/goodwill.fi\/kauppa\/tuote\/iittala-kivi-kynttila-lyhty\/","name":"IITTALA KIVI - KYNTTIL\u00c4 LYHTY - Goodwill-verkkokauppa","isPartOf":{"@id":"https:\/\/goodwill.fi\/kauppa\/#website"},"primaryImageOfPage":{"@id":"https:\/\/goodwill.fi\/kauppa\/tuote\/iittala-kivi-kynttila-lyhty\/#primaryimage"},"image":{"@id":"https:\/\/goodwill.fi\/kauppa\/tuote\/iittala-kivi-kynttila-lyhty\/#primaryimage"},"thumbnailUrl":"https:\/\/goodwill.fi\/kauppa\/wp-content\/uploads\/2026\/01\/IMG_4056-scaled.jpg","datePublished":"2026-01-21T06:37:24+00:00","description":"Yleist\u00e4 tietoa: MarimekkoSuunnittelija: Heikki OrvolaValmistaja: IITTALA \/ MarimekkoValmistusvuosi: Ei tiedossaMitat: Korkeus 6cm. Halkaisia 6.5cmV\u00e4ri: KirkasMateriaali: LasiKunto: Hyv\u00e4, I-Tarra kiinniHuom: IITTALA tarra tallessa","breadcrumb":{"@id":"https:\/\/goodwill.fi\/kauppa\/tuote\/iittala-kivi-kynttila-lyhty\/#breadcrumb"},"inLanguage":"fi","potentialAction":[{"@type":"ReadAction","target":["https:\/\/goodwill.fi\/kauppa\/tuote\/iittala-kivi-kynttila-lyhty\/"]}]},{"@type":"ImageObject","inLanguage":"fi","@id":"https:\/\/goodwill.fi\/kauppa\/tuote\/iittala-kivi-kynttila-lyhty\/#primaryimage","url":"https:\/\/goodwill.fi\/kauppa\/wp-content\/uploads\/2026\/01\/IMG_4056-scaled.jpg","contentUrl":"https:\/\/goodwill.fi\/kauppa\/wp-content\/uploads\/2026\/01\/IMG_4056-scaled.jpg","width":2560,"height":1707},{"@type":"BreadcrumbList","@id":"https:\/\/goodwill.fi\/kauppa\/tuote\/iittala-kivi-kynttila-lyhty\/#breadcrumb","itemListElement":[{"@type":"ListItem","position":1,"name":"Home","item":"https:\/\/goodwill.fi\/kauppa\/"},{"@type":"ListItem","position":2,"name":"Shop","item":"https:\/\/goodwill.fi\/kauppa\/shop\/"},{"@type":"ListItem","position":3,"name":"IITTALA KIVI &#8211; KYNTTIL\u00c4 LYHTY"}]},{"@type":"WebSite","@id":"https:\/\/goodwill.fi\/kauppa\/#website","url":"https:\/\/goodwill.fi\/kauppa\/","name":"Goodwill-verkkokauppa","description":"Kierr\u00e4tysmyym\u00e4l\u00e4 verkossa","publisher":{"@id":"https:\/\/goodwill.fi\/kauppa\/#organization"},"potentialAction":[{"@type":"SearchAction","target":{"@type":"EntryPoint","urlTemplate":"https:\/\/goodwill.fi\/kauppa\/?s={search_term_string}"},"query-input":{"@type":"PropertyValueSpecification","valueRequired":true,"valueName":"search_term_string"}}],"inLanguage":"fi"},{"@type":"Organization","@id":"https:\/\/goodwill.fi\/kauppa\/#organization","name":"Goodwill-verkkokauppa","url":"https:\/\/goodwill.fi\/kauppa\/","logo":{"@type":"ImageObject","inLanguage":"fi","@id":"https:\/\/goodwill.fi\/kauppa\/#\/schema\/logo\/image\/","url":"https:\/\/goodwill.fi\/kauppa\/wp-content\/uploads\/2021\/02\/cropped-logo_gw_store-723x211-1.png","contentUrl":"https:\/\/goodwill.fi\/kauppa\/wp-content\/uploads\/2021\/02\/cropped-logo_gw_store-723x211-1.png","width":723,"height":207,"caption":"Goodwill-verkkokauppa"},"image":{"@id":"https:\/\/goodwill.fi\/kauppa\/#\/schema\/logo\/image\/"}}]}},"_links":{"self":[{"href":"https:\/\/goodwill.fi\/kauppa\/wp-json\/wp\/v2\/product\/67203","targetHints":{"allow":["GET"]}}],"collection":[{"href":"https:\/\/goodwill.fi\/kauppa\/wp-json\/wp\/v2\/product"}],"about":[{"href":"https:\/\/goodwill.fi\/kauppa\/wp-json\/wp\/v2\/types\/product"}],"replies":[{"embeddable":true,"href":"https:\/\/goodwill.fi\/kauppa\/wp-json\/wp\/v2\/comments?post=67203"}],"wp:featuredmedia":[{"embeddable":true,"href":"https:\/\/goodwill.fi\/kauppa\/wp-json\/wp\/v2\/media\/67204"}],"wp:attachment":[{"href":"https:\/\/goodwill.fi\/kauppa\/wp-json\/wp\/v2\/media?parent=67203"}],"wp:term":[{"taxonomy":"product_brand","embeddable":true,"href":"https:\/\/goodwill.fi\/kauppa\/wp-json\/wp\/v2\/product_brand?post=67203"},{"taxonomy":"product_cat","embeddable":true,"href":"https:\/\/goodwill.fi\/kauppa\/wp-json\/wp\/v2\/product_cat?post=67203"},{"taxonomy":"product_tag","embeddable":true,"href":"https:\/\/goodwill.fi\/kauppa\/wp-json\/wp\/v2\/product_tag?post=67203"}],"curies":[{"name":"wp","href":"https:\/\/api.w.org\/{rel}","templated":true}]}}