{"id":6363,"date":"2022-09-19T10:56:19","date_gmt":"2022-09-19T07:56:19","guid":{"rendered":"https:\/\/goodwill.fi\/kauppa\/?post_type=product&#038;p=6363"},"modified":"2022-09-29T14:44:42","modified_gmt":"2022-09-29T11:44:42","slug":"arabia-sointu-teekuppi-rosa-kaj-franck","status":"publish","type":"product","link":"https:\/\/goodwill.fi\/kauppa\/tuote\/arabia-sointu-teekuppi-rosa-kaj-franck\/","title":{"rendered":"ARABIA, SOINTU TEEKUPPI, ROSA, KAJ FRANCK"},"content":{"rendered":"<p>Kaj Franckin suunnittelema Arabian Sointu-teekuppi s\u00e4vyss\u00e4 rosa<br \/>\nSuunnittelija: Kaj Franck<br \/>\nValmistaja: Arabia<br \/>\nValmistusvuosi: 1960-luku<br \/>\nMitat:\u00a0Korkeus 6 cm, halkaisija 10,5 cm, paino 135 g<br \/>\nV\u00e4ri: rosa, vaaleanpunainen<br \/>\nMateriaali: s\u00e4vyposliini<br \/>\nKunto: k\u00e4ytetty, k\u00e4yt\u00f6nj\u00e4lke\u00e4<br \/>\nHuom: tuotteet myyd\u00e4\u00e4n kappaleittain<\/p>\n","protected":false},"excerpt":{"rendered":"<p>Kaj Franckin suunnittelema Arabian Sointu-teekuppi s\u00e4vyss\u00e4 rosa Suunnittelija: Kaj Franck Valmistaja: Arabia Valmistusvuosi: 1960-luku Mitat:\u00a0Korkeus 6 cm, halkaisija 10,5 cm, paino 135 g V\u00e4ri: rosa, vaaleanpunainen Materiaali: s\u00e4vyposliini Kunto: k\u00e4ytetty, k\u00e4yt\u00f6nj\u00e4lke\u00e4 Huom: tuotteet myyd\u00e4\u00e4n kappaleittain<\/p>\n","protected":false},"featured_media":6278,"comment_status":"open","ping_status":"closed","template":"","meta":[],"product_brand":[],"product_cat":[159,166,184,146],"product_tag":[206,4096,355,4098,314,4097,2018,2196,2328],"class_list":{"0":"post-6363","1":"product","2":"type-product","3":"status-publish","4":"has-post-thumbnail","6":"product_cat-kaikki","7":"product_cat-astiat-2","8":"product_cat-muu-keraily-2","9":"product_cat-koti-2","10":"product_tag-arabia","11":"product_tag-franck-kahvikuppi","12":"product_tag-kaj","13":"product_tag-kot01364","14":"product_tag-kuppi","15":"product_tag-rosa","16":"product_tag-sointu","17":"product_tag-teekuppi","18":"product_tag-vaaleanpunainen","20":"first","21":"outofstock","22":"taxable","23":"shipping-taxable","24":"purchasable","25":"product-type-simple"},"yoast_head":"<!-- This site is optimized with the Yoast SEO plugin v27.1.1 - https:\/\/yoast.com\/product\/yoast-seo-wordpress\/ -->\n<title>ARABIA, SOINTU TEEKUPPI, ROSA, KAJ FRANCK - Goodwill-verkkokauppa<\/title>\n<meta name=\"description\" content=\"Kaj Franckin suunnittelema Arabian Sointu-teekuppi s\u00e4vyss\u00e4 rosa Suunnittelija: Kaj Franck Valmistaja: Arabia Valmistusvuosi: 1960-luku Mitat:\u00a0Korkeus 6 cm, halkaisija 10,5 cm, paino 135 g\" \/>\n<meta name=\"robots\" content=\"index, follow, max-snippet:-1, max-image-preview:large, max-video-preview:-1\" \/>\n<link rel=\"canonical\" href=\"https:\/\/goodwill.fi\/kauppa\/tuote\/arabia-sointu-teekuppi-rosa-kaj-franck\/\" \/>\n<meta property=\"og:locale\" content=\"fi_FI\" \/>\n<meta property=\"og:type\" content=\"article\" \/>\n<meta property=\"og:title\" content=\"ARABIA, SOINTU TEEKUPPI, ROSA, KAJ FRANCK - Goodwill-verkkokauppa\" \/>\n<meta property=\"og:description\" content=\"Kaj Franckin suunnittelema Arabian Sointu-teekuppi s\u00e4vyss\u00e4 rosa Suunnittelija: Kaj Franck Valmistaja: Arabia Valmistusvuosi: 1960-luku Mitat:\u00a0Korkeus 6 cm, halkaisija 10,5 cm, paino 135 g\" \/>\n<meta property=\"og:url\" content=\"https:\/\/goodwill.fi\/kauppa\/tuote\/arabia-sointu-teekuppi-rosa-kaj-franck\/\" \/>\n<meta property=\"og:site_name\" content=\"Goodwill-verkkokauppa\" \/>\n<meta property=\"article:modified_time\" content=\"2022-09-29T11:44:42+00:00\" \/>\n<meta property=\"og:image\" content=\"https:\/\/goodwill.fi\/kauppa\/wp-content\/uploads\/2022\/09\/IMG_0408-scaled.jpg\" \/>\n\t<meta property=\"og:image:width\" content=\"2560\" \/>\n\t<meta property=\"og:image:height\" content=\"1707\" \/>\n\t<meta property=\"og:image:type\" content=\"image\/jpeg\" \/>\n<meta name=\"twitter:card\" content=\"summary_large_image\" \/>\n<meta name=\"twitter:label1\" content=\"Arvioitu lukuaika\" \/>\n\t<meta name=\"twitter:data1\" content=\"1 minuutti\" \/>\n<script type=\"application\/ld+json\" class=\"yoast-schema-graph\">{\"@context\":\"https:\/\/schema.org\",\"@graph\":[{\"@type\":\"WebPage\",\"@id\":\"https:\/\/goodwill.fi\/kauppa\/tuote\/arabia-sointu-teekuppi-rosa-kaj-franck\/\",\"url\":\"https:\/\/goodwill.fi\/kauppa\/tuote\/arabia-sointu-teekuppi-rosa-kaj-franck\/\",\"name\":\"ARABIA, SOINTU TEEKUPPI, ROSA, KAJ FRANCK - Goodwill-verkkokauppa\",\"isPartOf\":{\"@id\":\"https:\/\/goodwill.fi\/kauppa\/#website\"},\"primaryImageOfPage\":{\"@id\":\"https:\/\/goodwill.fi\/kauppa\/tuote\/arabia-sointu-teekuppi-rosa-kaj-franck\/#primaryimage\"},\"image\":{\"@id\":\"https:\/\/goodwill.fi\/kauppa\/tuote\/arabia-sointu-teekuppi-rosa-kaj-franck\/#primaryimage\"},\"thumbnailUrl\":\"https:\/\/goodwill.fi\/kauppa\/wp-content\/uploads\/2022\/09\/IMG_0408-scaled.jpg\",\"datePublished\":\"2022-09-19T07:56:19+00:00\",\"dateModified\":\"2022-09-29T11:44:42+00:00\",\"description\":\"Kaj Franckin suunnittelema Arabian Sointu-teekuppi s\u00e4vyss\u00e4 rosa Suunnittelija: Kaj Franck Valmistaja: Arabia Valmistusvuosi: 1960-luku Mitat:\u00a0Korkeus 6 cm, halkaisija 10,5 cm, paino 135 g\",\"breadcrumb\":{\"@id\":\"https:\/\/goodwill.fi\/kauppa\/tuote\/arabia-sointu-teekuppi-rosa-kaj-franck\/#breadcrumb\"},\"inLanguage\":\"fi\",\"potentialAction\":[{\"@type\":\"ReadAction\",\"target\":[\"https:\/\/goodwill.fi\/kauppa\/tuote\/arabia-sointu-teekuppi-rosa-kaj-franck\/\"]}]},{\"@type\":\"ImageObject\",\"inLanguage\":\"fi\",\"@id\":\"https:\/\/goodwill.fi\/kauppa\/tuote\/arabia-sointu-teekuppi-rosa-kaj-franck\/#primaryimage\",\"url\":\"https:\/\/goodwill.fi\/kauppa\/wp-content\/uploads\/2022\/09\/IMG_0408-scaled.jpg\",\"contentUrl\":\"https:\/\/goodwill.fi\/kauppa\/wp-content\/uploads\/2022\/09\/IMG_0408-scaled.jpg\",\"width\":2560,\"height\":1707},{\"@type\":\"BreadcrumbList\",\"@id\":\"https:\/\/goodwill.fi\/kauppa\/tuote\/arabia-sointu-teekuppi-rosa-kaj-franck\/#breadcrumb\",\"itemListElement\":[{\"@type\":\"ListItem\",\"position\":1,\"name\":\"Home\",\"item\":\"https:\/\/goodwill.fi\/kauppa\/\"},{\"@type\":\"ListItem\",\"position\":2,\"name\":\"Shop\",\"item\":\"https:\/\/goodwill.fi\/kauppa\/shop\/\"},{\"@type\":\"ListItem\",\"position\":3,\"name\":\"ARABIA, SOINTU TEEKUPPI, ROSA, KAJ FRANCK\"}]},{\"@type\":\"WebSite\",\"@id\":\"https:\/\/goodwill.fi\/kauppa\/#website\",\"url\":\"https:\/\/goodwill.fi\/kauppa\/\",\"name\":\"Goodwill-verkkokauppa\",\"description\":\"Kierr\u00e4tysmyym\u00e4l\u00e4 verkossa\",\"publisher\":{\"@id\":\"https:\/\/goodwill.fi\/kauppa\/#organization\"},\"potentialAction\":[{\"@type\":\"SearchAction\",\"target\":{\"@type\":\"EntryPoint\",\"urlTemplate\":\"https:\/\/goodwill.fi\/kauppa\/?s={search_term_string}\"},\"query-input\":{\"@type\":\"PropertyValueSpecification\",\"valueRequired\":true,\"valueName\":\"search_term_string\"}}],\"inLanguage\":\"fi\"},{\"@type\":\"Organization\",\"@id\":\"https:\/\/goodwill.fi\/kauppa\/#organization\",\"name\":\"Goodwill-verkkokauppa\",\"url\":\"https:\/\/goodwill.fi\/kauppa\/\",\"logo\":{\"@type\":\"ImageObject\",\"inLanguage\":\"fi\",\"@id\":\"https:\/\/goodwill.fi\/kauppa\/#\/schema\/logo\/image\/\",\"url\":\"https:\/\/goodwill.fi\/kauppa\/wp-content\/uploads\/2021\/02\/cropped-logo_gw_store-723x211-1.png\",\"contentUrl\":\"https:\/\/goodwill.fi\/kauppa\/wp-content\/uploads\/2021\/02\/cropped-logo_gw_store-723x211-1.png\",\"width\":723,\"height\":207,\"caption\":\"Goodwill-verkkokauppa\"},\"image\":{\"@id\":\"https:\/\/goodwill.fi\/kauppa\/#\/schema\/logo\/image\/\"}}]}<\/script>\n<!-- \/ Yoast SEO plugin. -->","yoast_head_json":{"title":"ARABIA, SOINTU TEEKUPPI, ROSA, KAJ FRANCK - Goodwill-verkkokauppa","description":"Kaj Franckin suunnittelema Arabian Sointu-teekuppi s\u00e4vyss\u00e4 rosa Suunnittelija: Kaj Franck Valmistaja: Arabia Valmistusvuosi: 1960-luku Mitat:\u00a0Korkeus 6 cm, halkaisija 10,5 cm, paino 135 g","robots":{"index":"index","follow":"follow","max-snippet":"max-snippet:-1","max-image-preview":"max-image-preview:large","max-video-preview":"max-video-preview:-1"},"canonical":"https:\/\/goodwill.fi\/kauppa\/tuote\/arabia-sointu-teekuppi-rosa-kaj-franck\/","og_locale":"fi_FI","og_type":"article","og_title":"ARABIA, SOINTU TEEKUPPI, ROSA, KAJ FRANCK - Goodwill-verkkokauppa","og_description":"Kaj Franckin suunnittelema Arabian Sointu-teekuppi s\u00e4vyss\u00e4 rosa Suunnittelija: Kaj Franck Valmistaja: Arabia Valmistusvuosi: 1960-luku Mitat:\u00a0Korkeus 6 cm, halkaisija 10,5 cm, paino 135 g","og_url":"https:\/\/goodwill.fi\/kauppa\/tuote\/arabia-sointu-teekuppi-rosa-kaj-franck\/","og_site_name":"Goodwill-verkkokauppa","article_modified_time":"2022-09-29T11:44:42+00:00","og_image":[{"width":2560,"height":1707,"url":"https:\/\/goodwill.fi\/kauppa\/wp-content\/uploads\/2022\/09\/IMG_0408-scaled.jpg","type":"image\/jpeg"}],"twitter_card":"summary_large_image","twitter_misc":{"Arvioitu lukuaika":"1 minuutti"},"schema":{"@context":"https:\/\/schema.org","@graph":[{"@type":"WebPage","@id":"https:\/\/goodwill.fi\/kauppa\/tuote\/arabia-sointu-teekuppi-rosa-kaj-franck\/","url":"https:\/\/goodwill.fi\/kauppa\/tuote\/arabia-sointu-teekuppi-rosa-kaj-franck\/","name":"ARABIA, SOINTU TEEKUPPI, ROSA, KAJ FRANCK - Goodwill-verkkokauppa","isPartOf":{"@id":"https:\/\/goodwill.fi\/kauppa\/#website"},"primaryImageOfPage":{"@id":"https:\/\/goodwill.fi\/kauppa\/tuote\/arabia-sointu-teekuppi-rosa-kaj-franck\/#primaryimage"},"image":{"@id":"https:\/\/goodwill.fi\/kauppa\/tuote\/arabia-sointu-teekuppi-rosa-kaj-franck\/#primaryimage"},"thumbnailUrl":"https:\/\/goodwill.fi\/kauppa\/wp-content\/uploads\/2022\/09\/IMG_0408-scaled.jpg","datePublished":"2022-09-19T07:56:19+00:00","dateModified":"2022-09-29T11:44:42+00:00","description":"Kaj Franckin suunnittelema Arabian Sointu-teekuppi s\u00e4vyss\u00e4 rosa Suunnittelija: Kaj Franck Valmistaja: Arabia Valmistusvuosi: 1960-luku Mitat:\u00a0Korkeus 6 cm, halkaisija 10,5 cm, paino 135 g","breadcrumb":{"@id":"https:\/\/goodwill.fi\/kauppa\/tuote\/arabia-sointu-teekuppi-rosa-kaj-franck\/#breadcrumb"},"inLanguage":"fi","potentialAction":[{"@type":"ReadAction","target":["https:\/\/goodwill.fi\/kauppa\/tuote\/arabia-sointu-teekuppi-rosa-kaj-franck\/"]}]},{"@type":"ImageObject","inLanguage":"fi","@id":"https:\/\/goodwill.fi\/kauppa\/tuote\/arabia-sointu-teekuppi-rosa-kaj-franck\/#primaryimage","url":"https:\/\/goodwill.fi\/kauppa\/wp-content\/uploads\/2022\/09\/IMG_0408-scaled.jpg","contentUrl":"https:\/\/goodwill.fi\/kauppa\/wp-content\/uploads\/2022\/09\/IMG_0408-scaled.jpg","width":2560,"height":1707},{"@type":"BreadcrumbList","@id":"https:\/\/goodwill.fi\/kauppa\/tuote\/arabia-sointu-teekuppi-rosa-kaj-franck\/#breadcrumb","itemListElement":[{"@type":"ListItem","position":1,"name":"Home","item":"https:\/\/goodwill.fi\/kauppa\/"},{"@type":"ListItem","position":2,"name":"Shop","item":"https:\/\/goodwill.fi\/kauppa\/shop\/"},{"@type":"ListItem","position":3,"name":"ARABIA, SOINTU TEEKUPPI, ROSA, KAJ FRANCK"}]},{"@type":"WebSite","@id":"https:\/\/goodwill.fi\/kauppa\/#website","url":"https:\/\/goodwill.fi\/kauppa\/","name":"Goodwill-verkkokauppa","description":"Kierr\u00e4tysmyym\u00e4l\u00e4 verkossa","publisher":{"@id":"https:\/\/goodwill.fi\/kauppa\/#organization"},"potentialAction":[{"@type":"SearchAction","target":{"@type":"EntryPoint","urlTemplate":"https:\/\/goodwill.fi\/kauppa\/?s={search_term_string}"},"query-input":{"@type":"PropertyValueSpecification","valueRequired":true,"valueName":"search_term_string"}}],"inLanguage":"fi"},{"@type":"Organization","@id":"https:\/\/goodwill.fi\/kauppa\/#organization","name":"Goodwill-verkkokauppa","url":"https:\/\/goodwill.fi\/kauppa\/","logo":{"@type":"ImageObject","inLanguage":"fi","@id":"https:\/\/goodwill.fi\/kauppa\/#\/schema\/logo\/image\/","url":"https:\/\/goodwill.fi\/kauppa\/wp-content\/uploads\/2021\/02\/cropped-logo_gw_store-723x211-1.png","contentUrl":"https:\/\/goodwill.fi\/kauppa\/wp-content\/uploads\/2021\/02\/cropped-logo_gw_store-723x211-1.png","width":723,"height":207,"caption":"Goodwill-verkkokauppa"},"image":{"@id":"https:\/\/goodwill.fi\/kauppa\/#\/schema\/logo\/image\/"}}]}},"_links":{"self":[{"href":"https:\/\/goodwill.fi\/kauppa\/wp-json\/wp\/v2\/product\/6363","targetHints":{"allow":["GET"]}}],"collection":[{"href":"https:\/\/goodwill.fi\/kauppa\/wp-json\/wp\/v2\/product"}],"about":[{"href":"https:\/\/goodwill.fi\/kauppa\/wp-json\/wp\/v2\/types\/product"}],"replies":[{"embeddable":true,"href":"https:\/\/goodwill.fi\/kauppa\/wp-json\/wp\/v2\/comments?post=6363"}],"wp:featuredmedia":[{"embeddable":true,"href":"https:\/\/goodwill.fi\/kauppa\/wp-json\/wp\/v2\/media\/6278"}],"wp:attachment":[{"href":"https:\/\/goodwill.fi\/kauppa\/wp-json\/wp\/v2\/media?parent=6363"}],"wp:term":[{"taxonomy":"product_brand","embeddable":true,"href":"https:\/\/goodwill.fi\/kauppa\/wp-json\/wp\/v2\/product_brand?post=6363"},{"taxonomy":"product_cat","embeddable":true,"href":"https:\/\/goodwill.fi\/kauppa\/wp-json\/wp\/v2\/product_cat?post=6363"},{"taxonomy":"product_tag","embeddable":true,"href":"https:\/\/goodwill.fi\/kauppa\/wp-json\/wp\/v2\/product_tag?post=6363"}],"curies":[{"name":"wp","href":"https:\/\/api.w.org\/{rel}","templated":true}]}}