{"id":55177,"date":"2025-07-10T10:23:35","date_gmt":"2025-07-10T07:23:35","guid":{"rendered":"https:\/\/goodwill.fi\/kauppa\/?post_type=product&#038;p=55177"},"modified":"2025-07-10T11:07:52","modified_gmt":"2025-07-10T08:07:52","slug":"lomonosov-teeastiasto-16-osainen","status":"publish","type":"product","link":"https:\/\/goodwill.fi\/kauppa\/tuote\/lomonosov-teeastiasto-16-osainen\/","title":{"rendered":"LOMONOSOV TEEASTIASTO, 16-OSAINEN"},"content":{"rendered":"<p>Valmistaja: Lomonosov<br \/>\nMitat kuppi: korkeus 6.5 cm, halkaisija 9.5 cm, paino 105 g<br \/>\nMitat tassi: korkeus 2 cm, halkaisija 14.5 cm, paino 140 g<br \/>\nMitat pullalautanen: korkeus 2.5 cm, halkaisija 18 cm, paino 220 g<br \/>\nMitat sokerikko: korkeus 12.5 cm, halkaisija 11 cm, paino 325 g<br \/>\nMitat kermakko: korkeus 10.5 cm, halkaisija 9 cm, paino 195 g<br \/>\nMitat tarjoilulautanen: korkeus 4.5 cm, halkaisija 21 cm, paino 380 g<br \/>\nMitat kannu: korkeus 15.5 cm, halkaisija 12 cm, leveys sangan ja nokan kera 20 cm, paino 585 g<br \/>\nV\u00e4ri: valkoinen, koristelu sininen ja kullanv\u00e4rinen<br \/>\nMateriaali: posliini<br \/>\nKunto: ehj\u00e4t, hyvin v\u00e4h\u00e4n k\u00e4yt\u00f6n j\u00e4lki\u00e4, suurin osa astioista l\u00e4hes uudenveroisia<br \/>\nHuom: myyd\u00e4\u00e4n nelj\u00e4n kupin, nelj\u00e4n tassin, nelj\u00e4n pullalautasen, yhden kermakon, yhden sokerikon, yhden tarjoilulautasen ja yhden kannun settin\u00e4<\/p>\n","protected":false},"excerpt":{"rendered":"<p>Valmistaja: Lomonosov Mitat kuppi: korkeus 6.5 cm, halkaisija 9.5 cm, paino 105 g Mitat tassi: korkeus 2 cm, halkaisija 14.5 cm, paino 140 g Mitat pullalautanen: korkeus 2.5 cm, halkaisija 18 cm, paino 220 g Mitat sokerikko: korkeus 12.5 cm, halkaisija 11 cm, paino 325 g Mitat kermakko: korkeus 10.5 cm, halkaisija 9 cm, paino [&hellip;]<\/p>\n","protected":false},"featured_media":55212,"comment_status":"open","ping_status":"closed","template":"","meta":[],"product_brand":[14731],"product_cat":[14866,166,159,14862,14857],"product_tag":[1134,289,563,16105,224,215,47,1004,910,9111,205],"class_list":{"0":"post-55177","1":"product","2":"type-product","3":"status-publish","4":"has-post-thumbnail","6":"product_brand-lomonosov","7":"product_cat-astiastot","8":"product_cat-astiat-2","9":"product_cat-kaikki","10":"product_cat-kupit-lasit","11":"product_cat-lomonosov","12":"product_tag-astiasto","13":"product_tag-kahvikuppi","14":"product_tag-kannu","15":"product_tag-kot06054","16":"product_tag-lautanen","17":"product_tag-lomonosov","18":"product_tag-posliini","19":"product_tag-tarjoilulautanen","20":"product_tag-tassi","21":"product_tag-teeastiasto","22":"product_tag-teekannu","24":"first","25":"instock","26":"taxable","27":"shipping-taxable","28":"purchasable","29":"product-type-simple"},"yoast_head":"<!-- This site is optimized with the Yoast SEO plugin v27.4 - https:\/\/yoast.com\/product\/yoast-seo-wordpress\/ -->\n<title>LOMONOSOV TEEASTIASTO, 16-OSAINEN - Goodwill-verkkokauppa<\/title>\n<meta name=\"description\" content=\"Hyv\u00e4kuntoinen 16-osainen teeastiasto Valmistaja: Lomonosov\u00a0(Neuvostoliitto) V\u00e4ri: valkoinen, koristelu sininen ja kullanv\u00e4rinen Materiaali: posliini\" \/>\n<meta name=\"robots\" content=\"index, follow, max-snippet:-1, max-image-preview:large, max-video-preview:-1\" \/>\n<link rel=\"canonical\" href=\"https:\/\/goodwill.fi\/kauppa\/tuote\/lomonosov-teeastiasto-16-osainen\/\" \/>\n<meta property=\"og:locale\" content=\"fi_FI\" \/>\n<meta property=\"og:type\" content=\"article\" \/>\n<meta property=\"og:title\" content=\"LOMONOSOV TEEASTIASTO, 16-OSAINEN - Goodwill-verkkokauppa\" \/>\n<meta property=\"og:description\" content=\"Hyv\u00e4kuntoinen 16-osainen teeastiasto Valmistaja: Lomonosov\u00a0(Neuvostoliitto) V\u00e4ri: valkoinen, koristelu sininen ja kullanv\u00e4rinen Materiaali: posliini\" \/>\n<meta property=\"og:url\" content=\"https:\/\/goodwill.fi\/kauppa\/tuote\/lomonosov-teeastiasto-16-osainen\/\" \/>\n<meta property=\"og:site_name\" content=\"Goodwill-verkkokauppa\" \/>\n<meta property=\"article:modified_time\" content=\"2025-07-10T08:07:52+00:00\" \/>\n<meta property=\"og:image\" content=\"https:\/\/goodwill.fi\/kauppa\/wp-content\/uploads\/2025\/07\/IMG_9776-1.jpg\" \/>\n\t<meta property=\"og:image:width\" content=\"1160\" \/>\n\t<meta property=\"og:image:height\" content=\"1443\" \/>\n\t<meta property=\"og:image:type\" content=\"image\/jpeg\" \/>\n<meta name=\"twitter:card\" content=\"summary_large_image\" \/>\n<meta name=\"twitter:label1\" content=\"Arvioitu lukuaika\" \/>\n\t<meta name=\"twitter:data1\" content=\"1 minuutti\" \/>\n<script type=\"application\/ld+json\" class=\"yoast-schema-graph\">{\"@context\":\"https:\\\/\\\/schema.org\",\"@graph\":[{\"@type\":\"WebPage\",\"@id\":\"https:\\\/\\\/goodwill.fi\\\/kauppa\\\/tuote\\\/lomonosov-teeastiasto-16-osainen\\\/\",\"url\":\"https:\\\/\\\/goodwill.fi\\\/kauppa\\\/tuote\\\/lomonosov-teeastiasto-16-osainen\\\/\",\"name\":\"LOMONOSOV TEEASTIASTO, 16-OSAINEN - Goodwill-verkkokauppa\",\"isPartOf\":{\"@id\":\"https:\\\/\\\/goodwill.fi\\\/kauppa\\\/#website\"},\"primaryImageOfPage\":{\"@id\":\"https:\\\/\\\/goodwill.fi\\\/kauppa\\\/tuote\\\/lomonosov-teeastiasto-16-osainen\\\/#primaryimage\"},\"image\":{\"@id\":\"https:\\\/\\\/goodwill.fi\\\/kauppa\\\/tuote\\\/lomonosov-teeastiasto-16-osainen\\\/#primaryimage\"},\"thumbnailUrl\":\"https:\\\/\\\/goodwill.fi\\\/kauppa\\\/wp-content\\\/uploads\\\/2025\\\/07\\\/IMG_9776-1.jpg\",\"datePublished\":\"2025-07-10T07:23:35+00:00\",\"dateModified\":\"2025-07-10T08:07:52+00:00\",\"description\":\"Hyv\u00e4kuntoinen 16-osainen teeastiasto Valmistaja: Lomonosov\u00a0(Neuvostoliitto) V\u00e4ri: valkoinen, koristelu sininen ja kullanv\u00e4rinen Materiaali: posliini\",\"breadcrumb\":{\"@id\":\"https:\\\/\\\/goodwill.fi\\\/kauppa\\\/tuote\\\/lomonosov-teeastiasto-16-osainen\\\/#breadcrumb\"},\"inLanguage\":\"fi\",\"potentialAction\":[{\"@type\":\"ReadAction\",\"target\":[\"https:\\\/\\\/goodwill.fi\\\/kauppa\\\/tuote\\\/lomonosov-teeastiasto-16-osainen\\\/\"]}]},{\"@type\":\"ImageObject\",\"inLanguage\":\"fi\",\"@id\":\"https:\\\/\\\/goodwill.fi\\\/kauppa\\\/tuote\\\/lomonosov-teeastiasto-16-osainen\\\/#primaryimage\",\"url\":\"https:\\\/\\\/goodwill.fi\\\/kauppa\\\/wp-content\\\/uploads\\\/2025\\\/07\\\/IMG_9776-1.jpg\",\"contentUrl\":\"https:\\\/\\\/goodwill.fi\\\/kauppa\\\/wp-content\\\/uploads\\\/2025\\\/07\\\/IMG_9776-1.jpg\",\"width\":1160,\"height\":1443},{\"@type\":\"BreadcrumbList\",\"@id\":\"https:\\\/\\\/goodwill.fi\\\/kauppa\\\/tuote\\\/lomonosov-teeastiasto-16-osainen\\\/#breadcrumb\",\"itemListElement\":[{\"@type\":\"ListItem\",\"position\":1,\"name\":\"Home\",\"item\":\"https:\\\/\\\/goodwill.fi\\\/kauppa\\\/\"},{\"@type\":\"ListItem\",\"position\":2,\"name\":\"Shop\",\"item\":\"https:\\\/\\\/goodwill.fi\\\/kauppa\\\/shop\\\/\"},{\"@type\":\"ListItem\",\"position\":3,\"name\":\"LOMONOSOV TEEASTIASTO, 16-OSAINEN\"}]},{\"@type\":\"WebSite\",\"@id\":\"https:\\\/\\\/goodwill.fi\\\/kauppa\\\/#website\",\"url\":\"https:\\\/\\\/goodwill.fi\\\/kauppa\\\/\",\"name\":\"Goodwill-verkkokauppa\",\"description\":\"Kierr\u00e4tysmyym\u00e4l\u00e4 verkossa\",\"publisher\":{\"@id\":\"https:\\\/\\\/goodwill.fi\\\/kauppa\\\/#organization\"},\"potentialAction\":[{\"@type\":\"SearchAction\",\"target\":{\"@type\":\"EntryPoint\",\"urlTemplate\":\"https:\\\/\\\/goodwill.fi\\\/kauppa\\\/?s={search_term_string}\"},\"query-input\":{\"@type\":\"PropertyValueSpecification\",\"valueRequired\":true,\"valueName\":\"search_term_string\"}}],\"inLanguage\":\"fi\"},{\"@type\":\"Organization\",\"@id\":\"https:\\\/\\\/goodwill.fi\\\/kauppa\\\/#organization\",\"name\":\"Goodwill-verkkokauppa\",\"url\":\"https:\\\/\\\/goodwill.fi\\\/kauppa\\\/\",\"logo\":{\"@type\":\"ImageObject\",\"inLanguage\":\"fi\",\"@id\":\"https:\\\/\\\/goodwill.fi\\\/kauppa\\\/#\\\/schema\\\/logo\\\/image\\\/\",\"url\":\"https:\\\/\\\/goodwill.fi\\\/kauppa\\\/wp-content\\\/uploads\\\/2021\\\/02\\\/cropped-logo_gw_store-723x211-1.png\",\"contentUrl\":\"https:\\\/\\\/goodwill.fi\\\/kauppa\\\/wp-content\\\/uploads\\\/2021\\\/02\\\/cropped-logo_gw_store-723x211-1.png\",\"width\":723,\"height\":207,\"caption\":\"Goodwill-verkkokauppa\"},\"image\":{\"@id\":\"https:\\\/\\\/goodwill.fi\\\/kauppa\\\/#\\\/schema\\\/logo\\\/image\\\/\"}}]}<\/script>\n<!-- \/ Yoast SEO plugin. -->","yoast_head_json":{"title":"LOMONOSOV TEEASTIASTO, 16-OSAINEN - Goodwill-verkkokauppa","description":"Hyv\u00e4kuntoinen 16-osainen teeastiasto Valmistaja: Lomonosov\u00a0(Neuvostoliitto) V\u00e4ri: valkoinen, koristelu sininen ja kullanv\u00e4rinen Materiaali: posliini","robots":{"index":"index","follow":"follow","max-snippet":"max-snippet:-1","max-image-preview":"max-image-preview:large","max-video-preview":"max-video-preview:-1"},"canonical":"https:\/\/goodwill.fi\/kauppa\/tuote\/lomonosov-teeastiasto-16-osainen\/","og_locale":"fi_FI","og_type":"article","og_title":"LOMONOSOV TEEASTIASTO, 16-OSAINEN - Goodwill-verkkokauppa","og_description":"Hyv\u00e4kuntoinen 16-osainen teeastiasto Valmistaja: Lomonosov\u00a0(Neuvostoliitto) V\u00e4ri: valkoinen, koristelu sininen ja kullanv\u00e4rinen Materiaali: posliini","og_url":"https:\/\/goodwill.fi\/kauppa\/tuote\/lomonosov-teeastiasto-16-osainen\/","og_site_name":"Goodwill-verkkokauppa","article_modified_time":"2025-07-10T08:07:52+00:00","og_image":[{"width":1160,"height":1443,"url":"https:\/\/goodwill.fi\/kauppa\/wp-content\/uploads\/2025\/07\/IMG_9776-1.jpg","type":"image\/jpeg"}],"twitter_card":"summary_large_image","twitter_misc":{"Arvioitu lukuaika":"1 minuutti"},"schema":{"@context":"https:\/\/schema.org","@graph":[{"@type":"WebPage","@id":"https:\/\/goodwill.fi\/kauppa\/tuote\/lomonosov-teeastiasto-16-osainen\/","url":"https:\/\/goodwill.fi\/kauppa\/tuote\/lomonosov-teeastiasto-16-osainen\/","name":"LOMONOSOV TEEASTIASTO, 16-OSAINEN - Goodwill-verkkokauppa","isPartOf":{"@id":"https:\/\/goodwill.fi\/kauppa\/#website"},"primaryImageOfPage":{"@id":"https:\/\/goodwill.fi\/kauppa\/tuote\/lomonosov-teeastiasto-16-osainen\/#primaryimage"},"image":{"@id":"https:\/\/goodwill.fi\/kauppa\/tuote\/lomonosov-teeastiasto-16-osainen\/#primaryimage"},"thumbnailUrl":"https:\/\/goodwill.fi\/kauppa\/wp-content\/uploads\/2025\/07\/IMG_9776-1.jpg","datePublished":"2025-07-10T07:23:35+00:00","dateModified":"2025-07-10T08:07:52+00:00","description":"Hyv\u00e4kuntoinen 16-osainen teeastiasto Valmistaja: Lomonosov\u00a0(Neuvostoliitto) V\u00e4ri: valkoinen, koristelu sininen ja kullanv\u00e4rinen Materiaali: posliini","breadcrumb":{"@id":"https:\/\/goodwill.fi\/kauppa\/tuote\/lomonosov-teeastiasto-16-osainen\/#breadcrumb"},"inLanguage":"fi","potentialAction":[{"@type":"ReadAction","target":["https:\/\/goodwill.fi\/kauppa\/tuote\/lomonosov-teeastiasto-16-osainen\/"]}]},{"@type":"ImageObject","inLanguage":"fi","@id":"https:\/\/goodwill.fi\/kauppa\/tuote\/lomonosov-teeastiasto-16-osainen\/#primaryimage","url":"https:\/\/goodwill.fi\/kauppa\/wp-content\/uploads\/2025\/07\/IMG_9776-1.jpg","contentUrl":"https:\/\/goodwill.fi\/kauppa\/wp-content\/uploads\/2025\/07\/IMG_9776-1.jpg","width":1160,"height":1443},{"@type":"BreadcrumbList","@id":"https:\/\/goodwill.fi\/kauppa\/tuote\/lomonosov-teeastiasto-16-osainen\/#breadcrumb","itemListElement":[{"@type":"ListItem","position":1,"name":"Home","item":"https:\/\/goodwill.fi\/kauppa\/"},{"@type":"ListItem","position":2,"name":"Shop","item":"https:\/\/goodwill.fi\/kauppa\/shop\/"},{"@type":"ListItem","position":3,"name":"LOMONOSOV TEEASTIASTO, 16-OSAINEN"}]},{"@type":"WebSite","@id":"https:\/\/goodwill.fi\/kauppa\/#website","url":"https:\/\/goodwill.fi\/kauppa\/","name":"Goodwill-verkkokauppa","description":"Kierr\u00e4tysmyym\u00e4l\u00e4 verkossa","publisher":{"@id":"https:\/\/goodwill.fi\/kauppa\/#organization"},"potentialAction":[{"@type":"SearchAction","target":{"@type":"EntryPoint","urlTemplate":"https:\/\/goodwill.fi\/kauppa\/?s={search_term_string}"},"query-input":{"@type":"PropertyValueSpecification","valueRequired":true,"valueName":"search_term_string"}}],"inLanguage":"fi"},{"@type":"Organization","@id":"https:\/\/goodwill.fi\/kauppa\/#organization","name":"Goodwill-verkkokauppa","url":"https:\/\/goodwill.fi\/kauppa\/","logo":{"@type":"ImageObject","inLanguage":"fi","@id":"https:\/\/goodwill.fi\/kauppa\/#\/schema\/logo\/image\/","url":"https:\/\/goodwill.fi\/kauppa\/wp-content\/uploads\/2021\/02\/cropped-logo_gw_store-723x211-1.png","contentUrl":"https:\/\/goodwill.fi\/kauppa\/wp-content\/uploads\/2021\/02\/cropped-logo_gw_store-723x211-1.png","width":723,"height":207,"caption":"Goodwill-verkkokauppa"},"image":{"@id":"https:\/\/goodwill.fi\/kauppa\/#\/schema\/logo\/image\/"}}]}},"_links":{"self":[{"href":"https:\/\/goodwill.fi\/kauppa\/wp-json\/wp\/v2\/product\/55177","targetHints":{"allow":["GET"]}}],"collection":[{"href":"https:\/\/goodwill.fi\/kauppa\/wp-json\/wp\/v2\/product"}],"about":[{"href":"https:\/\/goodwill.fi\/kauppa\/wp-json\/wp\/v2\/types\/product"}],"replies":[{"embeddable":true,"href":"https:\/\/goodwill.fi\/kauppa\/wp-json\/wp\/v2\/comments?post=55177"}],"wp:featuredmedia":[{"embeddable":true,"href":"https:\/\/goodwill.fi\/kauppa\/wp-json\/wp\/v2\/media\/55212"}],"wp:attachment":[{"href":"https:\/\/goodwill.fi\/kauppa\/wp-json\/wp\/v2\/media?parent=55177"}],"wp:term":[{"taxonomy":"product_brand","embeddable":true,"href":"https:\/\/goodwill.fi\/kauppa\/wp-json\/wp\/v2\/product_brand?post=55177"},{"taxonomy":"product_cat","embeddable":true,"href":"https:\/\/goodwill.fi\/kauppa\/wp-json\/wp\/v2\/product_cat?post=55177"},{"taxonomy":"product_tag","embeddable":true,"href":"https:\/\/goodwill.fi\/kauppa\/wp-json\/wp\/v2\/product_tag?post=55177"}],"curies":[{"name":"wp","href":"https:\/\/api.w.org\/{rel}","templated":true}]}}