{"id":55163,"date":"2025-07-10T10:16:19","date_gmt":"2025-07-10T07:16:19","guid":{"rendered":"https:\/\/goodwill.fi\/kauppa\/?post_type=product&#038;p=55163"},"modified":"2025-07-10T10:16:20","modified_gmt":"2025-07-10T07:16:20","slug":"arabia-pulmu-27-osainen-astiasto","status":"publish","type":"product","link":"https:\/\/goodwill.fi\/kauppa\/tuote\/arabia-pulmu-27-osainen-astiasto\/","title":{"rendered":"ARABIA PULMU 27-OSAINEN ASTIASTO"},"content":{"rendered":"<p>Astiastoon kuuluu 9 kuppia, 9 tassia, sokerikko ja 8 lautasta.<\/p>\n<p>Suunnittelija: Raija Uosikkinen<br \/>\nValmistaja: Arabia<br \/>\nValmistusvuosi: 1969-1973<br \/>\nMitat kuppi: korkeus 6 cm, halkaisija 7 cm<br \/>\nMitat sokerikko: korkeus 5.5 cm, halkaisija 9 cm<br \/>\nMitat tassi: korkeus 2 cm, halkaisija 13 cm<br \/>\nMitat lautanen: korkeus 2 cm, halkaisija 17 cm<br \/>\nV\u00e4ri: valkoinen\/kulta<br \/>\nMateriaali: posliini<br \/>\nKunto: ehj\u00e4t, yleisvaikutelma siisti, kuppien pohjissa hieman kulumaa<br \/>\nHuom. lautasia on vain kahdeksan.<\/p>\n","protected":false},"excerpt":{"rendered":"<p>Astiastoon kuuluu 9 kuppia, 9 tassia, sokerikko ja 8 lautasta. Suunnittelija: Raija Uosikkinen Valmistaja: Arabia Valmistusvuosi: 1969-1973 Mitat kuppi: korkeus 6 cm, halkaisija 7 cm Mitat sokerikko: korkeus 5.5 cm, halkaisija 9 cm Mitat tassi: korkeus 2 cm, halkaisija 13 cm Mitat lautanen: korkeus 2 cm, halkaisija 17 cm V\u00e4ri: valkoinen\/kulta Materiaali: posliini Kunto: ehj\u00e4t, [&hellip;]<\/p>\n","protected":false},"featured_media":55164,"comment_status":"open","ping_status":"closed","template":"","meta":[],"product_brand":[14734],"product_cat":[159,14855,166,14866],"product_tag":[206,1134,16100,10573,1349],"class_list":{"0":"post-55163","1":"product","2":"type-product","3":"status-publish","4":"has-post-thumbnail","6":"product_brand-arabia","7":"product_cat-kaikki","8":"product_cat-arabia","9":"product_cat-astiat-2","10":"product_cat-astiastot","11":"product_tag-arabia","12":"product_tag-astiasto","13":"product_tag-kem01076","14":"product_tag-pulmu","15":"product_tag-raija-uosikkinen","17":"first","18":"instock","19":"taxable","20":"shipping-taxable","21":"purchasable","22":"product-type-simple"},"yoast_head":"<!-- This site is optimized with the Yoast SEO plugin v27.1.1 - https:\/\/yoast.com\/product\/yoast-seo-wordpress\/ -->\n<title>ARABIA PULMU 27-OSAINEN ASTIASTO - Goodwill-verkkokauppa<\/title>\n<meta name=\"description\" content=\"Astiastoon kuuluu 9 kuppia, 9 tassia, sokerikko ja 8 lautasta. Suunnittelija: Raija Uosikkinen Valmistaja: Arabia Valmistusvuosi: 1969-1973 Mitat kuppi: korkeus 6 cm, halkaisija 7 cm Mitat sokerikko: korkeus 5.5 cm, halkaisija 9 cm Mitat tassi: korkeus 2 cm, halkaisija 13 cm Mitat lautanen: korkeus 2 cm, halkaisija 17 cm V\u00e4ri: valkoinen\/kulta Materiaali: posliini Kunto: ehj\u00e4t, yleisvaikutelma siisti, kuppien pohjissa hieman kulumaa Huom. lautasia on vain kahdeksan.\" \/>\n<meta name=\"robots\" content=\"index, follow, max-snippet:-1, max-image-preview:large, max-video-preview:-1\" \/>\n<link rel=\"canonical\" href=\"https:\/\/goodwill.fi\/kauppa\/tuote\/arabia-pulmu-27-osainen-astiasto\/\" \/>\n<meta property=\"og:locale\" content=\"fi_FI\" \/>\n<meta property=\"og:type\" content=\"article\" \/>\n<meta property=\"og:title\" content=\"ARABIA PULMU 27-OSAINEN ASTIASTO - Goodwill-verkkokauppa\" \/>\n<meta property=\"og:description\" content=\"Astiastoon kuuluu 9 kuppia, 9 tassia, sokerikko ja 8 lautasta. Suunnittelija: Raija Uosikkinen Valmistaja: Arabia Valmistusvuosi: 1969-1973 Mitat kuppi: korkeus 6 cm, halkaisija 7 cm Mitat sokerikko: korkeus 5.5 cm, halkaisija 9 cm Mitat tassi: korkeus 2 cm, halkaisija 13 cm Mitat lautanen: korkeus 2 cm, halkaisija 17 cm V\u00e4ri: valkoinen\/kulta Materiaali: posliini Kunto: ehj\u00e4t, yleisvaikutelma siisti, kuppien pohjissa hieman kulumaa Huom. lautasia on vain kahdeksan.\" \/>\n<meta property=\"og:url\" content=\"https:\/\/goodwill.fi\/kauppa\/tuote\/arabia-pulmu-27-osainen-astiasto\/\" \/>\n<meta property=\"og:site_name\" content=\"Goodwill-verkkokauppa\" \/>\n<meta property=\"article:modified_time\" content=\"2025-07-10T07:16:20+00:00\" \/>\n<meta property=\"og:image\" content=\"https:\/\/goodwill.fi\/kauppa\/wp-content\/uploads\/2025\/07\/untitled-4.jpg\" \/>\n\t<meta property=\"og:image:width\" content=\"2500\" \/>\n\t<meta property=\"og:image:height\" content=\"2500\" \/>\n\t<meta property=\"og:image:type\" content=\"image\/jpeg\" \/>\n<meta name=\"twitter:card\" content=\"summary_large_image\" \/>\n<meta name=\"twitter:label1\" content=\"Arvioitu lukuaika\" \/>\n\t<meta name=\"twitter:data1\" content=\"1 minuutti\" \/>\n<script type=\"application\/ld+json\" class=\"yoast-schema-graph\">{\"@context\":\"https:\/\/schema.org\",\"@graph\":[{\"@type\":\"WebPage\",\"@id\":\"https:\/\/goodwill.fi\/kauppa\/tuote\/arabia-pulmu-27-osainen-astiasto\/\",\"url\":\"https:\/\/goodwill.fi\/kauppa\/tuote\/arabia-pulmu-27-osainen-astiasto\/\",\"name\":\"ARABIA PULMU 27-OSAINEN ASTIASTO - Goodwill-verkkokauppa\",\"isPartOf\":{\"@id\":\"https:\/\/goodwill.fi\/kauppa\/#website\"},\"primaryImageOfPage\":{\"@id\":\"https:\/\/goodwill.fi\/kauppa\/tuote\/arabia-pulmu-27-osainen-astiasto\/#primaryimage\"},\"image\":{\"@id\":\"https:\/\/goodwill.fi\/kauppa\/tuote\/arabia-pulmu-27-osainen-astiasto\/#primaryimage\"},\"thumbnailUrl\":\"https:\/\/goodwill.fi\/kauppa\/wp-content\/uploads\/2025\/07\/untitled-4.jpg\",\"datePublished\":\"2025-07-10T07:16:19+00:00\",\"dateModified\":\"2025-07-10T07:16:20+00:00\",\"description\":\"Astiastoon kuuluu 9 kuppia, 9 tassia, sokerikko ja 8 lautasta. Suunnittelija: Raija Uosikkinen Valmistaja: Arabia Valmistusvuosi: 1969-1973 Mitat kuppi: korkeus 6 cm, halkaisija 7 cm Mitat sokerikko: korkeus 5.5 cm, halkaisija 9 cm Mitat tassi: korkeus 2 cm, halkaisija 13 cm Mitat lautanen: korkeus 2 cm, halkaisija 17 cm V\u00e4ri: valkoinen\/kulta Materiaali: posliini Kunto: ehj\u00e4t, yleisvaikutelma siisti, kuppien pohjissa hieman kulumaa Huom. lautasia on vain kahdeksan.\",\"breadcrumb\":{\"@id\":\"https:\/\/goodwill.fi\/kauppa\/tuote\/arabia-pulmu-27-osainen-astiasto\/#breadcrumb\"},\"inLanguage\":\"fi\",\"potentialAction\":[{\"@type\":\"ReadAction\",\"target\":[\"https:\/\/goodwill.fi\/kauppa\/tuote\/arabia-pulmu-27-osainen-astiasto\/\"]}]},{\"@type\":\"ImageObject\",\"inLanguage\":\"fi\",\"@id\":\"https:\/\/goodwill.fi\/kauppa\/tuote\/arabia-pulmu-27-osainen-astiasto\/#primaryimage\",\"url\":\"https:\/\/goodwill.fi\/kauppa\/wp-content\/uploads\/2025\/07\/untitled-4.jpg\",\"contentUrl\":\"https:\/\/goodwill.fi\/kauppa\/wp-content\/uploads\/2025\/07\/untitled-4.jpg\",\"width\":2500,\"height\":2500},{\"@type\":\"BreadcrumbList\",\"@id\":\"https:\/\/goodwill.fi\/kauppa\/tuote\/arabia-pulmu-27-osainen-astiasto\/#breadcrumb\",\"itemListElement\":[{\"@type\":\"ListItem\",\"position\":1,\"name\":\"Home\",\"item\":\"https:\/\/goodwill.fi\/kauppa\/\"},{\"@type\":\"ListItem\",\"position\":2,\"name\":\"Shop\",\"item\":\"https:\/\/goodwill.fi\/kauppa\/shop\/\"},{\"@type\":\"ListItem\",\"position\":3,\"name\":\"ARABIA PULMU 27-OSAINEN ASTIASTO\"}]},{\"@type\":\"WebSite\",\"@id\":\"https:\/\/goodwill.fi\/kauppa\/#website\",\"url\":\"https:\/\/goodwill.fi\/kauppa\/\",\"name\":\"Goodwill-verkkokauppa\",\"description\":\"Kierr\u00e4tysmyym\u00e4l\u00e4 verkossa\",\"publisher\":{\"@id\":\"https:\/\/goodwill.fi\/kauppa\/#organization\"},\"potentialAction\":[{\"@type\":\"SearchAction\",\"target\":{\"@type\":\"EntryPoint\",\"urlTemplate\":\"https:\/\/goodwill.fi\/kauppa\/?s={search_term_string}\"},\"query-input\":{\"@type\":\"PropertyValueSpecification\",\"valueRequired\":true,\"valueName\":\"search_term_string\"}}],\"inLanguage\":\"fi\"},{\"@type\":\"Organization\",\"@id\":\"https:\/\/goodwill.fi\/kauppa\/#organization\",\"name\":\"Goodwill-verkkokauppa\",\"url\":\"https:\/\/goodwill.fi\/kauppa\/\",\"logo\":{\"@type\":\"ImageObject\",\"inLanguage\":\"fi\",\"@id\":\"https:\/\/goodwill.fi\/kauppa\/#\/schema\/logo\/image\/\",\"url\":\"https:\/\/goodwill.fi\/kauppa\/wp-content\/uploads\/2021\/02\/cropped-logo_gw_store-723x211-1.png\",\"contentUrl\":\"https:\/\/goodwill.fi\/kauppa\/wp-content\/uploads\/2021\/02\/cropped-logo_gw_store-723x211-1.png\",\"width\":723,\"height\":207,\"caption\":\"Goodwill-verkkokauppa\"},\"image\":{\"@id\":\"https:\/\/goodwill.fi\/kauppa\/#\/schema\/logo\/image\/\"}}]}<\/script>\n<!-- \/ Yoast SEO plugin. -->","yoast_head_json":{"title":"ARABIA PULMU 27-OSAINEN ASTIASTO - Goodwill-verkkokauppa","description":"Astiastoon kuuluu 9 kuppia, 9 tassia, sokerikko ja 8 lautasta. Suunnittelija: Raija Uosikkinen Valmistaja: Arabia Valmistusvuosi: 1969-1973 Mitat kuppi: korkeus 6 cm, halkaisija 7 cm Mitat sokerikko: korkeus 5.5 cm, halkaisija 9 cm Mitat tassi: korkeus 2 cm, halkaisija 13 cm Mitat lautanen: korkeus 2 cm, halkaisija 17 cm V\u00e4ri: valkoinen\/kulta Materiaali: posliini Kunto: ehj\u00e4t, yleisvaikutelma siisti, kuppien pohjissa hieman kulumaa Huom. lautasia on vain kahdeksan.","robots":{"index":"index","follow":"follow","max-snippet":"max-snippet:-1","max-image-preview":"max-image-preview:large","max-video-preview":"max-video-preview:-1"},"canonical":"https:\/\/goodwill.fi\/kauppa\/tuote\/arabia-pulmu-27-osainen-astiasto\/","og_locale":"fi_FI","og_type":"article","og_title":"ARABIA PULMU 27-OSAINEN ASTIASTO - Goodwill-verkkokauppa","og_description":"Astiastoon kuuluu 9 kuppia, 9 tassia, sokerikko ja 8 lautasta. Suunnittelija: Raija Uosikkinen Valmistaja: Arabia Valmistusvuosi: 1969-1973 Mitat kuppi: korkeus 6 cm, halkaisija 7 cm Mitat sokerikko: korkeus 5.5 cm, halkaisija 9 cm Mitat tassi: korkeus 2 cm, halkaisija 13 cm Mitat lautanen: korkeus 2 cm, halkaisija 17 cm V\u00e4ri: valkoinen\/kulta Materiaali: posliini Kunto: ehj\u00e4t, yleisvaikutelma siisti, kuppien pohjissa hieman kulumaa Huom. lautasia on vain kahdeksan.","og_url":"https:\/\/goodwill.fi\/kauppa\/tuote\/arabia-pulmu-27-osainen-astiasto\/","og_site_name":"Goodwill-verkkokauppa","article_modified_time":"2025-07-10T07:16:20+00:00","og_image":[{"width":2500,"height":2500,"url":"https:\/\/goodwill.fi\/kauppa\/wp-content\/uploads\/2025\/07\/untitled-4.jpg","type":"image\/jpeg"}],"twitter_card":"summary_large_image","twitter_misc":{"Arvioitu lukuaika":"1 minuutti"},"schema":{"@context":"https:\/\/schema.org","@graph":[{"@type":"WebPage","@id":"https:\/\/goodwill.fi\/kauppa\/tuote\/arabia-pulmu-27-osainen-astiasto\/","url":"https:\/\/goodwill.fi\/kauppa\/tuote\/arabia-pulmu-27-osainen-astiasto\/","name":"ARABIA PULMU 27-OSAINEN ASTIASTO - Goodwill-verkkokauppa","isPartOf":{"@id":"https:\/\/goodwill.fi\/kauppa\/#website"},"primaryImageOfPage":{"@id":"https:\/\/goodwill.fi\/kauppa\/tuote\/arabia-pulmu-27-osainen-astiasto\/#primaryimage"},"image":{"@id":"https:\/\/goodwill.fi\/kauppa\/tuote\/arabia-pulmu-27-osainen-astiasto\/#primaryimage"},"thumbnailUrl":"https:\/\/goodwill.fi\/kauppa\/wp-content\/uploads\/2025\/07\/untitled-4.jpg","datePublished":"2025-07-10T07:16:19+00:00","dateModified":"2025-07-10T07:16:20+00:00","description":"Astiastoon kuuluu 9 kuppia, 9 tassia, sokerikko ja 8 lautasta. Suunnittelija: Raija Uosikkinen Valmistaja: Arabia Valmistusvuosi: 1969-1973 Mitat kuppi: korkeus 6 cm, halkaisija 7 cm Mitat sokerikko: korkeus 5.5 cm, halkaisija 9 cm Mitat tassi: korkeus 2 cm, halkaisija 13 cm Mitat lautanen: korkeus 2 cm, halkaisija 17 cm V\u00e4ri: valkoinen\/kulta Materiaali: posliini Kunto: ehj\u00e4t, yleisvaikutelma siisti, kuppien pohjissa hieman kulumaa Huom. lautasia on vain kahdeksan.","breadcrumb":{"@id":"https:\/\/goodwill.fi\/kauppa\/tuote\/arabia-pulmu-27-osainen-astiasto\/#breadcrumb"},"inLanguage":"fi","potentialAction":[{"@type":"ReadAction","target":["https:\/\/goodwill.fi\/kauppa\/tuote\/arabia-pulmu-27-osainen-astiasto\/"]}]},{"@type":"ImageObject","inLanguage":"fi","@id":"https:\/\/goodwill.fi\/kauppa\/tuote\/arabia-pulmu-27-osainen-astiasto\/#primaryimage","url":"https:\/\/goodwill.fi\/kauppa\/wp-content\/uploads\/2025\/07\/untitled-4.jpg","contentUrl":"https:\/\/goodwill.fi\/kauppa\/wp-content\/uploads\/2025\/07\/untitled-4.jpg","width":2500,"height":2500},{"@type":"BreadcrumbList","@id":"https:\/\/goodwill.fi\/kauppa\/tuote\/arabia-pulmu-27-osainen-astiasto\/#breadcrumb","itemListElement":[{"@type":"ListItem","position":1,"name":"Home","item":"https:\/\/goodwill.fi\/kauppa\/"},{"@type":"ListItem","position":2,"name":"Shop","item":"https:\/\/goodwill.fi\/kauppa\/shop\/"},{"@type":"ListItem","position":3,"name":"ARABIA PULMU 27-OSAINEN ASTIASTO"}]},{"@type":"WebSite","@id":"https:\/\/goodwill.fi\/kauppa\/#website","url":"https:\/\/goodwill.fi\/kauppa\/","name":"Goodwill-verkkokauppa","description":"Kierr\u00e4tysmyym\u00e4l\u00e4 verkossa","publisher":{"@id":"https:\/\/goodwill.fi\/kauppa\/#organization"},"potentialAction":[{"@type":"SearchAction","target":{"@type":"EntryPoint","urlTemplate":"https:\/\/goodwill.fi\/kauppa\/?s={search_term_string}"},"query-input":{"@type":"PropertyValueSpecification","valueRequired":true,"valueName":"search_term_string"}}],"inLanguage":"fi"},{"@type":"Organization","@id":"https:\/\/goodwill.fi\/kauppa\/#organization","name":"Goodwill-verkkokauppa","url":"https:\/\/goodwill.fi\/kauppa\/","logo":{"@type":"ImageObject","inLanguage":"fi","@id":"https:\/\/goodwill.fi\/kauppa\/#\/schema\/logo\/image\/","url":"https:\/\/goodwill.fi\/kauppa\/wp-content\/uploads\/2021\/02\/cropped-logo_gw_store-723x211-1.png","contentUrl":"https:\/\/goodwill.fi\/kauppa\/wp-content\/uploads\/2021\/02\/cropped-logo_gw_store-723x211-1.png","width":723,"height":207,"caption":"Goodwill-verkkokauppa"},"image":{"@id":"https:\/\/goodwill.fi\/kauppa\/#\/schema\/logo\/image\/"}}]}},"_links":{"self":[{"href":"https:\/\/goodwill.fi\/kauppa\/wp-json\/wp\/v2\/product\/55163","targetHints":{"allow":["GET"]}}],"collection":[{"href":"https:\/\/goodwill.fi\/kauppa\/wp-json\/wp\/v2\/product"}],"about":[{"href":"https:\/\/goodwill.fi\/kauppa\/wp-json\/wp\/v2\/types\/product"}],"replies":[{"embeddable":true,"href":"https:\/\/goodwill.fi\/kauppa\/wp-json\/wp\/v2\/comments?post=55163"}],"wp:featuredmedia":[{"embeddable":true,"href":"https:\/\/goodwill.fi\/kauppa\/wp-json\/wp\/v2\/media\/55164"}],"wp:attachment":[{"href":"https:\/\/goodwill.fi\/kauppa\/wp-json\/wp\/v2\/media?parent=55163"}],"wp:term":[{"taxonomy":"product_brand","embeddable":true,"href":"https:\/\/goodwill.fi\/kauppa\/wp-json\/wp\/v2\/product_brand?post=55163"},{"taxonomy":"product_cat","embeddable":true,"href":"https:\/\/goodwill.fi\/kauppa\/wp-json\/wp\/v2\/product_cat?post=55163"},{"taxonomy":"product_tag","embeddable":true,"href":"https:\/\/goodwill.fi\/kauppa\/wp-json\/wp\/v2\/product_tag?post=55163"}],"curies":[{"name":"wp","href":"https:\/\/api.w.org\/{rel}","templated":true}]}}