{"id":51353,"date":"2025-05-26T11:57:39","date_gmt":"2025-05-26T08:57:39","guid":{"rendered":"https:\/\/goodwill.fi\/kauppa\/?post_type=product&#038;p=51353"},"modified":"2025-05-26T11:57:39","modified_gmt":"2025-05-26T08:57:39","slug":"polycon-4010-peliohjain","status":"publish","type":"product","link":"https:\/\/goodwill.fi\/kauppa\/tuote\/polycon-4010-peliohjain\/","title":{"rendered":"POLYCON 4010 PELIOHJAIN"},"content":{"rendered":"<p>Valmistaja: Polycon<br \/>\nMitat: korkeus: 5,8 cm, leveys 31 cm, paino 958 g<br \/>\nV\u00e4ri: ruskea<br \/>\nMateriaali: muovi, metalli<br \/>\nKunto: paljon k\u00e4yt\u00f6n j\u00e4lki\u00e4, toisen ohjaimen tatista puuttuu p\u00e4\u00e4, pelitilanteen seurannasta puuttuu osoitin, patterikotelon kansi puuttuu, patterit ovat r\u00e4j\u00e4ht\u00e4neet koteloon<\/p>\n<p>Huom. toimivuutta ei ole testattu, laitteessa paljon puutteita, myyd\u00e4\u00e4n kunnostettavaksi taikka varaosiksi<\/p>\n","protected":false},"excerpt":{"rendered":"<p>Valmistaja: Polycon Mitat: korkeus: 5,8 cm, leveys 31 cm, paino 958 g V\u00e4ri: ruskea Materiaali: muovi, metalli Kunto: paljon k\u00e4yt\u00f6n j\u00e4lki\u00e4, toisen ohjaimen tatista puuttuu p\u00e4\u00e4, pelitilanteen seurannasta puuttuu osoitin, patterikotelon kansi puuttuu, patterit ovat r\u00e4j\u00e4ht\u00e4neet koteloon Huom. toimivuutta ei ole testattu, laitteessa paljon puutteita, myyd\u00e4\u00e4n kunnostettavaksi taikka varaosiksi<\/p>\n","protected":false},"featured_media":51355,"comment_status":"open","ping_status":"closed","template":"","meta":[],"product_brand":[],"product_cat":[159,143,186],"product_tag":[15372,9064,534,7668,15371,416],"class_list":{"0":"post-51353","1":"product","2":"type-product","3":"status-publish","4":"has-post-thumbnail","6":"product_cat-kaikki","7":"product_cat-viihde-2","8":"product_cat-pelit","9":"product_tag-15372","10":"product_tag-ohjain","11":"product_tag-peli","12":"product_tag-pelikonsoli","13":"product_tag-polycon","14":"product_tag-vintage","16":"first","17":"instock","18":"taxable","19":"shipping-taxable","20":"purchasable","21":"product-type-simple"},"yoast_head":"<!-- This site is optimized with the Yoast SEO plugin v27.1.1 - https:\/\/yoast.com\/product\/yoast-seo-wordpress\/ -->\n<title>POLYCON 4010 PELIOHJAIN - Goodwill-verkkokauppa<\/title>\n<meta name=\"description\" content=\"Valmistaja: Polycon Mitat: korkeus: 5,8 cm, leveys 31 cm, paino 958 g V\u00e4ri: ruskea Materiaali: muovi, metalli Kunto: paljon k\u00e4yt\u00f6n j\u00e4lki\u00e4\" \/>\n<meta name=\"robots\" content=\"index, follow, max-snippet:-1, max-image-preview:large, max-video-preview:-1\" \/>\n<link rel=\"canonical\" href=\"https:\/\/goodwill.fi\/kauppa\/tuote\/polycon-4010-peliohjain\/\" \/>\n<meta property=\"og:locale\" content=\"fi_FI\" \/>\n<meta property=\"og:type\" content=\"article\" \/>\n<meta property=\"og:title\" content=\"POLYCON 4010 PELIOHJAIN - Goodwill-verkkokauppa\" \/>\n<meta property=\"og:description\" content=\"Valmistaja: Polycon Mitat: korkeus: 5,8 cm, leveys 31 cm, paino 958 g V\u00e4ri: ruskea Materiaali: muovi, metalli Kunto: paljon k\u00e4yt\u00f6n j\u00e4lki\u00e4\" \/>\n<meta property=\"og:url\" content=\"https:\/\/goodwill.fi\/kauppa\/tuote\/polycon-4010-peliohjain\/\" \/>\n<meta property=\"og:site_name\" content=\"Goodwill-verkkokauppa\" \/>\n<meta property=\"og:image\" content=\"https:\/\/goodwill.fi\/kauppa\/wp-content\/uploads\/2025\/05\/IMG_7441-scaled-e1748249381407.jpg\" \/>\n\t<meta property=\"og:image:width\" content=\"1783\" \/>\n\t<meta property=\"og:image:height\" content=\"1707\" \/>\n\t<meta property=\"og:image:type\" content=\"image\/jpeg\" \/>\n<meta name=\"twitter:card\" content=\"summary_large_image\" \/>\n<meta name=\"twitter:label1\" content=\"Arvioitu lukuaika\" \/>\n\t<meta name=\"twitter:data1\" content=\"1 minuutti\" \/>\n<script type=\"application\/ld+json\" class=\"yoast-schema-graph\">{\"@context\":\"https:\/\/schema.org\",\"@graph\":[{\"@type\":\"WebPage\",\"@id\":\"https:\/\/goodwill.fi\/kauppa\/tuote\/polycon-4010-peliohjain\/\",\"url\":\"https:\/\/goodwill.fi\/kauppa\/tuote\/polycon-4010-peliohjain\/\",\"name\":\"POLYCON 4010 PELIOHJAIN - Goodwill-verkkokauppa\",\"isPartOf\":{\"@id\":\"https:\/\/goodwill.fi\/kauppa\/#website\"},\"primaryImageOfPage\":{\"@id\":\"https:\/\/goodwill.fi\/kauppa\/tuote\/polycon-4010-peliohjain\/#primaryimage\"},\"image\":{\"@id\":\"https:\/\/goodwill.fi\/kauppa\/tuote\/polycon-4010-peliohjain\/#primaryimage\"},\"thumbnailUrl\":\"https:\/\/goodwill.fi\/kauppa\/wp-content\/uploads\/2025\/05\/IMG_7441-scaled-e1748249381407.jpg\",\"datePublished\":\"2025-05-26T08:57:39+00:00\",\"description\":\"Valmistaja: Polycon Mitat: korkeus: 5,8 cm, leveys 31 cm, paino 958 g V\u00e4ri: ruskea Materiaali: muovi, metalli Kunto: paljon k\u00e4yt\u00f6n j\u00e4lki\u00e4\",\"breadcrumb\":{\"@id\":\"https:\/\/goodwill.fi\/kauppa\/tuote\/polycon-4010-peliohjain\/#breadcrumb\"},\"inLanguage\":\"fi\",\"potentialAction\":[{\"@type\":\"ReadAction\",\"target\":[\"https:\/\/goodwill.fi\/kauppa\/tuote\/polycon-4010-peliohjain\/\"]}]},{\"@type\":\"ImageObject\",\"inLanguage\":\"fi\",\"@id\":\"https:\/\/goodwill.fi\/kauppa\/tuote\/polycon-4010-peliohjain\/#primaryimage\",\"url\":\"https:\/\/goodwill.fi\/kauppa\/wp-content\/uploads\/2025\/05\/IMG_7441-scaled-e1748249381407.jpg\",\"contentUrl\":\"https:\/\/goodwill.fi\/kauppa\/wp-content\/uploads\/2025\/05\/IMG_7441-scaled-e1748249381407.jpg\",\"width\":1783,\"height\":1707},{\"@type\":\"BreadcrumbList\",\"@id\":\"https:\/\/goodwill.fi\/kauppa\/tuote\/polycon-4010-peliohjain\/#breadcrumb\",\"itemListElement\":[{\"@type\":\"ListItem\",\"position\":1,\"name\":\"Home\",\"item\":\"https:\/\/goodwill.fi\/kauppa\/\"},{\"@type\":\"ListItem\",\"position\":2,\"name\":\"Shop\",\"item\":\"https:\/\/goodwill.fi\/kauppa\/shop\/\"},{\"@type\":\"ListItem\",\"position\":3,\"name\":\"POLYCON 4010 PELIOHJAIN\"}]},{\"@type\":\"WebSite\",\"@id\":\"https:\/\/goodwill.fi\/kauppa\/#website\",\"url\":\"https:\/\/goodwill.fi\/kauppa\/\",\"name\":\"Goodwill-verkkokauppa\",\"description\":\"Kierr\u00e4tysmyym\u00e4l\u00e4 verkossa\",\"publisher\":{\"@id\":\"https:\/\/goodwill.fi\/kauppa\/#organization\"},\"potentialAction\":[{\"@type\":\"SearchAction\",\"target\":{\"@type\":\"EntryPoint\",\"urlTemplate\":\"https:\/\/goodwill.fi\/kauppa\/?s={search_term_string}\"},\"query-input\":{\"@type\":\"PropertyValueSpecification\",\"valueRequired\":true,\"valueName\":\"search_term_string\"}}],\"inLanguage\":\"fi\"},{\"@type\":\"Organization\",\"@id\":\"https:\/\/goodwill.fi\/kauppa\/#organization\",\"name\":\"Goodwill-verkkokauppa\",\"url\":\"https:\/\/goodwill.fi\/kauppa\/\",\"logo\":{\"@type\":\"ImageObject\",\"inLanguage\":\"fi\",\"@id\":\"https:\/\/goodwill.fi\/kauppa\/#\/schema\/logo\/image\/\",\"url\":\"https:\/\/goodwill.fi\/kauppa\/wp-content\/uploads\/2021\/02\/cropped-logo_gw_store-723x211-1.png\",\"contentUrl\":\"https:\/\/goodwill.fi\/kauppa\/wp-content\/uploads\/2021\/02\/cropped-logo_gw_store-723x211-1.png\",\"width\":723,\"height\":207,\"caption\":\"Goodwill-verkkokauppa\"},\"image\":{\"@id\":\"https:\/\/goodwill.fi\/kauppa\/#\/schema\/logo\/image\/\"}}]}<\/script>\n<!-- \/ Yoast SEO plugin. -->","yoast_head_json":{"title":"POLYCON 4010 PELIOHJAIN - Goodwill-verkkokauppa","description":"Valmistaja: Polycon Mitat: korkeus: 5,8 cm, leveys 31 cm, paino 958 g V\u00e4ri: ruskea Materiaali: muovi, metalli Kunto: paljon k\u00e4yt\u00f6n j\u00e4lki\u00e4","robots":{"index":"index","follow":"follow","max-snippet":"max-snippet:-1","max-image-preview":"max-image-preview:large","max-video-preview":"max-video-preview:-1"},"canonical":"https:\/\/goodwill.fi\/kauppa\/tuote\/polycon-4010-peliohjain\/","og_locale":"fi_FI","og_type":"article","og_title":"POLYCON 4010 PELIOHJAIN - Goodwill-verkkokauppa","og_description":"Valmistaja: Polycon Mitat: korkeus: 5,8 cm, leveys 31 cm, paino 958 g V\u00e4ri: ruskea Materiaali: muovi, metalli Kunto: paljon k\u00e4yt\u00f6n j\u00e4lki\u00e4","og_url":"https:\/\/goodwill.fi\/kauppa\/tuote\/polycon-4010-peliohjain\/","og_site_name":"Goodwill-verkkokauppa","og_image":[{"width":1783,"height":1707,"url":"https:\/\/goodwill.fi\/kauppa\/wp-content\/uploads\/2025\/05\/IMG_7441-scaled-e1748249381407.jpg","type":"image\/jpeg"}],"twitter_card":"summary_large_image","twitter_misc":{"Arvioitu lukuaika":"1 minuutti"},"schema":{"@context":"https:\/\/schema.org","@graph":[{"@type":"WebPage","@id":"https:\/\/goodwill.fi\/kauppa\/tuote\/polycon-4010-peliohjain\/","url":"https:\/\/goodwill.fi\/kauppa\/tuote\/polycon-4010-peliohjain\/","name":"POLYCON 4010 PELIOHJAIN - Goodwill-verkkokauppa","isPartOf":{"@id":"https:\/\/goodwill.fi\/kauppa\/#website"},"primaryImageOfPage":{"@id":"https:\/\/goodwill.fi\/kauppa\/tuote\/polycon-4010-peliohjain\/#primaryimage"},"image":{"@id":"https:\/\/goodwill.fi\/kauppa\/tuote\/polycon-4010-peliohjain\/#primaryimage"},"thumbnailUrl":"https:\/\/goodwill.fi\/kauppa\/wp-content\/uploads\/2025\/05\/IMG_7441-scaled-e1748249381407.jpg","datePublished":"2025-05-26T08:57:39+00:00","description":"Valmistaja: Polycon Mitat: korkeus: 5,8 cm, leveys 31 cm, paino 958 g V\u00e4ri: ruskea Materiaali: muovi, metalli Kunto: paljon k\u00e4yt\u00f6n j\u00e4lki\u00e4","breadcrumb":{"@id":"https:\/\/goodwill.fi\/kauppa\/tuote\/polycon-4010-peliohjain\/#breadcrumb"},"inLanguage":"fi","potentialAction":[{"@type":"ReadAction","target":["https:\/\/goodwill.fi\/kauppa\/tuote\/polycon-4010-peliohjain\/"]}]},{"@type":"ImageObject","inLanguage":"fi","@id":"https:\/\/goodwill.fi\/kauppa\/tuote\/polycon-4010-peliohjain\/#primaryimage","url":"https:\/\/goodwill.fi\/kauppa\/wp-content\/uploads\/2025\/05\/IMG_7441-scaled-e1748249381407.jpg","contentUrl":"https:\/\/goodwill.fi\/kauppa\/wp-content\/uploads\/2025\/05\/IMG_7441-scaled-e1748249381407.jpg","width":1783,"height":1707},{"@type":"BreadcrumbList","@id":"https:\/\/goodwill.fi\/kauppa\/tuote\/polycon-4010-peliohjain\/#breadcrumb","itemListElement":[{"@type":"ListItem","position":1,"name":"Home","item":"https:\/\/goodwill.fi\/kauppa\/"},{"@type":"ListItem","position":2,"name":"Shop","item":"https:\/\/goodwill.fi\/kauppa\/shop\/"},{"@type":"ListItem","position":3,"name":"POLYCON 4010 PELIOHJAIN"}]},{"@type":"WebSite","@id":"https:\/\/goodwill.fi\/kauppa\/#website","url":"https:\/\/goodwill.fi\/kauppa\/","name":"Goodwill-verkkokauppa","description":"Kierr\u00e4tysmyym\u00e4l\u00e4 verkossa","publisher":{"@id":"https:\/\/goodwill.fi\/kauppa\/#organization"},"potentialAction":[{"@type":"SearchAction","target":{"@type":"EntryPoint","urlTemplate":"https:\/\/goodwill.fi\/kauppa\/?s={search_term_string}"},"query-input":{"@type":"PropertyValueSpecification","valueRequired":true,"valueName":"search_term_string"}}],"inLanguage":"fi"},{"@type":"Organization","@id":"https:\/\/goodwill.fi\/kauppa\/#organization","name":"Goodwill-verkkokauppa","url":"https:\/\/goodwill.fi\/kauppa\/","logo":{"@type":"ImageObject","inLanguage":"fi","@id":"https:\/\/goodwill.fi\/kauppa\/#\/schema\/logo\/image\/","url":"https:\/\/goodwill.fi\/kauppa\/wp-content\/uploads\/2021\/02\/cropped-logo_gw_store-723x211-1.png","contentUrl":"https:\/\/goodwill.fi\/kauppa\/wp-content\/uploads\/2021\/02\/cropped-logo_gw_store-723x211-1.png","width":723,"height":207,"caption":"Goodwill-verkkokauppa"},"image":{"@id":"https:\/\/goodwill.fi\/kauppa\/#\/schema\/logo\/image\/"}}]}},"_links":{"self":[{"href":"https:\/\/goodwill.fi\/kauppa\/wp-json\/wp\/v2\/product\/51353","targetHints":{"allow":["GET"]}}],"collection":[{"href":"https:\/\/goodwill.fi\/kauppa\/wp-json\/wp\/v2\/product"}],"about":[{"href":"https:\/\/goodwill.fi\/kauppa\/wp-json\/wp\/v2\/types\/product"}],"replies":[{"embeddable":true,"href":"https:\/\/goodwill.fi\/kauppa\/wp-json\/wp\/v2\/comments?post=51353"}],"wp:featuredmedia":[{"embeddable":true,"href":"https:\/\/goodwill.fi\/kauppa\/wp-json\/wp\/v2\/media\/51355"}],"wp:attachment":[{"href":"https:\/\/goodwill.fi\/kauppa\/wp-json\/wp\/v2\/media?parent=51353"}],"wp:term":[{"taxonomy":"product_brand","embeddable":true,"href":"https:\/\/goodwill.fi\/kauppa\/wp-json\/wp\/v2\/product_brand?post=51353"},{"taxonomy":"product_cat","embeddable":true,"href":"https:\/\/goodwill.fi\/kauppa\/wp-json\/wp\/v2\/product_cat?post=51353"},{"taxonomy":"product_tag","embeddable":true,"href":"https:\/\/goodwill.fi\/kauppa\/wp-json\/wp\/v2\/product_tag?post=51353"}],"curies":[{"name":"wp","href":"https:\/\/api.w.org\/{rel}","templated":true}]}}