{"id":46777,"date":"2025-03-21T16:00:49","date_gmt":"2025-03-21T14:00:49","guid":{"rendered":"https:\/\/goodwill.fi\/kauppa\/?post_type=product&#038;p=46777"},"modified":"2025-04-30T20:43:19","modified_gmt":"2025-04-30T17:43:19","slug":"neuvostoliittolaiset-setelit-1917-1919","status":"publish","type":"product","link":"https:\/\/goodwill.fi\/kauppa\/tuote\/neuvostoliittolaiset-setelit-1917-1919\/","title":{"rendered":"NEUVOSTOLIITTOLAISET SETELIT 1917-1919"},"content":{"rendered":"<p>Setti erilaisia vanhoja neuvostoliiton ajan seteleit\u00e4. Kyseess\u00e4 mahdollisesti Suomeen muuttaessa mukaan otettu omaisuus.<\/p>\n<p>Valmistusvuosi: 1917-1919<br \/>\nPaino: 417 g<br \/>\nKunto: k\u00e4ytettyj\u00e4, kunto vaihtelee<\/p>\n","protected":false},"excerpt":{"rendered":"<p>Setti erilaisia vanhoja neuvostoliiton ajan seteleit\u00e4. Kyseess\u00e4 mahdollisesti Suomeen muuttaessa mukaan otettu omaisuus. Valmistusvuosi: 1917-1919 Paino: 417 g Kunto: k\u00e4ytettyj\u00e4, kunto vaihtelee<\/p>\n","protected":false},"featured_media":46782,"comment_status":"open","ping_status":"closed","template":"","meta":[],"product_brand":[],"product_cat":[159,180,181],"product_tag":[1408,14557,2594,3581],"class_list":{"0":"post-46777","1":"product","2":"type-product","3":"status-publish","4":"has-post-thumbnail","6":"product_cat-kaikki","7":"product_cat-keraily-2","8":"product_cat-rahat-mitalit","9":"product_tag-keraily-3","10":"product_tag-kopeekka","11":"product_tag-neuvostoliitto","12":"product_tag-setelit","14":"first","15":"outofstock","16":"taxable","17":"shipping-taxable","18":"purchasable","19":"product-type-simple"},"yoast_head":"<!-- This site is optimized with the Yoast SEO plugin v27.1.1 - https:\/\/yoast.com\/product\/yoast-seo-wordpress\/ -->\n<title>NEUVOSTOLIITTOLAISET SETELIT 1917-1919 - Goodwill-verkkokauppa<\/title>\n<meta name=\"description\" content=\"Setti erilaisia vanhoja neuvostoliiton ajan seteleit\u00e4. Kyseess\u00e4 mahdollisesti Suomeen muuttaessa mukaan otettu omaisuus. Valmistusvuosi: 1917-1919\" \/>\n<meta name=\"robots\" content=\"index, follow, max-snippet:-1, max-image-preview:large, max-video-preview:-1\" \/>\n<link rel=\"canonical\" href=\"https:\/\/goodwill.fi\/kauppa\/tuote\/neuvostoliittolaiset-setelit-1917-1919\/\" \/>\n<meta property=\"og:locale\" content=\"fi_FI\" \/>\n<meta property=\"og:type\" content=\"article\" \/>\n<meta property=\"og:title\" content=\"NEUVOSTOLIITTOLAISET SETELIT 1917-1919 - Goodwill-verkkokauppa\" \/>\n<meta property=\"og:description\" content=\"Setti erilaisia vanhoja neuvostoliiton ajan seteleit\u00e4. Kyseess\u00e4 mahdollisesti Suomeen muuttaessa mukaan otettu omaisuus. Valmistusvuosi: 1917-1919\" \/>\n<meta property=\"og:url\" content=\"https:\/\/goodwill.fi\/kauppa\/tuote\/neuvostoliittolaiset-setelit-1917-1919\/\" \/>\n<meta property=\"og:site_name\" content=\"Goodwill-verkkokauppa\" \/>\n<meta property=\"article:modified_time\" content=\"2025-04-30T17:43:19+00:00\" \/>\n<meta property=\"og:image\" content=\"https:\/\/goodwill.fi\/kauppa\/wp-content\/uploads\/2025\/03\/IMG_4425-scaled-e1742378173476.jpg\" \/>\n\t<meta property=\"og:image:width\" content=\"1780\" \/>\n\t<meta property=\"og:image:height\" content=\"1476\" \/>\n\t<meta property=\"og:image:type\" content=\"image\/jpeg\" \/>\n<meta name=\"twitter:card\" content=\"summary_large_image\" \/>\n<meta name=\"twitter:label1\" content=\"Arvioitu lukuaika\" \/>\n\t<meta name=\"twitter:data1\" content=\"1 minuutti\" \/>\n<script type=\"application\/ld+json\" class=\"yoast-schema-graph\">{\"@context\":\"https:\/\/schema.org\",\"@graph\":[{\"@type\":\"WebPage\",\"@id\":\"https:\/\/goodwill.fi\/kauppa\/tuote\/neuvostoliittolaiset-setelit-1917-1919\/\",\"url\":\"https:\/\/goodwill.fi\/kauppa\/tuote\/neuvostoliittolaiset-setelit-1917-1919\/\",\"name\":\"NEUVOSTOLIITTOLAISET SETELIT 1917-1919 - Goodwill-verkkokauppa\",\"isPartOf\":{\"@id\":\"https:\/\/goodwill.fi\/kauppa\/#website\"},\"primaryImageOfPage\":{\"@id\":\"https:\/\/goodwill.fi\/kauppa\/tuote\/neuvostoliittolaiset-setelit-1917-1919\/#primaryimage\"},\"image\":{\"@id\":\"https:\/\/goodwill.fi\/kauppa\/tuote\/neuvostoliittolaiset-setelit-1917-1919\/#primaryimage\"},\"thumbnailUrl\":\"https:\/\/goodwill.fi\/kauppa\/wp-content\/uploads\/2025\/03\/IMG_4425-scaled-e1742378173476.jpg\",\"datePublished\":\"2025-03-21T14:00:49+00:00\",\"dateModified\":\"2025-04-30T17:43:19+00:00\",\"description\":\"Setti erilaisia vanhoja neuvostoliiton ajan seteleit\u00e4. Kyseess\u00e4 mahdollisesti Suomeen muuttaessa mukaan otettu omaisuus. Valmistusvuosi: 1917-1919\",\"breadcrumb\":{\"@id\":\"https:\/\/goodwill.fi\/kauppa\/tuote\/neuvostoliittolaiset-setelit-1917-1919\/#breadcrumb\"},\"inLanguage\":\"fi\",\"potentialAction\":[{\"@type\":\"ReadAction\",\"target\":[\"https:\/\/goodwill.fi\/kauppa\/tuote\/neuvostoliittolaiset-setelit-1917-1919\/\"]}]},{\"@type\":\"ImageObject\",\"inLanguage\":\"fi\",\"@id\":\"https:\/\/goodwill.fi\/kauppa\/tuote\/neuvostoliittolaiset-setelit-1917-1919\/#primaryimage\",\"url\":\"https:\/\/goodwill.fi\/kauppa\/wp-content\/uploads\/2025\/03\/IMG_4425-scaled-e1742378173476.jpg\",\"contentUrl\":\"https:\/\/goodwill.fi\/kauppa\/wp-content\/uploads\/2025\/03\/IMG_4425-scaled-e1742378173476.jpg\",\"width\":1780,\"height\":1476},{\"@type\":\"BreadcrumbList\",\"@id\":\"https:\/\/goodwill.fi\/kauppa\/tuote\/neuvostoliittolaiset-setelit-1917-1919\/#breadcrumb\",\"itemListElement\":[{\"@type\":\"ListItem\",\"position\":1,\"name\":\"Home\",\"item\":\"https:\/\/goodwill.fi\/kauppa\/\"},{\"@type\":\"ListItem\",\"position\":2,\"name\":\"Shop\",\"item\":\"https:\/\/goodwill.fi\/kauppa\/shop\/\"},{\"@type\":\"ListItem\",\"position\":3,\"name\":\"NEUVOSTOLIITTOLAISET SETELIT 1917-1919\"}]},{\"@type\":\"WebSite\",\"@id\":\"https:\/\/goodwill.fi\/kauppa\/#website\",\"url\":\"https:\/\/goodwill.fi\/kauppa\/\",\"name\":\"Goodwill-verkkokauppa\",\"description\":\"Kierr\u00e4tysmyym\u00e4l\u00e4 verkossa\",\"publisher\":{\"@id\":\"https:\/\/goodwill.fi\/kauppa\/#organization\"},\"potentialAction\":[{\"@type\":\"SearchAction\",\"target\":{\"@type\":\"EntryPoint\",\"urlTemplate\":\"https:\/\/goodwill.fi\/kauppa\/?s={search_term_string}\"},\"query-input\":{\"@type\":\"PropertyValueSpecification\",\"valueRequired\":true,\"valueName\":\"search_term_string\"}}],\"inLanguage\":\"fi\"},{\"@type\":\"Organization\",\"@id\":\"https:\/\/goodwill.fi\/kauppa\/#organization\",\"name\":\"Goodwill-verkkokauppa\",\"url\":\"https:\/\/goodwill.fi\/kauppa\/\",\"logo\":{\"@type\":\"ImageObject\",\"inLanguage\":\"fi\",\"@id\":\"https:\/\/goodwill.fi\/kauppa\/#\/schema\/logo\/image\/\",\"url\":\"https:\/\/goodwill.fi\/kauppa\/wp-content\/uploads\/2021\/02\/cropped-logo_gw_store-723x211-1.png\",\"contentUrl\":\"https:\/\/goodwill.fi\/kauppa\/wp-content\/uploads\/2021\/02\/cropped-logo_gw_store-723x211-1.png\",\"width\":723,\"height\":207,\"caption\":\"Goodwill-verkkokauppa\"},\"image\":{\"@id\":\"https:\/\/goodwill.fi\/kauppa\/#\/schema\/logo\/image\/\"}}]}<\/script>\n<!-- \/ Yoast SEO plugin. -->","yoast_head_json":{"title":"NEUVOSTOLIITTOLAISET SETELIT 1917-1919 - Goodwill-verkkokauppa","description":"Setti erilaisia vanhoja neuvostoliiton ajan seteleit\u00e4. Kyseess\u00e4 mahdollisesti Suomeen muuttaessa mukaan otettu omaisuus. Valmistusvuosi: 1917-1919","robots":{"index":"index","follow":"follow","max-snippet":"max-snippet:-1","max-image-preview":"max-image-preview:large","max-video-preview":"max-video-preview:-1"},"canonical":"https:\/\/goodwill.fi\/kauppa\/tuote\/neuvostoliittolaiset-setelit-1917-1919\/","og_locale":"fi_FI","og_type":"article","og_title":"NEUVOSTOLIITTOLAISET SETELIT 1917-1919 - Goodwill-verkkokauppa","og_description":"Setti erilaisia vanhoja neuvostoliiton ajan seteleit\u00e4. Kyseess\u00e4 mahdollisesti Suomeen muuttaessa mukaan otettu omaisuus. Valmistusvuosi: 1917-1919","og_url":"https:\/\/goodwill.fi\/kauppa\/tuote\/neuvostoliittolaiset-setelit-1917-1919\/","og_site_name":"Goodwill-verkkokauppa","article_modified_time":"2025-04-30T17:43:19+00:00","og_image":[{"width":1780,"height":1476,"url":"https:\/\/goodwill.fi\/kauppa\/wp-content\/uploads\/2025\/03\/IMG_4425-scaled-e1742378173476.jpg","type":"image\/jpeg"}],"twitter_card":"summary_large_image","twitter_misc":{"Arvioitu lukuaika":"1 minuutti"},"schema":{"@context":"https:\/\/schema.org","@graph":[{"@type":"WebPage","@id":"https:\/\/goodwill.fi\/kauppa\/tuote\/neuvostoliittolaiset-setelit-1917-1919\/","url":"https:\/\/goodwill.fi\/kauppa\/tuote\/neuvostoliittolaiset-setelit-1917-1919\/","name":"NEUVOSTOLIITTOLAISET SETELIT 1917-1919 - Goodwill-verkkokauppa","isPartOf":{"@id":"https:\/\/goodwill.fi\/kauppa\/#website"},"primaryImageOfPage":{"@id":"https:\/\/goodwill.fi\/kauppa\/tuote\/neuvostoliittolaiset-setelit-1917-1919\/#primaryimage"},"image":{"@id":"https:\/\/goodwill.fi\/kauppa\/tuote\/neuvostoliittolaiset-setelit-1917-1919\/#primaryimage"},"thumbnailUrl":"https:\/\/goodwill.fi\/kauppa\/wp-content\/uploads\/2025\/03\/IMG_4425-scaled-e1742378173476.jpg","datePublished":"2025-03-21T14:00:49+00:00","dateModified":"2025-04-30T17:43:19+00:00","description":"Setti erilaisia vanhoja neuvostoliiton ajan seteleit\u00e4. Kyseess\u00e4 mahdollisesti Suomeen muuttaessa mukaan otettu omaisuus. Valmistusvuosi: 1917-1919","breadcrumb":{"@id":"https:\/\/goodwill.fi\/kauppa\/tuote\/neuvostoliittolaiset-setelit-1917-1919\/#breadcrumb"},"inLanguage":"fi","potentialAction":[{"@type":"ReadAction","target":["https:\/\/goodwill.fi\/kauppa\/tuote\/neuvostoliittolaiset-setelit-1917-1919\/"]}]},{"@type":"ImageObject","inLanguage":"fi","@id":"https:\/\/goodwill.fi\/kauppa\/tuote\/neuvostoliittolaiset-setelit-1917-1919\/#primaryimage","url":"https:\/\/goodwill.fi\/kauppa\/wp-content\/uploads\/2025\/03\/IMG_4425-scaled-e1742378173476.jpg","contentUrl":"https:\/\/goodwill.fi\/kauppa\/wp-content\/uploads\/2025\/03\/IMG_4425-scaled-e1742378173476.jpg","width":1780,"height":1476},{"@type":"BreadcrumbList","@id":"https:\/\/goodwill.fi\/kauppa\/tuote\/neuvostoliittolaiset-setelit-1917-1919\/#breadcrumb","itemListElement":[{"@type":"ListItem","position":1,"name":"Home","item":"https:\/\/goodwill.fi\/kauppa\/"},{"@type":"ListItem","position":2,"name":"Shop","item":"https:\/\/goodwill.fi\/kauppa\/shop\/"},{"@type":"ListItem","position":3,"name":"NEUVOSTOLIITTOLAISET SETELIT 1917-1919"}]},{"@type":"WebSite","@id":"https:\/\/goodwill.fi\/kauppa\/#website","url":"https:\/\/goodwill.fi\/kauppa\/","name":"Goodwill-verkkokauppa","description":"Kierr\u00e4tysmyym\u00e4l\u00e4 verkossa","publisher":{"@id":"https:\/\/goodwill.fi\/kauppa\/#organization"},"potentialAction":[{"@type":"SearchAction","target":{"@type":"EntryPoint","urlTemplate":"https:\/\/goodwill.fi\/kauppa\/?s={search_term_string}"},"query-input":{"@type":"PropertyValueSpecification","valueRequired":true,"valueName":"search_term_string"}}],"inLanguage":"fi"},{"@type":"Organization","@id":"https:\/\/goodwill.fi\/kauppa\/#organization","name":"Goodwill-verkkokauppa","url":"https:\/\/goodwill.fi\/kauppa\/","logo":{"@type":"ImageObject","inLanguage":"fi","@id":"https:\/\/goodwill.fi\/kauppa\/#\/schema\/logo\/image\/","url":"https:\/\/goodwill.fi\/kauppa\/wp-content\/uploads\/2021\/02\/cropped-logo_gw_store-723x211-1.png","contentUrl":"https:\/\/goodwill.fi\/kauppa\/wp-content\/uploads\/2021\/02\/cropped-logo_gw_store-723x211-1.png","width":723,"height":207,"caption":"Goodwill-verkkokauppa"},"image":{"@id":"https:\/\/goodwill.fi\/kauppa\/#\/schema\/logo\/image\/"}}]}},"_links":{"self":[{"href":"https:\/\/goodwill.fi\/kauppa\/wp-json\/wp\/v2\/product\/46777","targetHints":{"allow":["GET"]}}],"collection":[{"href":"https:\/\/goodwill.fi\/kauppa\/wp-json\/wp\/v2\/product"}],"about":[{"href":"https:\/\/goodwill.fi\/kauppa\/wp-json\/wp\/v2\/types\/product"}],"replies":[{"embeddable":true,"href":"https:\/\/goodwill.fi\/kauppa\/wp-json\/wp\/v2\/comments?post=46777"}],"wp:featuredmedia":[{"embeddable":true,"href":"https:\/\/goodwill.fi\/kauppa\/wp-json\/wp\/v2\/media\/46782"}],"wp:attachment":[{"href":"https:\/\/goodwill.fi\/kauppa\/wp-json\/wp\/v2\/media?parent=46777"}],"wp:term":[{"taxonomy":"product_brand","embeddable":true,"href":"https:\/\/goodwill.fi\/kauppa\/wp-json\/wp\/v2\/product_brand?post=46777"},{"taxonomy":"product_cat","embeddable":true,"href":"https:\/\/goodwill.fi\/kauppa\/wp-json\/wp\/v2\/product_cat?post=46777"},{"taxonomy":"product_tag","embeddable":true,"href":"https:\/\/goodwill.fi\/kauppa\/wp-json\/wp\/v2\/product_tag?post=46777"}],"curies":[{"name":"wp","href":"https:\/\/api.w.org\/{rel}","templated":true}]}}