{"id":46679,"date":"2025-03-18T12:20:01","date_gmt":"2025-03-18T10:20:01","guid":{"rendered":"https:\/\/goodwill.fi\/kauppa\/?post_type=product&#038;p=46679"},"modified":"2025-03-18T14:21:31","modified_gmt":"2025-03-18T12:21:31","slug":"camee-medaljonki-riipus","status":"publish","type":"product","link":"https:\/\/goodwill.fi\/kauppa\/tuote\/camee-medaljonki-riipus\/","title":{"rendered":"CAMEE MEDALJONKI RIIPUS"},"content":{"rendered":"<p>Kaunis vintage cameo parfyymi medaljonki 1970- luvulta.<\/p>\n<p>Mitat: korkeus 5.9 cm, leveys 4 cm, paino 50 g<br \/>\nV\u00e4ri: kulta, tum. pun, valkoinen<br \/>\nMateriaali: metalli, korukivi<br \/>\nKunto: ehj\u00e4, hieman haalistunut<br \/>\nHuom: Korun sis\u00e4ll\u00e4 hajuvesi parfyymi\u00e4, jonka k\u00e4ytt\u00f6\u00e4 emme suosittele.<\/p>\n","protected":false},"excerpt":{"rendered":"<p>Kaunis vintage cameo parfyymi medaljonki 1970- luvulta. Mitat: korkeus 5.9 cm, leveys 4 cm, paino 50 g V\u00e4ri: kulta, tum. pun, valkoinen Materiaali: metalli, korukivi Kunto: ehj\u00e4, hieman haalistunut Huom: Korun sis\u00e4ll\u00e4 hajuvesi parfyymi\u00e4, jonka k\u00e4ytt\u00f6\u00e4 emme suosittele.<\/p>\n","protected":false},"featured_media":46682,"comment_status":"open","ping_status":"closed","template":"","meta":[],"product_brand":[],"product_cat":[159,176,148],"product_tag":[4899,14540,14548,3867],"class_list":{"0":"post-46679","1":"product","2":"type-product","3":"status-publish","4":"has-post-thumbnail","6":"product_cat-kaikki","7":"product_cat-asusteet-2","8":"product_cat-korut-2","9":"product_tag-camee","10":"product_tag-cameo","11":"product_tag-kot005452","12":"product_tag-riipus","14":"first","15":"outofstock","16":"taxable","17":"shipping-taxable","18":"purchasable","19":"product-type-simple"},"yoast_head":"<!-- This site is optimized with the Yoast SEO plugin v27.1.1 - https:\/\/yoast.com\/product\/yoast-seo-wordpress\/ -->\n<title>CAMEE MEDALJONKI RIIPUS - Goodwill-verkkokauppa<\/title>\n<meta name=\"description\" content=\"Kaunis vintage cameo parfyymi medaljonki 1970- luvulta. Mitat: korkeus 5.9 cm, leveys 4 cm, paino 50 g Kunto: ehj\u00e4, hieman haalistunut\" \/>\n<meta name=\"robots\" content=\"index, follow, max-snippet:-1, max-image-preview:large, max-video-preview:-1\" \/>\n<link rel=\"canonical\" href=\"https:\/\/goodwill.fi\/kauppa\/tuote\/camee-medaljonki-riipus\/\" \/>\n<meta property=\"og:locale\" content=\"fi_FI\" \/>\n<meta property=\"og:type\" content=\"article\" \/>\n<meta property=\"og:title\" content=\"CAMEE MEDALJONKI RIIPUS - Goodwill-verkkokauppa\" \/>\n<meta property=\"og:description\" content=\"Kaunis vintage cameo parfyymi medaljonki 1970- luvulta. Mitat: korkeus 5.9 cm, leveys 4 cm, paino 50 g Kunto: ehj\u00e4, hieman haalistunut\" \/>\n<meta property=\"og:url\" content=\"https:\/\/goodwill.fi\/kauppa\/tuote\/camee-medaljonki-riipus\/\" \/>\n<meta property=\"og:site_name\" content=\"Goodwill-verkkokauppa\" \/>\n<meta property=\"article:modified_time\" content=\"2025-03-18T12:21:31+00:00\" \/>\n<meta property=\"og:image\" content=\"https:\/\/goodwill.fi\/kauppa\/wp-content\/uploads\/2025\/03\/IMG_3575-scaled-e1742289791680.jpg\" \/>\n\t<meta property=\"og:image:width\" content=\"1860\" \/>\n\t<meta property=\"og:image:height\" content=\"1446\" \/>\n\t<meta property=\"og:image:type\" content=\"image\/jpeg\" \/>\n<meta name=\"twitter:card\" content=\"summary_large_image\" \/>\n<meta name=\"twitter:label1\" content=\"Arvioitu lukuaika\" \/>\n\t<meta name=\"twitter:data1\" content=\"1 minuutti\" \/>\n<script type=\"application\/ld+json\" class=\"yoast-schema-graph\">{\"@context\":\"https:\/\/schema.org\",\"@graph\":[{\"@type\":\"WebPage\",\"@id\":\"https:\/\/goodwill.fi\/kauppa\/tuote\/camee-medaljonki-riipus\/\",\"url\":\"https:\/\/goodwill.fi\/kauppa\/tuote\/camee-medaljonki-riipus\/\",\"name\":\"CAMEE MEDALJONKI RIIPUS - Goodwill-verkkokauppa\",\"isPartOf\":{\"@id\":\"https:\/\/goodwill.fi\/kauppa\/#website\"},\"primaryImageOfPage\":{\"@id\":\"https:\/\/goodwill.fi\/kauppa\/tuote\/camee-medaljonki-riipus\/#primaryimage\"},\"image\":{\"@id\":\"https:\/\/goodwill.fi\/kauppa\/tuote\/camee-medaljonki-riipus\/#primaryimage\"},\"thumbnailUrl\":\"https:\/\/goodwill.fi\/kauppa\/wp-content\/uploads\/2025\/03\/IMG_3575-scaled-e1742289791680.jpg\",\"datePublished\":\"2025-03-18T10:20:01+00:00\",\"dateModified\":\"2025-03-18T12:21:31+00:00\",\"description\":\"Kaunis vintage cameo parfyymi medaljonki 1970- luvulta. Mitat: korkeus 5.9 cm, leveys 4 cm, paino 50 g Kunto: ehj\u00e4, hieman haalistunut\",\"breadcrumb\":{\"@id\":\"https:\/\/goodwill.fi\/kauppa\/tuote\/camee-medaljonki-riipus\/#breadcrumb\"},\"inLanguage\":\"fi\",\"potentialAction\":[{\"@type\":\"ReadAction\",\"target\":[\"https:\/\/goodwill.fi\/kauppa\/tuote\/camee-medaljonki-riipus\/\"]}]},{\"@type\":\"ImageObject\",\"inLanguage\":\"fi\",\"@id\":\"https:\/\/goodwill.fi\/kauppa\/tuote\/camee-medaljonki-riipus\/#primaryimage\",\"url\":\"https:\/\/goodwill.fi\/kauppa\/wp-content\/uploads\/2025\/03\/IMG_3575-scaled-e1742289791680.jpg\",\"contentUrl\":\"https:\/\/goodwill.fi\/kauppa\/wp-content\/uploads\/2025\/03\/IMG_3575-scaled-e1742289791680.jpg\",\"width\":1860,\"height\":1446},{\"@type\":\"BreadcrumbList\",\"@id\":\"https:\/\/goodwill.fi\/kauppa\/tuote\/camee-medaljonki-riipus\/#breadcrumb\",\"itemListElement\":[{\"@type\":\"ListItem\",\"position\":1,\"name\":\"Home\",\"item\":\"https:\/\/goodwill.fi\/kauppa\/\"},{\"@type\":\"ListItem\",\"position\":2,\"name\":\"Shop\",\"item\":\"https:\/\/goodwill.fi\/kauppa\/shop\/\"},{\"@type\":\"ListItem\",\"position\":3,\"name\":\"CAMEE MEDALJONKI RIIPUS\"}]},{\"@type\":\"WebSite\",\"@id\":\"https:\/\/goodwill.fi\/kauppa\/#website\",\"url\":\"https:\/\/goodwill.fi\/kauppa\/\",\"name\":\"Goodwill-verkkokauppa\",\"description\":\"Kierr\u00e4tysmyym\u00e4l\u00e4 verkossa\",\"publisher\":{\"@id\":\"https:\/\/goodwill.fi\/kauppa\/#organization\"},\"potentialAction\":[{\"@type\":\"SearchAction\",\"target\":{\"@type\":\"EntryPoint\",\"urlTemplate\":\"https:\/\/goodwill.fi\/kauppa\/?s={search_term_string}\"},\"query-input\":{\"@type\":\"PropertyValueSpecification\",\"valueRequired\":true,\"valueName\":\"search_term_string\"}}],\"inLanguage\":\"fi\"},{\"@type\":\"Organization\",\"@id\":\"https:\/\/goodwill.fi\/kauppa\/#organization\",\"name\":\"Goodwill-verkkokauppa\",\"url\":\"https:\/\/goodwill.fi\/kauppa\/\",\"logo\":{\"@type\":\"ImageObject\",\"inLanguage\":\"fi\",\"@id\":\"https:\/\/goodwill.fi\/kauppa\/#\/schema\/logo\/image\/\",\"url\":\"https:\/\/goodwill.fi\/kauppa\/wp-content\/uploads\/2021\/02\/cropped-logo_gw_store-723x211-1.png\",\"contentUrl\":\"https:\/\/goodwill.fi\/kauppa\/wp-content\/uploads\/2021\/02\/cropped-logo_gw_store-723x211-1.png\",\"width\":723,\"height\":207,\"caption\":\"Goodwill-verkkokauppa\"},\"image\":{\"@id\":\"https:\/\/goodwill.fi\/kauppa\/#\/schema\/logo\/image\/\"}}]}<\/script>\n<!-- \/ Yoast SEO plugin. -->","yoast_head_json":{"title":"CAMEE MEDALJONKI RIIPUS - Goodwill-verkkokauppa","description":"Kaunis vintage cameo parfyymi medaljonki 1970- luvulta. Mitat: korkeus 5.9 cm, leveys 4 cm, paino 50 g Kunto: ehj\u00e4, hieman haalistunut","robots":{"index":"index","follow":"follow","max-snippet":"max-snippet:-1","max-image-preview":"max-image-preview:large","max-video-preview":"max-video-preview:-1"},"canonical":"https:\/\/goodwill.fi\/kauppa\/tuote\/camee-medaljonki-riipus\/","og_locale":"fi_FI","og_type":"article","og_title":"CAMEE MEDALJONKI RIIPUS - Goodwill-verkkokauppa","og_description":"Kaunis vintage cameo parfyymi medaljonki 1970- luvulta. Mitat: korkeus 5.9 cm, leveys 4 cm, paino 50 g Kunto: ehj\u00e4, hieman haalistunut","og_url":"https:\/\/goodwill.fi\/kauppa\/tuote\/camee-medaljonki-riipus\/","og_site_name":"Goodwill-verkkokauppa","article_modified_time":"2025-03-18T12:21:31+00:00","og_image":[{"width":1860,"height":1446,"url":"https:\/\/goodwill.fi\/kauppa\/wp-content\/uploads\/2025\/03\/IMG_3575-scaled-e1742289791680.jpg","type":"image\/jpeg"}],"twitter_card":"summary_large_image","twitter_misc":{"Arvioitu lukuaika":"1 minuutti"},"schema":{"@context":"https:\/\/schema.org","@graph":[{"@type":"WebPage","@id":"https:\/\/goodwill.fi\/kauppa\/tuote\/camee-medaljonki-riipus\/","url":"https:\/\/goodwill.fi\/kauppa\/tuote\/camee-medaljonki-riipus\/","name":"CAMEE MEDALJONKI RIIPUS - Goodwill-verkkokauppa","isPartOf":{"@id":"https:\/\/goodwill.fi\/kauppa\/#website"},"primaryImageOfPage":{"@id":"https:\/\/goodwill.fi\/kauppa\/tuote\/camee-medaljonki-riipus\/#primaryimage"},"image":{"@id":"https:\/\/goodwill.fi\/kauppa\/tuote\/camee-medaljonki-riipus\/#primaryimage"},"thumbnailUrl":"https:\/\/goodwill.fi\/kauppa\/wp-content\/uploads\/2025\/03\/IMG_3575-scaled-e1742289791680.jpg","datePublished":"2025-03-18T10:20:01+00:00","dateModified":"2025-03-18T12:21:31+00:00","description":"Kaunis vintage cameo parfyymi medaljonki 1970- luvulta. Mitat: korkeus 5.9 cm, leveys 4 cm, paino 50 g Kunto: ehj\u00e4, hieman haalistunut","breadcrumb":{"@id":"https:\/\/goodwill.fi\/kauppa\/tuote\/camee-medaljonki-riipus\/#breadcrumb"},"inLanguage":"fi","potentialAction":[{"@type":"ReadAction","target":["https:\/\/goodwill.fi\/kauppa\/tuote\/camee-medaljonki-riipus\/"]}]},{"@type":"ImageObject","inLanguage":"fi","@id":"https:\/\/goodwill.fi\/kauppa\/tuote\/camee-medaljonki-riipus\/#primaryimage","url":"https:\/\/goodwill.fi\/kauppa\/wp-content\/uploads\/2025\/03\/IMG_3575-scaled-e1742289791680.jpg","contentUrl":"https:\/\/goodwill.fi\/kauppa\/wp-content\/uploads\/2025\/03\/IMG_3575-scaled-e1742289791680.jpg","width":1860,"height":1446},{"@type":"BreadcrumbList","@id":"https:\/\/goodwill.fi\/kauppa\/tuote\/camee-medaljonki-riipus\/#breadcrumb","itemListElement":[{"@type":"ListItem","position":1,"name":"Home","item":"https:\/\/goodwill.fi\/kauppa\/"},{"@type":"ListItem","position":2,"name":"Shop","item":"https:\/\/goodwill.fi\/kauppa\/shop\/"},{"@type":"ListItem","position":3,"name":"CAMEE MEDALJONKI RIIPUS"}]},{"@type":"WebSite","@id":"https:\/\/goodwill.fi\/kauppa\/#website","url":"https:\/\/goodwill.fi\/kauppa\/","name":"Goodwill-verkkokauppa","description":"Kierr\u00e4tysmyym\u00e4l\u00e4 verkossa","publisher":{"@id":"https:\/\/goodwill.fi\/kauppa\/#organization"},"potentialAction":[{"@type":"SearchAction","target":{"@type":"EntryPoint","urlTemplate":"https:\/\/goodwill.fi\/kauppa\/?s={search_term_string}"},"query-input":{"@type":"PropertyValueSpecification","valueRequired":true,"valueName":"search_term_string"}}],"inLanguage":"fi"},{"@type":"Organization","@id":"https:\/\/goodwill.fi\/kauppa\/#organization","name":"Goodwill-verkkokauppa","url":"https:\/\/goodwill.fi\/kauppa\/","logo":{"@type":"ImageObject","inLanguage":"fi","@id":"https:\/\/goodwill.fi\/kauppa\/#\/schema\/logo\/image\/","url":"https:\/\/goodwill.fi\/kauppa\/wp-content\/uploads\/2021\/02\/cropped-logo_gw_store-723x211-1.png","contentUrl":"https:\/\/goodwill.fi\/kauppa\/wp-content\/uploads\/2021\/02\/cropped-logo_gw_store-723x211-1.png","width":723,"height":207,"caption":"Goodwill-verkkokauppa"},"image":{"@id":"https:\/\/goodwill.fi\/kauppa\/#\/schema\/logo\/image\/"}}]}},"_links":{"self":[{"href":"https:\/\/goodwill.fi\/kauppa\/wp-json\/wp\/v2\/product\/46679","targetHints":{"allow":["GET"]}}],"collection":[{"href":"https:\/\/goodwill.fi\/kauppa\/wp-json\/wp\/v2\/product"}],"about":[{"href":"https:\/\/goodwill.fi\/kauppa\/wp-json\/wp\/v2\/types\/product"}],"replies":[{"embeddable":true,"href":"https:\/\/goodwill.fi\/kauppa\/wp-json\/wp\/v2\/comments?post=46679"}],"wp:featuredmedia":[{"embeddable":true,"href":"https:\/\/goodwill.fi\/kauppa\/wp-json\/wp\/v2\/media\/46682"}],"wp:attachment":[{"href":"https:\/\/goodwill.fi\/kauppa\/wp-json\/wp\/v2\/media?parent=46679"}],"wp:term":[{"taxonomy":"product_brand","embeddable":true,"href":"https:\/\/goodwill.fi\/kauppa\/wp-json\/wp\/v2\/product_brand?post=46679"},{"taxonomy":"product_cat","embeddable":true,"href":"https:\/\/goodwill.fi\/kauppa\/wp-json\/wp\/v2\/product_cat?post=46679"},{"taxonomy":"product_tag","embeddable":true,"href":"https:\/\/goodwill.fi\/kauppa\/wp-json\/wp\/v2\/product_tag?post=46679"}],"curies":[{"name":"wp","href":"https:\/\/api.w.org\/{rel}","templated":true}]}}