{"id":42716,"date":"2025-01-15T12:37:52","date_gmt":"2025-01-15T10:37:52","guid":{"rendered":"https:\/\/goodwill.fi\/kauppa\/?post_type=product&#038;p=42716"},"modified":"2025-04-16T13:09:20","modified_gmt":"2025-04-16T10:09:20","slug":"keijo-kortesalo-maljakko","status":"publish","type":"product","link":"https:\/\/goodwill.fi\/kauppa\/tuote\/keijo-kortesalo-maljakko\/","title":{"rendered":"KEIJO KORTESALO MALJAKKO"},"content":{"rendered":"<p>Suunnittelija: Keijo Kortesalo<br \/>\nValmistaja: Ei tiedossa<br \/>\nValmistusvuosi: Ei tiedossa<br \/>\nMitat: korkeus n. 40cm, halkaisija alhaalta n.12cm ja ylh\u00e4\u00e4lt\u00e4 n. 20cm, paino n. 2.7kg<br \/>\nV\u00e4ri: Moniv\u00e4rinen<br \/>\nMateriaali: lasi<br \/>\nKunto: K\u00e4yt\u00f6nj\u00e4lke\u00e4<\/p>\n<p>&nbsp;<\/p>\n","protected":false},"excerpt":{"rendered":"<p>Suunnittelija: Keijo Kortesalo Valmistaja: Ei tiedossa Valmistusvuosi: Ei tiedossa Mitat: korkeus n. 40cm, halkaisija alhaalta n.12cm ja ylh\u00e4\u00e4lt\u00e4 n. 20cm, paino n. 2.7kg V\u00e4ri: Moniv\u00e4rinen Materiaali: lasi Kunto: K\u00e4yt\u00f6nj\u00e4lke\u00e4 &nbsp;<\/p>\n","protected":false},"featured_media":42717,"comment_status":"open","ping_status":"closed","template":"","meta":[],"product_brand":[],"product_cat":[159,146,154,14874],"product_tag":[13701,387,2224,553],"class_list":{"0":"post-42716","1":"product","2":"type-product","3":"status-publish","4":"has-post-thumbnail","6":"product_cat-kaikki","7":"product_cat-koti-2","8":"product_cat-sisustus-2","9":"product_cat-maljakot","10":"product_tag-kit00339","11":"product_tag-lasimaljakko","12":"product_tag-lysterilasi","13":"product_tag-myrkkylasi","15":"first","16":"instock","17":"taxable","18":"shipping-taxable","19":"purchasable","20":"product-type-simple"},"yoast_head":"<!-- This site is optimized with the Yoast SEO plugin v27.1.1 - https:\/\/yoast.com\/product\/yoast-seo-wordpress\/ -->\n<title>KEIJO KORTESALO MALJAKKO - Goodwill-verkkokauppa<\/title>\n<meta name=\"description\" content=\"Keijo Kortesalon lysterilasimaljakko \/ myrkkylasilasimaljakko 40cm korkea ja 2.7kg painava moniv\u00e4rinen lasimaljakko signeerattu\" \/>\n<meta name=\"robots\" content=\"index, follow, max-snippet:-1, max-image-preview:large, max-video-preview:-1\" \/>\n<link rel=\"canonical\" href=\"https:\/\/goodwill.fi\/kauppa\/tuote\/keijo-kortesalo-maljakko\/\" \/>\n<meta property=\"og:locale\" content=\"fi_FI\" \/>\n<meta property=\"og:type\" content=\"article\" \/>\n<meta property=\"og:title\" content=\"KEIJO KORTESALO MALJAKKO - Goodwill-verkkokauppa\" \/>\n<meta property=\"og:description\" content=\"Keijo Kortesalon lysterilasimaljakko \/ myrkkylasilasimaljakko 40cm korkea ja 2.7kg painava moniv\u00e4rinen lasimaljakko signeerattu\" \/>\n<meta property=\"og:url\" content=\"https:\/\/goodwill.fi\/kauppa\/tuote\/keijo-kortesalo-maljakko\/\" \/>\n<meta property=\"og:site_name\" content=\"Goodwill-verkkokauppa\" \/>\n<meta property=\"article:modified_time\" content=\"2025-04-16T10:09:20+00:00\" \/>\n<meta property=\"og:image\" content=\"https:\/\/goodwill.fi\/kauppa\/wp-content\/uploads\/2025\/01\/IMG_5965-scaled.jpg\" \/>\n\t<meta property=\"og:image:width\" content=\"1707\" \/>\n\t<meta property=\"og:image:height\" content=\"2560\" \/>\n\t<meta property=\"og:image:type\" content=\"image\/jpeg\" \/>\n<meta name=\"twitter:card\" content=\"summary_large_image\" \/>\n<meta name=\"twitter:label1\" content=\"Arvioitu lukuaika\" \/>\n\t<meta name=\"twitter:data1\" content=\"1 minuutti\" \/>\n<script type=\"application\/ld+json\" class=\"yoast-schema-graph\">{\"@context\":\"https:\/\/schema.org\",\"@graph\":[{\"@type\":\"WebPage\",\"@id\":\"https:\/\/goodwill.fi\/kauppa\/tuote\/keijo-kortesalo-maljakko\/\",\"url\":\"https:\/\/goodwill.fi\/kauppa\/tuote\/keijo-kortesalo-maljakko\/\",\"name\":\"KEIJO KORTESALO MALJAKKO - Goodwill-verkkokauppa\",\"isPartOf\":{\"@id\":\"https:\/\/goodwill.fi\/kauppa\/#website\"},\"primaryImageOfPage\":{\"@id\":\"https:\/\/goodwill.fi\/kauppa\/tuote\/keijo-kortesalo-maljakko\/#primaryimage\"},\"image\":{\"@id\":\"https:\/\/goodwill.fi\/kauppa\/tuote\/keijo-kortesalo-maljakko\/#primaryimage\"},\"thumbnailUrl\":\"https:\/\/goodwill.fi\/kauppa\/wp-content\/uploads\/2025\/01\/IMG_5965-scaled.jpg\",\"datePublished\":\"2025-01-15T10:37:52+00:00\",\"dateModified\":\"2025-04-16T10:09:20+00:00\",\"description\":\"Keijo Kortesalon lysterilasimaljakko \/ myrkkylasilasimaljakko 40cm korkea ja 2.7kg painava moniv\u00e4rinen lasimaljakko signeerattu\",\"breadcrumb\":{\"@id\":\"https:\/\/goodwill.fi\/kauppa\/tuote\/keijo-kortesalo-maljakko\/#breadcrumb\"},\"inLanguage\":\"fi\",\"potentialAction\":[{\"@type\":\"ReadAction\",\"target\":[\"https:\/\/goodwill.fi\/kauppa\/tuote\/keijo-kortesalo-maljakko\/\"]}]},{\"@type\":\"ImageObject\",\"inLanguage\":\"fi\",\"@id\":\"https:\/\/goodwill.fi\/kauppa\/tuote\/keijo-kortesalo-maljakko\/#primaryimage\",\"url\":\"https:\/\/goodwill.fi\/kauppa\/wp-content\/uploads\/2025\/01\/IMG_5965-scaled.jpg\",\"contentUrl\":\"https:\/\/goodwill.fi\/kauppa\/wp-content\/uploads\/2025\/01\/IMG_5965-scaled.jpg\",\"width\":1707,\"height\":2560},{\"@type\":\"BreadcrumbList\",\"@id\":\"https:\/\/goodwill.fi\/kauppa\/tuote\/keijo-kortesalo-maljakko\/#breadcrumb\",\"itemListElement\":[{\"@type\":\"ListItem\",\"position\":1,\"name\":\"Home\",\"item\":\"https:\/\/goodwill.fi\/kauppa\/\"},{\"@type\":\"ListItem\",\"position\":2,\"name\":\"Shop\",\"item\":\"https:\/\/goodwill.fi\/kauppa\/shop\/\"},{\"@type\":\"ListItem\",\"position\":3,\"name\":\"KEIJO KORTESALO MALJAKKO\"}]},{\"@type\":\"WebSite\",\"@id\":\"https:\/\/goodwill.fi\/kauppa\/#website\",\"url\":\"https:\/\/goodwill.fi\/kauppa\/\",\"name\":\"Goodwill-verkkokauppa\",\"description\":\"Kierr\u00e4tysmyym\u00e4l\u00e4 verkossa\",\"publisher\":{\"@id\":\"https:\/\/goodwill.fi\/kauppa\/#organization\"},\"potentialAction\":[{\"@type\":\"SearchAction\",\"target\":{\"@type\":\"EntryPoint\",\"urlTemplate\":\"https:\/\/goodwill.fi\/kauppa\/?s={search_term_string}\"},\"query-input\":{\"@type\":\"PropertyValueSpecification\",\"valueRequired\":true,\"valueName\":\"search_term_string\"}}],\"inLanguage\":\"fi\"},{\"@type\":\"Organization\",\"@id\":\"https:\/\/goodwill.fi\/kauppa\/#organization\",\"name\":\"Goodwill-verkkokauppa\",\"url\":\"https:\/\/goodwill.fi\/kauppa\/\",\"logo\":{\"@type\":\"ImageObject\",\"inLanguage\":\"fi\",\"@id\":\"https:\/\/goodwill.fi\/kauppa\/#\/schema\/logo\/image\/\",\"url\":\"https:\/\/goodwill.fi\/kauppa\/wp-content\/uploads\/2021\/02\/cropped-logo_gw_store-723x211-1.png\",\"contentUrl\":\"https:\/\/goodwill.fi\/kauppa\/wp-content\/uploads\/2021\/02\/cropped-logo_gw_store-723x211-1.png\",\"width\":723,\"height\":207,\"caption\":\"Goodwill-verkkokauppa\"},\"image\":{\"@id\":\"https:\/\/goodwill.fi\/kauppa\/#\/schema\/logo\/image\/\"}}]}<\/script>\n<!-- \/ Yoast SEO plugin. -->","yoast_head_json":{"title":"KEIJO KORTESALO MALJAKKO - Goodwill-verkkokauppa","description":"Keijo Kortesalon lysterilasimaljakko \/ myrkkylasilasimaljakko 40cm korkea ja 2.7kg painava moniv\u00e4rinen lasimaljakko signeerattu","robots":{"index":"index","follow":"follow","max-snippet":"max-snippet:-1","max-image-preview":"max-image-preview:large","max-video-preview":"max-video-preview:-1"},"canonical":"https:\/\/goodwill.fi\/kauppa\/tuote\/keijo-kortesalo-maljakko\/","og_locale":"fi_FI","og_type":"article","og_title":"KEIJO KORTESALO MALJAKKO - Goodwill-verkkokauppa","og_description":"Keijo Kortesalon lysterilasimaljakko \/ myrkkylasilasimaljakko 40cm korkea ja 2.7kg painava moniv\u00e4rinen lasimaljakko signeerattu","og_url":"https:\/\/goodwill.fi\/kauppa\/tuote\/keijo-kortesalo-maljakko\/","og_site_name":"Goodwill-verkkokauppa","article_modified_time":"2025-04-16T10:09:20+00:00","og_image":[{"width":1707,"height":2560,"url":"https:\/\/goodwill.fi\/kauppa\/wp-content\/uploads\/2025\/01\/IMG_5965-scaled.jpg","type":"image\/jpeg"}],"twitter_card":"summary_large_image","twitter_misc":{"Arvioitu lukuaika":"1 minuutti"},"schema":{"@context":"https:\/\/schema.org","@graph":[{"@type":"WebPage","@id":"https:\/\/goodwill.fi\/kauppa\/tuote\/keijo-kortesalo-maljakko\/","url":"https:\/\/goodwill.fi\/kauppa\/tuote\/keijo-kortesalo-maljakko\/","name":"KEIJO KORTESALO MALJAKKO - Goodwill-verkkokauppa","isPartOf":{"@id":"https:\/\/goodwill.fi\/kauppa\/#website"},"primaryImageOfPage":{"@id":"https:\/\/goodwill.fi\/kauppa\/tuote\/keijo-kortesalo-maljakko\/#primaryimage"},"image":{"@id":"https:\/\/goodwill.fi\/kauppa\/tuote\/keijo-kortesalo-maljakko\/#primaryimage"},"thumbnailUrl":"https:\/\/goodwill.fi\/kauppa\/wp-content\/uploads\/2025\/01\/IMG_5965-scaled.jpg","datePublished":"2025-01-15T10:37:52+00:00","dateModified":"2025-04-16T10:09:20+00:00","description":"Keijo Kortesalon lysterilasimaljakko \/ myrkkylasilasimaljakko 40cm korkea ja 2.7kg painava moniv\u00e4rinen lasimaljakko signeerattu","breadcrumb":{"@id":"https:\/\/goodwill.fi\/kauppa\/tuote\/keijo-kortesalo-maljakko\/#breadcrumb"},"inLanguage":"fi","potentialAction":[{"@type":"ReadAction","target":["https:\/\/goodwill.fi\/kauppa\/tuote\/keijo-kortesalo-maljakko\/"]}]},{"@type":"ImageObject","inLanguage":"fi","@id":"https:\/\/goodwill.fi\/kauppa\/tuote\/keijo-kortesalo-maljakko\/#primaryimage","url":"https:\/\/goodwill.fi\/kauppa\/wp-content\/uploads\/2025\/01\/IMG_5965-scaled.jpg","contentUrl":"https:\/\/goodwill.fi\/kauppa\/wp-content\/uploads\/2025\/01\/IMG_5965-scaled.jpg","width":1707,"height":2560},{"@type":"BreadcrumbList","@id":"https:\/\/goodwill.fi\/kauppa\/tuote\/keijo-kortesalo-maljakko\/#breadcrumb","itemListElement":[{"@type":"ListItem","position":1,"name":"Home","item":"https:\/\/goodwill.fi\/kauppa\/"},{"@type":"ListItem","position":2,"name":"Shop","item":"https:\/\/goodwill.fi\/kauppa\/shop\/"},{"@type":"ListItem","position":3,"name":"KEIJO KORTESALO MALJAKKO"}]},{"@type":"WebSite","@id":"https:\/\/goodwill.fi\/kauppa\/#website","url":"https:\/\/goodwill.fi\/kauppa\/","name":"Goodwill-verkkokauppa","description":"Kierr\u00e4tysmyym\u00e4l\u00e4 verkossa","publisher":{"@id":"https:\/\/goodwill.fi\/kauppa\/#organization"},"potentialAction":[{"@type":"SearchAction","target":{"@type":"EntryPoint","urlTemplate":"https:\/\/goodwill.fi\/kauppa\/?s={search_term_string}"},"query-input":{"@type":"PropertyValueSpecification","valueRequired":true,"valueName":"search_term_string"}}],"inLanguage":"fi"},{"@type":"Organization","@id":"https:\/\/goodwill.fi\/kauppa\/#organization","name":"Goodwill-verkkokauppa","url":"https:\/\/goodwill.fi\/kauppa\/","logo":{"@type":"ImageObject","inLanguage":"fi","@id":"https:\/\/goodwill.fi\/kauppa\/#\/schema\/logo\/image\/","url":"https:\/\/goodwill.fi\/kauppa\/wp-content\/uploads\/2021\/02\/cropped-logo_gw_store-723x211-1.png","contentUrl":"https:\/\/goodwill.fi\/kauppa\/wp-content\/uploads\/2021\/02\/cropped-logo_gw_store-723x211-1.png","width":723,"height":207,"caption":"Goodwill-verkkokauppa"},"image":{"@id":"https:\/\/goodwill.fi\/kauppa\/#\/schema\/logo\/image\/"}}]}},"_links":{"self":[{"href":"https:\/\/goodwill.fi\/kauppa\/wp-json\/wp\/v2\/product\/42716","targetHints":{"allow":["GET"]}}],"collection":[{"href":"https:\/\/goodwill.fi\/kauppa\/wp-json\/wp\/v2\/product"}],"about":[{"href":"https:\/\/goodwill.fi\/kauppa\/wp-json\/wp\/v2\/types\/product"}],"replies":[{"embeddable":true,"href":"https:\/\/goodwill.fi\/kauppa\/wp-json\/wp\/v2\/comments?post=42716"}],"wp:featuredmedia":[{"embeddable":true,"href":"https:\/\/goodwill.fi\/kauppa\/wp-json\/wp\/v2\/media\/42717"}],"wp:attachment":[{"href":"https:\/\/goodwill.fi\/kauppa\/wp-json\/wp\/v2\/media?parent=42716"}],"wp:term":[{"taxonomy":"product_brand","embeddable":true,"href":"https:\/\/goodwill.fi\/kauppa\/wp-json\/wp\/v2\/product_brand?post=42716"},{"taxonomy":"product_cat","embeddable":true,"href":"https:\/\/goodwill.fi\/kauppa\/wp-json\/wp\/v2\/product_cat?post=42716"},{"taxonomy":"product_tag","embeddable":true,"href":"https:\/\/goodwill.fi\/kauppa\/wp-json\/wp\/v2\/product_tag?post=42716"}],"curies":[{"name":"wp","href":"https:\/\/api.w.org\/{rel}","templated":true}]}}