{"id":42321,"date":"2025-01-08T11:14:41","date_gmt":"2025-01-08T09:14:41","guid":{"rendered":"https:\/\/goodwill.fi\/kauppa\/?post_type=product&#038;p=42321"},"modified":"2025-09-13T21:02:45","modified_gmt":"2025-09-13T18:02:45","slug":"g-dore-the-bible-in-pictures-raamattu-kuvina","status":"publish","type":"product","link":"https:\/\/goodwill.fi\/kauppa\/tuote\/g-dore-the-bible-in-pictures-raamattu-kuvina\/","title":{"rendered":"G. DOR\u00c8: THE BIBLE IN PICTURES\/RAAMATTU KUVINA"},"content":{"rendered":"<p>Kirjailija: Gustave Dor\u00e8<br \/>\nKustantaja: Blumenthal&#8217;s Printing Press Ltd. Tel Aviv, &#8221;Sinai&#8221; Publishing<br \/>\nPainovuosi: 1953<br \/>\nMitat: korkeus 19 cm, leveys 15,3 cm, paksuus 2 cm, sivum\u00e4\u00e4r\u00e4 127<br \/>\nKunto: k\u00e4ytetty, kansissa ja sel\u00e4ss\u00e4 pient\u00e4 kulumaa, sivut siistit mutta kellastuneet, aukeama 80-81 sidonta huonossa kunnossa, n\u00e4kyy kuvassa<br \/>\nHuom: kirja on sek\u00e4 englannin ett\u00e4 heprean mukaisesti aseteltu eli kirjan takakansi riippuu siit\u00e4 miten katsoo sen alkavan ja nimi\u00f6 sivu on molemmilla puolilla, varsinaisessa etukannessa, jossa tuotekuvassa n\u00e4kyy linnake ja hepreankieliset tekstit on heprean kielinen etukansi ja siell\u00e4 on heprean kielinen nimi\u00f6sivua, englannin kielinen nimi\u00f6sivu on taas toisella puolella, sivujen numerointi kuitenkin alkaa hepreankieliselt\u00e4 puolelta, tuolla puolella on my\u00f6s teksti &#8221;Parhaat onnittelut 60-vuotiaalle.&#8221; Jokaisessa kuvassa kuvatekstin\u00e4 Raamatun kohta, jota kuva esitt\u00e4\u00e4. Englannin kielinen teksti on KJV\/King James Version eli Kuningas Jaakon Raamattu. Tuote sis\u00e4lt\u00e4\u00e4 vain kuvia Vanhan testamentin teksteihin liittyen sek\u00e4 apokryfikirjoista ensimm\u00e4inen ja toinen Makkabilaiskirja sek\u00e4 Juditin kirja. Ei sis\u00e4ll\u00e4 kuvia liittyen Uuteen Testamenttiin.<\/p>\n","protected":false},"excerpt":{"rendered":"<p>Kirjailija: Gustave Dor\u00e8 Kustantaja: Blumenthal&#8217;s Printing Press Ltd. Tel Aviv, &#8221;Sinai&#8221; Publishing Painovuosi: 1953 Mitat: korkeus 19 cm, leveys 15,3 cm, paksuus 2 cm, sivum\u00e4\u00e4r\u00e4 127 Kunto: k\u00e4ytetty, kansissa ja sel\u00e4ss\u00e4 pient\u00e4 kulumaa, sivut siistit mutta kellastuneet, aukeama 80-81 sidonta huonossa kunnossa, n\u00e4kyy kuvassa Huom: kirja on sek\u00e4 englannin ett\u00e4 heprean mukaisesti aseteltu eli kirjan [&hellip;]<\/p>\n","protected":false},"featured_media":42327,"comment_status":"open","ping_status":"closed","template":"","meta":[],"product_brand":[],"product_cat":[159,143,150,187],"product_tag":[6168,13624,5700,13622,6523,9013,13626,6110,13629,13627,13621,13628,13632,13630,4137,5328,13623,13625,13631],"class_list":{"0":"post-42321","1":"product","2":"type-product","3":"status-publish","4":"has-post-thumbnail","6":"product_cat-kaikki","7":"product_cat-viihde-2","8":"product_cat-kirjat-2","9":"product_cat-muu-viihde","10":"product_tag-6168","11":"product_tag-bible-in-pistures","12":"product_tag-englanti","13":"product_tag-g-dore","14":"product_tag-gustave","15":"product_tag-gustave-dore","16":"product_tag-heprea","17":"product_tag-israel","18":"product_tag-king-james-version","19":"product_tag-kjv","20":"product_tag-kot05115","21":"product_tag-kuningas-jaakon-kaannos","22":"product_tag-kuvateksti","23":"product_tag-kuvina","24":"product_tag-kuvitus","25":"product_tag-raamattu","26":"product_tag-raamattu-kuvina","27":"product_tag-tel-aviv","28":"product_tag-vanha-testamentti","30":"first","31":"outofstock","32":"taxable","33":"shipping-taxable","34":"purchasable","35":"product-type-simple"},"yoast_head":"<!-- This site is optimized with the Yoast SEO plugin v27.1.1 - https:\/\/yoast.com\/product\/yoast-seo-wordpress\/ -->\n<title>G. DOR\u00c8: THE BIBLE IN PICTURES\/RAAMATTU KUVINA - Goodwill-verkkokauppa<\/title>\n<meta name=\"description\" content=\"Gustave Dor\u00e8n tekem\u00e4t kuvat Raamatun tapahtumista KJV jakeella kuvatekstin\u00e4 ja hepreankielisell\u00e4 kuvauksella. Painatettu 1953 Tel Avivissa, Israelissa.\" \/>\n<meta name=\"robots\" content=\"index, follow, max-snippet:-1, max-image-preview:large, max-video-preview:-1\" \/>\n<link rel=\"canonical\" href=\"https:\/\/goodwill.fi\/kauppa\/tuote\/g-dore-the-bible-in-pictures-raamattu-kuvina\/\" \/>\n<meta property=\"og:locale\" content=\"fi_FI\" \/>\n<meta property=\"og:type\" content=\"article\" \/>\n<meta property=\"og:title\" content=\"G. DOR\u00c8: THE BIBLE IN PICTURES\/RAAMATTU KUVINA - Goodwill-verkkokauppa\" \/>\n<meta property=\"og:description\" content=\"Gustave Dor\u00e8n tekem\u00e4t kuvat Raamatun tapahtumista KJV jakeella kuvatekstin\u00e4 ja hepreankielisell\u00e4 kuvauksella. Painatettu 1953 Tel Avivissa, Israelissa.\" \/>\n<meta property=\"og:url\" content=\"https:\/\/goodwill.fi\/kauppa\/tuote\/g-dore-the-bible-in-pictures-raamattu-kuvina\/\" \/>\n<meta property=\"og:site_name\" content=\"Goodwill-verkkokauppa\" \/>\n<meta property=\"article:modified_time\" content=\"2025-09-13T18:02:45+00:00\" \/>\n<meta property=\"og:image\" content=\"https:\/\/goodwill.fi\/kauppa\/wp-content\/uploads\/2025\/01\/IMG_0269.jpg\" \/>\n\t<meta property=\"og:image:width\" content=\"1724\" \/>\n\t<meta property=\"og:image:height\" content=\"1728\" \/>\n\t<meta property=\"og:image:type\" content=\"image\/jpeg\" \/>\n<meta name=\"twitter:card\" content=\"summary_large_image\" \/>\n<meta name=\"twitter:label1\" content=\"Arvioitu lukuaika\" \/>\n\t<meta name=\"twitter:data1\" content=\"2 minuuttia\" \/>\n<script type=\"application\/ld+json\" class=\"yoast-schema-graph\">{\"@context\":\"https:\/\/schema.org\",\"@graph\":[{\"@type\":\"WebPage\",\"@id\":\"https:\/\/goodwill.fi\/kauppa\/tuote\/g-dore-the-bible-in-pictures-raamattu-kuvina\/\",\"url\":\"https:\/\/goodwill.fi\/kauppa\/tuote\/g-dore-the-bible-in-pictures-raamattu-kuvina\/\",\"name\":\"G. DOR\u00c8: THE BIBLE IN PICTURES\/RAAMATTU KUVINA - Goodwill-verkkokauppa\",\"isPartOf\":{\"@id\":\"https:\/\/goodwill.fi\/kauppa\/#website\"},\"primaryImageOfPage\":{\"@id\":\"https:\/\/goodwill.fi\/kauppa\/tuote\/g-dore-the-bible-in-pictures-raamattu-kuvina\/#primaryimage\"},\"image\":{\"@id\":\"https:\/\/goodwill.fi\/kauppa\/tuote\/g-dore-the-bible-in-pictures-raamattu-kuvina\/#primaryimage\"},\"thumbnailUrl\":\"https:\/\/goodwill.fi\/kauppa\/wp-content\/uploads\/2025\/01\/IMG_0269.jpg\",\"datePublished\":\"2025-01-08T09:14:41+00:00\",\"dateModified\":\"2025-09-13T18:02:45+00:00\",\"description\":\"Gustave Dor\u00e8n tekem\u00e4t kuvat Raamatun tapahtumista KJV jakeella kuvatekstin\u00e4 ja hepreankielisell\u00e4 kuvauksella. Painatettu 1953 Tel Avivissa, Israelissa.\",\"breadcrumb\":{\"@id\":\"https:\/\/goodwill.fi\/kauppa\/tuote\/g-dore-the-bible-in-pictures-raamattu-kuvina\/#breadcrumb\"},\"inLanguage\":\"fi\",\"potentialAction\":[{\"@type\":\"ReadAction\",\"target\":[\"https:\/\/goodwill.fi\/kauppa\/tuote\/g-dore-the-bible-in-pictures-raamattu-kuvina\/\"]}]},{\"@type\":\"ImageObject\",\"inLanguage\":\"fi\",\"@id\":\"https:\/\/goodwill.fi\/kauppa\/tuote\/g-dore-the-bible-in-pictures-raamattu-kuvina\/#primaryimage\",\"url\":\"https:\/\/goodwill.fi\/kauppa\/wp-content\/uploads\/2025\/01\/IMG_0269.jpg\",\"contentUrl\":\"https:\/\/goodwill.fi\/kauppa\/wp-content\/uploads\/2025\/01\/IMG_0269.jpg\",\"width\":1724,\"height\":1728},{\"@type\":\"BreadcrumbList\",\"@id\":\"https:\/\/goodwill.fi\/kauppa\/tuote\/g-dore-the-bible-in-pictures-raamattu-kuvina\/#breadcrumb\",\"itemListElement\":[{\"@type\":\"ListItem\",\"position\":1,\"name\":\"Home\",\"item\":\"https:\/\/goodwill.fi\/kauppa\/\"},{\"@type\":\"ListItem\",\"position\":2,\"name\":\"Shop\",\"item\":\"https:\/\/goodwill.fi\/kauppa\/shop\/\"},{\"@type\":\"ListItem\",\"position\":3,\"name\":\"G. DOR\u00c8: THE BIBLE IN PICTURES\/RAAMATTU KUVINA\"}]},{\"@type\":\"WebSite\",\"@id\":\"https:\/\/goodwill.fi\/kauppa\/#website\",\"url\":\"https:\/\/goodwill.fi\/kauppa\/\",\"name\":\"Goodwill-verkkokauppa\",\"description\":\"Kierr\u00e4tysmyym\u00e4l\u00e4 verkossa\",\"publisher\":{\"@id\":\"https:\/\/goodwill.fi\/kauppa\/#organization\"},\"potentialAction\":[{\"@type\":\"SearchAction\",\"target\":{\"@type\":\"EntryPoint\",\"urlTemplate\":\"https:\/\/goodwill.fi\/kauppa\/?s={search_term_string}\"},\"query-input\":{\"@type\":\"PropertyValueSpecification\",\"valueRequired\":true,\"valueName\":\"search_term_string\"}}],\"inLanguage\":\"fi\"},{\"@type\":\"Organization\",\"@id\":\"https:\/\/goodwill.fi\/kauppa\/#organization\",\"name\":\"Goodwill-verkkokauppa\",\"url\":\"https:\/\/goodwill.fi\/kauppa\/\",\"logo\":{\"@type\":\"ImageObject\",\"inLanguage\":\"fi\",\"@id\":\"https:\/\/goodwill.fi\/kauppa\/#\/schema\/logo\/image\/\",\"url\":\"https:\/\/goodwill.fi\/kauppa\/wp-content\/uploads\/2021\/02\/cropped-logo_gw_store-723x211-1.png\",\"contentUrl\":\"https:\/\/goodwill.fi\/kauppa\/wp-content\/uploads\/2021\/02\/cropped-logo_gw_store-723x211-1.png\",\"width\":723,\"height\":207,\"caption\":\"Goodwill-verkkokauppa\"},\"image\":{\"@id\":\"https:\/\/goodwill.fi\/kauppa\/#\/schema\/logo\/image\/\"}}]}<\/script>\n<!-- \/ Yoast SEO plugin. -->","yoast_head_json":{"title":"G. DOR\u00c8: THE BIBLE IN PICTURES\/RAAMATTU KUVINA - Goodwill-verkkokauppa","description":"Gustave Dor\u00e8n tekem\u00e4t kuvat Raamatun tapahtumista KJV jakeella kuvatekstin\u00e4 ja hepreankielisell\u00e4 kuvauksella. Painatettu 1953 Tel Avivissa, Israelissa.","robots":{"index":"index","follow":"follow","max-snippet":"max-snippet:-1","max-image-preview":"max-image-preview:large","max-video-preview":"max-video-preview:-1"},"canonical":"https:\/\/goodwill.fi\/kauppa\/tuote\/g-dore-the-bible-in-pictures-raamattu-kuvina\/","og_locale":"fi_FI","og_type":"article","og_title":"G. DOR\u00c8: THE BIBLE IN PICTURES\/RAAMATTU KUVINA - Goodwill-verkkokauppa","og_description":"Gustave Dor\u00e8n tekem\u00e4t kuvat Raamatun tapahtumista KJV jakeella kuvatekstin\u00e4 ja hepreankielisell\u00e4 kuvauksella. Painatettu 1953 Tel Avivissa, Israelissa.","og_url":"https:\/\/goodwill.fi\/kauppa\/tuote\/g-dore-the-bible-in-pictures-raamattu-kuvina\/","og_site_name":"Goodwill-verkkokauppa","article_modified_time":"2025-09-13T18:02:45+00:00","og_image":[{"width":1724,"height":1728,"url":"https:\/\/goodwill.fi\/kauppa\/wp-content\/uploads\/2025\/01\/IMG_0269.jpg","type":"image\/jpeg"}],"twitter_card":"summary_large_image","twitter_misc":{"Arvioitu lukuaika":"2 minuuttia"},"schema":{"@context":"https:\/\/schema.org","@graph":[{"@type":"WebPage","@id":"https:\/\/goodwill.fi\/kauppa\/tuote\/g-dore-the-bible-in-pictures-raamattu-kuvina\/","url":"https:\/\/goodwill.fi\/kauppa\/tuote\/g-dore-the-bible-in-pictures-raamattu-kuvina\/","name":"G. DOR\u00c8: THE BIBLE IN PICTURES\/RAAMATTU KUVINA - Goodwill-verkkokauppa","isPartOf":{"@id":"https:\/\/goodwill.fi\/kauppa\/#website"},"primaryImageOfPage":{"@id":"https:\/\/goodwill.fi\/kauppa\/tuote\/g-dore-the-bible-in-pictures-raamattu-kuvina\/#primaryimage"},"image":{"@id":"https:\/\/goodwill.fi\/kauppa\/tuote\/g-dore-the-bible-in-pictures-raamattu-kuvina\/#primaryimage"},"thumbnailUrl":"https:\/\/goodwill.fi\/kauppa\/wp-content\/uploads\/2025\/01\/IMG_0269.jpg","datePublished":"2025-01-08T09:14:41+00:00","dateModified":"2025-09-13T18:02:45+00:00","description":"Gustave Dor\u00e8n tekem\u00e4t kuvat Raamatun tapahtumista KJV jakeella kuvatekstin\u00e4 ja hepreankielisell\u00e4 kuvauksella. Painatettu 1953 Tel Avivissa, Israelissa.","breadcrumb":{"@id":"https:\/\/goodwill.fi\/kauppa\/tuote\/g-dore-the-bible-in-pictures-raamattu-kuvina\/#breadcrumb"},"inLanguage":"fi","potentialAction":[{"@type":"ReadAction","target":["https:\/\/goodwill.fi\/kauppa\/tuote\/g-dore-the-bible-in-pictures-raamattu-kuvina\/"]}]},{"@type":"ImageObject","inLanguage":"fi","@id":"https:\/\/goodwill.fi\/kauppa\/tuote\/g-dore-the-bible-in-pictures-raamattu-kuvina\/#primaryimage","url":"https:\/\/goodwill.fi\/kauppa\/wp-content\/uploads\/2025\/01\/IMG_0269.jpg","contentUrl":"https:\/\/goodwill.fi\/kauppa\/wp-content\/uploads\/2025\/01\/IMG_0269.jpg","width":1724,"height":1728},{"@type":"BreadcrumbList","@id":"https:\/\/goodwill.fi\/kauppa\/tuote\/g-dore-the-bible-in-pictures-raamattu-kuvina\/#breadcrumb","itemListElement":[{"@type":"ListItem","position":1,"name":"Home","item":"https:\/\/goodwill.fi\/kauppa\/"},{"@type":"ListItem","position":2,"name":"Shop","item":"https:\/\/goodwill.fi\/kauppa\/shop\/"},{"@type":"ListItem","position":3,"name":"G. DOR\u00c8: THE BIBLE IN PICTURES\/RAAMATTU KUVINA"}]},{"@type":"WebSite","@id":"https:\/\/goodwill.fi\/kauppa\/#website","url":"https:\/\/goodwill.fi\/kauppa\/","name":"Goodwill-verkkokauppa","description":"Kierr\u00e4tysmyym\u00e4l\u00e4 verkossa","publisher":{"@id":"https:\/\/goodwill.fi\/kauppa\/#organization"},"potentialAction":[{"@type":"SearchAction","target":{"@type":"EntryPoint","urlTemplate":"https:\/\/goodwill.fi\/kauppa\/?s={search_term_string}"},"query-input":{"@type":"PropertyValueSpecification","valueRequired":true,"valueName":"search_term_string"}}],"inLanguage":"fi"},{"@type":"Organization","@id":"https:\/\/goodwill.fi\/kauppa\/#organization","name":"Goodwill-verkkokauppa","url":"https:\/\/goodwill.fi\/kauppa\/","logo":{"@type":"ImageObject","inLanguage":"fi","@id":"https:\/\/goodwill.fi\/kauppa\/#\/schema\/logo\/image\/","url":"https:\/\/goodwill.fi\/kauppa\/wp-content\/uploads\/2021\/02\/cropped-logo_gw_store-723x211-1.png","contentUrl":"https:\/\/goodwill.fi\/kauppa\/wp-content\/uploads\/2021\/02\/cropped-logo_gw_store-723x211-1.png","width":723,"height":207,"caption":"Goodwill-verkkokauppa"},"image":{"@id":"https:\/\/goodwill.fi\/kauppa\/#\/schema\/logo\/image\/"}}]}},"_links":{"self":[{"href":"https:\/\/goodwill.fi\/kauppa\/wp-json\/wp\/v2\/product\/42321","targetHints":{"allow":["GET"]}}],"collection":[{"href":"https:\/\/goodwill.fi\/kauppa\/wp-json\/wp\/v2\/product"}],"about":[{"href":"https:\/\/goodwill.fi\/kauppa\/wp-json\/wp\/v2\/types\/product"}],"replies":[{"embeddable":true,"href":"https:\/\/goodwill.fi\/kauppa\/wp-json\/wp\/v2\/comments?post=42321"}],"wp:featuredmedia":[{"embeddable":true,"href":"https:\/\/goodwill.fi\/kauppa\/wp-json\/wp\/v2\/media\/42327"}],"wp:attachment":[{"href":"https:\/\/goodwill.fi\/kauppa\/wp-json\/wp\/v2\/media?parent=42321"}],"wp:term":[{"taxonomy":"product_brand","embeddable":true,"href":"https:\/\/goodwill.fi\/kauppa\/wp-json\/wp\/v2\/product_brand?post=42321"},{"taxonomy":"product_cat","embeddable":true,"href":"https:\/\/goodwill.fi\/kauppa\/wp-json\/wp\/v2\/product_cat?post=42321"},{"taxonomy":"product_tag","embeddable":true,"href":"https:\/\/goodwill.fi\/kauppa\/wp-json\/wp\/v2\/product_tag?post=42321"}],"curies":[{"name":"wp","href":"https:\/\/api.w.org\/{rel}","templated":true}]}}