{"id":39276,"date":"2024-11-08T11:11:28","date_gmt":"2024-11-08T09:11:28","guid":{"rendered":"https:\/\/goodwill.fi\/kauppa\/?post_type=product&#038;p=39276"},"modified":"2024-11-09T09:23:12","modified_gmt":"2024-11-09T07:23:12","slug":"nuutajarvi-bokars-marimekko-tarjoiluvati","status":"publish","type":"product","link":"https:\/\/goodwill.fi\/kauppa\/tuote\/nuutajarvi-bokars-marimekko-tarjoiluvati\/","title":{"rendered":"NUUTAJ\u00c4RVI B\u00d6KARS MARIMEKKO TARJOILUVATI"},"content":{"rendered":"<p>Suunnittelija: Heikki Orvola<br \/>\nValmistaja: Nuutaj\u00e4rvi<br \/>\nValmistusvuosi: 1990-luku<br \/>\nMitat: korkeus 3 cm, halkaisija 27 cm, paino 1780 g<br \/>\nMateriaali: puristelasi<br \/>\nV\u00e4ri: neodyymi<br \/>\nKunto: sis\u00e4reunoissa kulumaa, pohjassa kaksi n\u00e4kyv\u00e4\u00e4 naarmua, p\u00e4\u00e4ll\u00e4 muutamia naarmuja<br \/>\nHuom: pohjassa signeeraus Heikki Orvola \/ Nuutaj\u00e4rvi marimekko<\/p>\n","protected":false},"excerpt":{"rendered":"<p>Suunnittelija: Heikki Orvola Valmistaja: Nuutaj\u00e4rvi Valmistusvuosi: 1990-luku Mitat: korkeus 3 cm, halkaisija 27 cm, paino 1780 g Materiaali: puristelasi V\u00e4ri: neodyymi Kunto: sis\u00e4reunoissa kulumaa, pohjassa kaksi n\u00e4kyv\u00e4\u00e4 naarmua, p\u00e4\u00e4ll\u00e4 muutamia naarmuja Huom: pohjassa signeeraus Heikki Orvola \/ Nuutaj\u00e4rvi marimekko<\/p>\n","protected":false},"featured_media":39277,"comment_status":"open","ping_status":"closed","template":"","meta":[],"product_brand":[],"product_cat":[159,166,146,154],"product_tag":[12845,1545,12871,792,4985,389,394],"class_list":{"0":"post-39276","1":"product","2":"type-product","3":"status-publish","4":"has-post-thumbnail","6":"product_cat-kaikki","7":"product_cat-astiat-2","8":"product_cat-koti-2","9":"product_cat-sisustus-2","10":"product_tag-bokars","11":"product_tag-heikki-orvola","12":"product_tag-kem00559","13":"product_tag-marimekko","14":"product_tag-neodyymi","15":"product_tag-nuutajarvi","16":"product_tag-tarjoiluvati","18":"first","19":"outofstock","20":"taxable","21":"shipping-taxable","22":"purchasable","23":"product-type-simple"},"yoast_head":"<!-- This site is optimized with the Yoast SEO plugin v27.1.1 - https:\/\/yoast.com\/product\/yoast-seo-wordpress\/ -->\n<title>NUUTAJ\u00c4RVI B\u00d6KARS MARIMEKKO TARJOILUVATI - Goodwill-verkkokauppa<\/title>\n<meta name=\"description\" content=\"Suunnittelija: Heikki OrvolaValmistaja: Nuutaj\u00e4rviValmistusvuosi: 1990-lukuMitat: korkeus 3 cm, halkaisija 27 cm, paino 1780 gMateriaali: puristelasi\" \/>\n<meta name=\"robots\" content=\"index, follow, max-snippet:-1, max-image-preview:large, max-video-preview:-1\" \/>\n<link rel=\"canonical\" href=\"https:\/\/goodwill.fi\/kauppa\/tuote\/nuutajarvi-bokars-marimekko-tarjoiluvati\/\" \/>\n<meta property=\"og:locale\" content=\"fi_FI\" \/>\n<meta property=\"og:type\" content=\"article\" \/>\n<meta property=\"og:title\" content=\"NUUTAJ\u00c4RVI B\u00d6KARS MARIMEKKO TARJOILUVATI - Goodwill-verkkokauppa\" \/>\n<meta property=\"og:description\" content=\"Suunnittelija: Heikki OrvolaValmistaja: Nuutaj\u00e4rviValmistusvuosi: 1990-lukuMitat: korkeus 3 cm, halkaisija 27 cm, paino 1780 gMateriaali: puristelasi\" \/>\n<meta property=\"og:url\" content=\"https:\/\/goodwill.fi\/kauppa\/tuote\/nuutajarvi-bokars-marimekko-tarjoiluvati\/\" \/>\n<meta property=\"og:site_name\" content=\"Goodwill-verkkokauppa\" \/>\n<meta property=\"article:modified_time\" content=\"2024-11-09T07:23:12+00:00\" \/>\n<meta property=\"og:image\" content=\"https:\/\/goodwill.fi\/kauppa\/wp-content\/uploads\/2024\/11\/P1040841-1024x1024.jpg\" \/>\n\t<meta property=\"og:image:width\" content=\"1024\" \/>\n\t<meta property=\"og:image:height\" content=\"1024\" \/>\n\t<meta property=\"og:image:type\" content=\"image\/jpeg\" \/>\n<meta name=\"twitter:card\" content=\"summary_large_image\" \/>\n<meta name=\"twitter:label1\" content=\"Arvioitu lukuaika\" \/>\n\t<meta name=\"twitter:data1\" content=\"1 minuutti\" \/>\n<script type=\"application\/ld+json\" class=\"yoast-schema-graph\">{\"@context\":\"https:\/\/schema.org\",\"@graph\":[{\"@type\":\"WebPage\",\"@id\":\"https:\/\/goodwill.fi\/kauppa\/tuote\/nuutajarvi-bokars-marimekko-tarjoiluvati\/\",\"url\":\"https:\/\/goodwill.fi\/kauppa\/tuote\/nuutajarvi-bokars-marimekko-tarjoiluvati\/\",\"name\":\"NUUTAJ\u00c4RVI B\u00d6KARS MARIMEKKO TARJOILUVATI - Goodwill-verkkokauppa\",\"isPartOf\":{\"@id\":\"https:\/\/goodwill.fi\/kauppa\/#website\"},\"primaryImageOfPage\":{\"@id\":\"https:\/\/goodwill.fi\/kauppa\/tuote\/nuutajarvi-bokars-marimekko-tarjoiluvati\/#primaryimage\"},\"image\":{\"@id\":\"https:\/\/goodwill.fi\/kauppa\/tuote\/nuutajarvi-bokars-marimekko-tarjoiluvati\/#primaryimage\"},\"thumbnailUrl\":\"https:\/\/goodwill.fi\/kauppa\/wp-content\/uploads\/2024\/11\/P1040841.jpg\",\"datePublished\":\"2024-11-08T09:11:28+00:00\",\"dateModified\":\"2024-11-09T07:23:12+00:00\",\"description\":\"Suunnittelija: Heikki OrvolaValmistaja: Nuutaj\u00e4rviValmistusvuosi: 1990-lukuMitat: korkeus 3 cm, halkaisija 27 cm, paino 1780 gMateriaali: puristelasi\",\"breadcrumb\":{\"@id\":\"https:\/\/goodwill.fi\/kauppa\/tuote\/nuutajarvi-bokars-marimekko-tarjoiluvati\/#breadcrumb\"},\"inLanguage\":\"fi\",\"potentialAction\":[{\"@type\":\"ReadAction\",\"target\":[\"https:\/\/goodwill.fi\/kauppa\/tuote\/nuutajarvi-bokars-marimekko-tarjoiluvati\/\"]}]},{\"@type\":\"ImageObject\",\"inLanguage\":\"fi\",\"@id\":\"https:\/\/goodwill.fi\/kauppa\/tuote\/nuutajarvi-bokars-marimekko-tarjoiluvati\/#primaryimage\",\"url\":\"https:\/\/goodwill.fi\/kauppa\/wp-content\/uploads\/2024\/11\/P1040841.jpg\",\"contentUrl\":\"https:\/\/goodwill.fi\/kauppa\/wp-content\/uploads\/2024\/11\/P1040841.jpg\",\"width\":2500,\"height\":2500},{\"@type\":\"BreadcrumbList\",\"@id\":\"https:\/\/goodwill.fi\/kauppa\/tuote\/nuutajarvi-bokars-marimekko-tarjoiluvati\/#breadcrumb\",\"itemListElement\":[{\"@type\":\"ListItem\",\"position\":1,\"name\":\"Home\",\"item\":\"https:\/\/goodwill.fi\/kauppa\/\"},{\"@type\":\"ListItem\",\"position\":2,\"name\":\"Shop\",\"item\":\"https:\/\/goodwill.fi\/kauppa\/shop\/\"},{\"@type\":\"ListItem\",\"position\":3,\"name\":\"NUUTAJ\u00c4RVI B\u00d6KARS MARIMEKKO TARJOILUVATI\"}]},{\"@type\":\"WebSite\",\"@id\":\"https:\/\/goodwill.fi\/kauppa\/#website\",\"url\":\"https:\/\/goodwill.fi\/kauppa\/\",\"name\":\"Goodwill-verkkokauppa\",\"description\":\"Kierr\u00e4tysmyym\u00e4l\u00e4 verkossa\",\"publisher\":{\"@id\":\"https:\/\/goodwill.fi\/kauppa\/#organization\"},\"potentialAction\":[{\"@type\":\"SearchAction\",\"target\":{\"@type\":\"EntryPoint\",\"urlTemplate\":\"https:\/\/goodwill.fi\/kauppa\/?s={search_term_string}\"},\"query-input\":{\"@type\":\"PropertyValueSpecification\",\"valueRequired\":true,\"valueName\":\"search_term_string\"}}],\"inLanguage\":\"fi\"},{\"@type\":\"Organization\",\"@id\":\"https:\/\/goodwill.fi\/kauppa\/#organization\",\"name\":\"Goodwill-verkkokauppa\",\"url\":\"https:\/\/goodwill.fi\/kauppa\/\",\"logo\":{\"@type\":\"ImageObject\",\"inLanguage\":\"fi\",\"@id\":\"https:\/\/goodwill.fi\/kauppa\/#\/schema\/logo\/image\/\",\"url\":\"https:\/\/goodwill.fi\/kauppa\/wp-content\/uploads\/2021\/02\/cropped-logo_gw_store-723x211-1.png\",\"contentUrl\":\"https:\/\/goodwill.fi\/kauppa\/wp-content\/uploads\/2021\/02\/cropped-logo_gw_store-723x211-1.png\",\"width\":723,\"height\":207,\"caption\":\"Goodwill-verkkokauppa\"},\"image\":{\"@id\":\"https:\/\/goodwill.fi\/kauppa\/#\/schema\/logo\/image\/\"}}]}<\/script>\n<!-- \/ Yoast SEO plugin. -->","yoast_head_json":{"title":"NUUTAJ\u00c4RVI B\u00d6KARS MARIMEKKO TARJOILUVATI - Goodwill-verkkokauppa","description":"Suunnittelija: Heikki OrvolaValmistaja: Nuutaj\u00e4rviValmistusvuosi: 1990-lukuMitat: korkeus 3 cm, halkaisija 27 cm, paino 1780 gMateriaali: puristelasi","robots":{"index":"index","follow":"follow","max-snippet":"max-snippet:-1","max-image-preview":"max-image-preview:large","max-video-preview":"max-video-preview:-1"},"canonical":"https:\/\/goodwill.fi\/kauppa\/tuote\/nuutajarvi-bokars-marimekko-tarjoiluvati\/","og_locale":"fi_FI","og_type":"article","og_title":"NUUTAJ\u00c4RVI B\u00d6KARS MARIMEKKO TARJOILUVATI - Goodwill-verkkokauppa","og_description":"Suunnittelija: Heikki OrvolaValmistaja: Nuutaj\u00e4rviValmistusvuosi: 1990-lukuMitat: korkeus 3 cm, halkaisija 27 cm, paino 1780 gMateriaali: puristelasi","og_url":"https:\/\/goodwill.fi\/kauppa\/tuote\/nuutajarvi-bokars-marimekko-tarjoiluvati\/","og_site_name":"Goodwill-verkkokauppa","article_modified_time":"2024-11-09T07:23:12+00:00","og_image":[{"width":1024,"height":1024,"url":"https:\/\/goodwill.fi\/kauppa\/wp-content\/uploads\/2024\/11\/P1040841-1024x1024.jpg","type":"image\/jpeg"}],"twitter_card":"summary_large_image","twitter_misc":{"Arvioitu lukuaika":"1 minuutti"},"schema":{"@context":"https:\/\/schema.org","@graph":[{"@type":"WebPage","@id":"https:\/\/goodwill.fi\/kauppa\/tuote\/nuutajarvi-bokars-marimekko-tarjoiluvati\/","url":"https:\/\/goodwill.fi\/kauppa\/tuote\/nuutajarvi-bokars-marimekko-tarjoiluvati\/","name":"NUUTAJ\u00c4RVI B\u00d6KARS MARIMEKKO TARJOILUVATI - Goodwill-verkkokauppa","isPartOf":{"@id":"https:\/\/goodwill.fi\/kauppa\/#website"},"primaryImageOfPage":{"@id":"https:\/\/goodwill.fi\/kauppa\/tuote\/nuutajarvi-bokars-marimekko-tarjoiluvati\/#primaryimage"},"image":{"@id":"https:\/\/goodwill.fi\/kauppa\/tuote\/nuutajarvi-bokars-marimekko-tarjoiluvati\/#primaryimage"},"thumbnailUrl":"https:\/\/goodwill.fi\/kauppa\/wp-content\/uploads\/2024\/11\/P1040841.jpg","datePublished":"2024-11-08T09:11:28+00:00","dateModified":"2024-11-09T07:23:12+00:00","description":"Suunnittelija: Heikki OrvolaValmistaja: Nuutaj\u00e4rviValmistusvuosi: 1990-lukuMitat: korkeus 3 cm, halkaisija 27 cm, paino 1780 gMateriaali: puristelasi","breadcrumb":{"@id":"https:\/\/goodwill.fi\/kauppa\/tuote\/nuutajarvi-bokars-marimekko-tarjoiluvati\/#breadcrumb"},"inLanguage":"fi","potentialAction":[{"@type":"ReadAction","target":["https:\/\/goodwill.fi\/kauppa\/tuote\/nuutajarvi-bokars-marimekko-tarjoiluvati\/"]}]},{"@type":"ImageObject","inLanguage":"fi","@id":"https:\/\/goodwill.fi\/kauppa\/tuote\/nuutajarvi-bokars-marimekko-tarjoiluvati\/#primaryimage","url":"https:\/\/goodwill.fi\/kauppa\/wp-content\/uploads\/2024\/11\/P1040841.jpg","contentUrl":"https:\/\/goodwill.fi\/kauppa\/wp-content\/uploads\/2024\/11\/P1040841.jpg","width":2500,"height":2500},{"@type":"BreadcrumbList","@id":"https:\/\/goodwill.fi\/kauppa\/tuote\/nuutajarvi-bokars-marimekko-tarjoiluvati\/#breadcrumb","itemListElement":[{"@type":"ListItem","position":1,"name":"Home","item":"https:\/\/goodwill.fi\/kauppa\/"},{"@type":"ListItem","position":2,"name":"Shop","item":"https:\/\/goodwill.fi\/kauppa\/shop\/"},{"@type":"ListItem","position":3,"name":"NUUTAJ\u00c4RVI B\u00d6KARS MARIMEKKO TARJOILUVATI"}]},{"@type":"WebSite","@id":"https:\/\/goodwill.fi\/kauppa\/#website","url":"https:\/\/goodwill.fi\/kauppa\/","name":"Goodwill-verkkokauppa","description":"Kierr\u00e4tysmyym\u00e4l\u00e4 verkossa","publisher":{"@id":"https:\/\/goodwill.fi\/kauppa\/#organization"},"potentialAction":[{"@type":"SearchAction","target":{"@type":"EntryPoint","urlTemplate":"https:\/\/goodwill.fi\/kauppa\/?s={search_term_string}"},"query-input":{"@type":"PropertyValueSpecification","valueRequired":true,"valueName":"search_term_string"}}],"inLanguage":"fi"},{"@type":"Organization","@id":"https:\/\/goodwill.fi\/kauppa\/#organization","name":"Goodwill-verkkokauppa","url":"https:\/\/goodwill.fi\/kauppa\/","logo":{"@type":"ImageObject","inLanguage":"fi","@id":"https:\/\/goodwill.fi\/kauppa\/#\/schema\/logo\/image\/","url":"https:\/\/goodwill.fi\/kauppa\/wp-content\/uploads\/2021\/02\/cropped-logo_gw_store-723x211-1.png","contentUrl":"https:\/\/goodwill.fi\/kauppa\/wp-content\/uploads\/2021\/02\/cropped-logo_gw_store-723x211-1.png","width":723,"height":207,"caption":"Goodwill-verkkokauppa"},"image":{"@id":"https:\/\/goodwill.fi\/kauppa\/#\/schema\/logo\/image\/"}}]}},"_links":{"self":[{"href":"https:\/\/goodwill.fi\/kauppa\/wp-json\/wp\/v2\/product\/39276","targetHints":{"allow":["GET"]}}],"collection":[{"href":"https:\/\/goodwill.fi\/kauppa\/wp-json\/wp\/v2\/product"}],"about":[{"href":"https:\/\/goodwill.fi\/kauppa\/wp-json\/wp\/v2\/types\/product"}],"replies":[{"embeddable":true,"href":"https:\/\/goodwill.fi\/kauppa\/wp-json\/wp\/v2\/comments?post=39276"}],"wp:featuredmedia":[{"embeddable":true,"href":"https:\/\/goodwill.fi\/kauppa\/wp-json\/wp\/v2\/media\/39277"}],"wp:attachment":[{"href":"https:\/\/goodwill.fi\/kauppa\/wp-json\/wp\/v2\/media?parent=39276"}],"wp:term":[{"taxonomy":"product_brand","embeddable":true,"href":"https:\/\/goodwill.fi\/kauppa\/wp-json\/wp\/v2\/product_brand?post=39276"},{"taxonomy":"product_cat","embeddable":true,"href":"https:\/\/goodwill.fi\/kauppa\/wp-json\/wp\/v2\/product_cat?post=39276"},{"taxonomy":"product_tag","embeddable":true,"href":"https:\/\/goodwill.fi\/kauppa\/wp-json\/wp\/v2\/product_tag?post=39276"}],"curies":[{"name":"wp","href":"https:\/\/api.w.org\/{rel}","templated":true}]}}