{"id":34187,"date":"2025-08-01T08:00:52","date_gmt":"2025-08-01T05:00:52","guid":{"rendered":"https:\/\/goodwill.fi\/kauppa\/?post_type=product&#038;p=34187"},"modified":"2025-08-14T09:09:39","modified_gmt":"2025-08-14T06:09:39","slug":"arabia-heini-tarjoiluastia","status":"publish","type":"product","link":"https:\/\/goodwill.fi\/kauppa\/tuote\/arabia-heini-tarjoiluastia\/","title":{"rendered":"ARABIA HEINI TARJOILUASTIA"},"content":{"rendered":"<p>Suunnittelija: Raija Uosikkinen<br \/>\nValmistaja: Arabia<br \/>\nValmistusvuosi: 1957-1971<br \/>\nMitat: korkeus 6 cm, leveys 23.5 cm, pituus 18.2 cm, paino 530 g<br \/>\nV\u00e4ri: valkoinen, koristelu harmaa<br \/>\nMateriaali: kova fajanssi<br \/>\nKunto: ehj\u00e4, k\u00e4yt\u00f6n j\u00e4lki\u00e4 ja kulumaa, erityisesti pohjassa krakeloitumista<\/p>\n","protected":false},"excerpt":{"rendered":"<p>Suunnittelija: Raija Uosikkinen Valmistaja: Arabia Valmistusvuosi: 1957-1971 Mitat: korkeus 6 cm, leveys 23.5 cm, pituus 18.2 cm, paino 530 g V\u00e4ri: valkoinen, koristelu harmaa Materiaali: kova fajanssi Kunto: ehj\u00e4, k\u00e4yt\u00f6n j\u00e4lki\u00e4 ja kulumaa, erityisesti pohjassa krakeloitumista<\/p>\n","protected":false},"featured_media":34188,"comment_status":"open","ping_status":"closed","template":"","meta":[],"product_brand":[14734],"product_cat":[159,14855,166,14865],"product_tag":[206,5915,11716,1349,334,678],"class_list":{"0":"post-34187","1":"product","2":"type-product","3":"status-publish","4":"has-post-thumbnail","6":"product_brand-arabia","7":"product_cat-kaikki","8":"product_cat-arabia","9":"product_cat-astiat-2","10":"product_cat-tarjoiluastiat","11":"product_tag-arabia","12":"product_tag-heini","13":"product_tag-kot04491","14":"product_tag-raija-uosikkinen","15":"product_tag-tarjoiluastia","16":"product_tag-tarjoilukulho","18":"first","19":"outofstock","20":"taxable","21":"shipping-taxable","22":"purchasable","23":"product-type-simple"},"yoast_head":"<!-- This site is optimized with the Yoast SEO plugin v27.1.1 - https:\/\/yoast.com\/product\/yoast-seo-wordpress\/ -->\n<title>ARABIA HEINI TARJOILUASTIA - Goodwill-verkkokauppa<\/title>\n<meta name=\"description\" content=\"Suunnittelija: Raija Uosikkinen Valmistaja: Arabia Valmistusvuosi: 1957-1971 Mitat: korkeus 6 cm, leveys 23.5 cm, pituus 18.2 cm, paino 530 g\" \/>\n<meta name=\"robots\" content=\"index, follow, max-snippet:-1, max-image-preview:large, max-video-preview:-1\" \/>\n<link rel=\"canonical\" href=\"https:\/\/goodwill.fi\/kauppa\/tuote\/arabia-heini-tarjoiluastia\/\" \/>\n<meta property=\"og:locale\" content=\"fi_FI\" \/>\n<meta property=\"og:type\" content=\"article\" \/>\n<meta property=\"og:title\" content=\"ARABIA HEINI TARJOILUASTIA - Goodwill-verkkokauppa\" \/>\n<meta property=\"og:description\" content=\"Suunnittelija: Raija Uosikkinen Valmistaja: Arabia Valmistusvuosi: 1957-1971 Mitat: korkeus 6 cm, leveys 23.5 cm, pituus 18.2 cm, paino 530 g\" \/>\n<meta property=\"og:url\" content=\"https:\/\/goodwill.fi\/kauppa\/tuote\/arabia-heini-tarjoiluastia\/\" \/>\n<meta property=\"og:site_name\" content=\"Goodwill-verkkokauppa\" \/>\n<meta property=\"article:modified_time\" content=\"2025-08-14T06:09:39+00:00\" \/>\n<meta property=\"og:image\" content=\"https:\/\/goodwill.fi\/kauppa\/wp-content\/uploads\/2024\/08\/IMG_2970-scaled-e1725013548996.jpg\" \/>\n\t<meta property=\"og:image:width\" content=\"1501\" \/>\n\t<meta property=\"og:image:height\" content=\"1706\" \/>\n\t<meta property=\"og:image:type\" content=\"image\/jpeg\" \/>\n<meta name=\"twitter:card\" content=\"summary_large_image\" \/>\n<meta name=\"twitter:label1\" content=\"Arvioitu lukuaika\" \/>\n\t<meta name=\"twitter:data1\" content=\"1 minuutti\" \/>\n<script type=\"application\/ld+json\" class=\"yoast-schema-graph\">{\"@context\":\"https:\/\/schema.org\",\"@graph\":[{\"@type\":\"WebPage\",\"@id\":\"https:\/\/goodwill.fi\/kauppa\/tuote\/arabia-heini-tarjoiluastia\/\",\"url\":\"https:\/\/goodwill.fi\/kauppa\/tuote\/arabia-heini-tarjoiluastia\/\",\"name\":\"ARABIA HEINI TARJOILUASTIA - Goodwill-verkkokauppa\",\"isPartOf\":{\"@id\":\"https:\/\/goodwill.fi\/kauppa\/#website\"},\"primaryImageOfPage\":{\"@id\":\"https:\/\/goodwill.fi\/kauppa\/tuote\/arabia-heini-tarjoiluastia\/#primaryimage\"},\"image\":{\"@id\":\"https:\/\/goodwill.fi\/kauppa\/tuote\/arabia-heini-tarjoiluastia\/#primaryimage\"},\"thumbnailUrl\":\"https:\/\/goodwill.fi\/kauppa\/wp-content\/uploads\/2024\/08\/IMG_2970-scaled-e1725013548996.jpg\",\"datePublished\":\"2025-08-01T05:00:52+00:00\",\"dateModified\":\"2025-08-14T06:09:39+00:00\",\"description\":\"Suunnittelija: Raija Uosikkinen Valmistaja: Arabia Valmistusvuosi: 1957-1971 Mitat: korkeus 6 cm, leveys 23.5 cm, pituus 18.2 cm, paino 530 g\",\"breadcrumb\":{\"@id\":\"https:\/\/goodwill.fi\/kauppa\/tuote\/arabia-heini-tarjoiluastia\/#breadcrumb\"},\"inLanguage\":\"fi\",\"potentialAction\":[{\"@type\":\"ReadAction\",\"target\":[\"https:\/\/goodwill.fi\/kauppa\/tuote\/arabia-heini-tarjoiluastia\/\"]}]},{\"@type\":\"ImageObject\",\"inLanguage\":\"fi\",\"@id\":\"https:\/\/goodwill.fi\/kauppa\/tuote\/arabia-heini-tarjoiluastia\/#primaryimage\",\"url\":\"https:\/\/goodwill.fi\/kauppa\/wp-content\/uploads\/2024\/08\/IMG_2970-scaled-e1725013548996.jpg\",\"contentUrl\":\"https:\/\/goodwill.fi\/kauppa\/wp-content\/uploads\/2024\/08\/IMG_2970-scaled-e1725013548996.jpg\",\"width\":1501,\"height\":1706},{\"@type\":\"BreadcrumbList\",\"@id\":\"https:\/\/goodwill.fi\/kauppa\/tuote\/arabia-heini-tarjoiluastia\/#breadcrumb\",\"itemListElement\":[{\"@type\":\"ListItem\",\"position\":1,\"name\":\"Home\",\"item\":\"https:\/\/goodwill.fi\/kauppa\/\"},{\"@type\":\"ListItem\",\"position\":2,\"name\":\"Shop\",\"item\":\"https:\/\/goodwill.fi\/kauppa\/shop\/\"},{\"@type\":\"ListItem\",\"position\":3,\"name\":\"ARABIA HEINI TARJOILUASTIA\"}]},{\"@type\":\"WebSite\",\"@id\":\"https:\/\/goodwill.fi\/kauppa\/#website\",\"url\":\"https:\/\/goodwill.fi\/kauppa\/\",\"name\":\"Goodwill-verkkokauppa\",\"description\":\"Kierr\u00e4tysmyym\u00e4l\u00e4 verkossa\",\"publisher\":{\"@id\":\"https:\/\/goodwill.fi\/kauppa\/#organization\"},\"potentialAction\":[{\"@type\":\"SearchAction\",\"target\":{\"@type\":\"EntryPoint\",\"urlTemplate\":\"https:\/\/goodwill.fi\/kauppa\/?s={search_term_string}\"},\"query-input\":{\"@type\":\"PropertyValueSpecification\",\"valueRequired\":true,\"valueName\":\"search_term_string\"}}],\"inLanguage\":\"fi\"},{\"@type\":\"Organization\",\"@id\":\"https:\/\/goodwill.fi\/kauppa\/#organization\",\"name\":\"Goodwill-verkkokauppa\",\"url\":\"https:\/\/goodwill.fi\/kauppa\/\",\"logo\":{\"@type\":\"ImageObject\",\"inLanguage\":\"fi\",\"@id\":\"https:\/\/goodwill.fi\/kauppa\/#\/schema\/logo\/image\/\",\"url\":\"https:\/\/goodwill.fi\/kauppa\/wp-content\/uploads\/2021\/02\/cropped-logo_gw_store-723x211-1.png\",\"contentUrl\":\"https:\/\/goodwill.fi\/kauppa\/wp-content\/uploads\/2021\/02\/cropped-logo_gw_store-723x211-1.png\",\"width\":723,\"height\":207,\"caption\":\"Goodwill-verkkokauppa\"},\"image\":{\"@id\":\"https:\/\/goodwill.fi\/kauppa\/#\/schema\/logo\/image\/\"}}]}<\/script>\n<!-- \/ Yoast SEO plugin. -->","yoast_head_json":{"title":"ARABIA HEINI TARJOILUASTIA - Goodwill-verkkokauppa","description":"Suunnittelija: Raija Uosikkinen Valmistaja: Arabia Valmistusvuosi: 1957-1971 Mitat: korkeus 6 cm, leveys 23.5 cm, pituus 18.2 cm, paino 530 g","robots":{"index":"index","follow":"follow","max-snippet":"max-snippet:-1","max-image-preview":"max-image-preview:large","max-video-preview":"max-video-preview:-1"},"canonical":"https:\/\/goodwill.fi\/kauppa\/tuote\/arabia-heini-tarjoiluastia\/","og_locale":"fi_FI","og_type":"article","og_title":"ARABIA HEINI TARJOILUASTIA - Goodwill-verkkokauppa","og_description":"Suunnittelija: Raija Uosikkinen Valmistaja: Arabia Valmistusvuosi: 1957-1971 Mitat: korkeus 6 cm, leveys 23.5 cm, pituus 18.2 cm, paino 530 g","og_url":"https:\/\/goodwill.fi\/kauppa\/tuote\/arabia-heini-tarjoiluastia\/","og_site_name":"Goodwill-verkkokauppa","article_modified_time":"2025-08-14T06:09:39+00:00","og_image":[{"width":1501,"height":1706,"url":"https:\/\/goodwill.fi\/kauppa\/wp-content\/uploads\/2024\/08\/IMG_2970-scaled-e1725013548996.jpg","type":"image\/jpeg"}],"twitter_card":"summary_large_image","twitter_misc":{"Arvioitu lukuaika":"1 minuutti"},"schema":{"@context":"https:\/\/schema.org","@graph":[{"@type":"WebPage","@id":"https:\/\/goodwill.fi\/kauppa\/tuote\/arabia-heini-tarjoiluastia\/","url":"https:\/\/goodwill.fi\/kauppa\/tuote\/arabia-heini-tarjoiluastia\/","name":"ARABIA HEINI TARJOILUASTIA - Goodwill-verkkokauppa","isPartOf":{"@id":"https:\/\/goodwill.fi\/kauppa\/#website"},"primaryImageOfPage":{"@id":"https:\/\/goodwill.fi\/kauppa\/tuote\/arabia-heini-tarjoiluastia\/#primaryimage"},"image":{"@id":"https:\/\/goodwill.fi\/kauppa\/tuote\/arabia-heini-tarjoiluastia\/#primaryimage"},"thumbnailUrl":"https:\/\/goodwill.fi\/kauppa\/wp-content\/uploads\/2024\/08\/IMG_2970-scaled-e1725013548996.jpg","datePublished":"2025-08-01T05:00:52+00:00","dateModified":"2025-08-14T06:09:39+00:00","description":"Suunnittelija: Raija Uosikkinen Valmistaja: Arabia Valmistusvuosi: 1957-1971 Mitat: korkeus 6 cm, leveys 23.5 cm, pituus 18.2 cm, paino 530 g","breadcrumb":{"@id":"https:\/\/goodwill.fi\/kauppa\/tuote\/arabia-heini-tarjoiluastia\/#breadcrumb"},"inLanguage":"fi","potentialAction":[{"@type":"ReadAction","target":["https:\/\/goodwill.fi\/kauppa\/tuote\/arabia-heini-tarjoiluastia\/"]}]},{"@type":"ImageObject","inLanguage":"fi","@id":"https:\/\/goodwill.fi\/kauppa\/tuote\/arabia-heini-tarjoiluastia\/#primaryimage","url":"https:\/\/goodwill.fi\/kauppa\/wp-content\/uploads\/2024\/08\/IMG_2970-scaled-e1725013548996.jpg","contentUrl":"https:\/\/goodwill.fi\/kauppa\/wp-content\/uploads\/2024\/08\/IMG_2970-scaled-e1725013548996.jpg","width":1501,"height":1706},{"@type":"BreadcrumbList","@id":"https:\/\/goodwill.fi\/kauppa\/tuote\/arabia-heini-tarjoiluastia\/#breadcrumb","itemListElement":[{"@type":"ListItem","position":1,"name":"Home","item":"https:\/\/goodwill.fi\/kauppa\/"},{"@type":"ListItem","position":2,"name":"Shop","item":"https:\/\/goodwill.fi\/kauppa\/shop\/"},{"@type":"ListItem","position":3,"name":"ARABIA HEINI TARJOILUASTIA"}]},{"@type":"WebSite","@id":"https:\/\/goodwill.fi\/kauppa\/#website","url":"https:\/\/goodwill.fi\/kauppa\/","name":"Goodwill-verkkokauppa","description":"Kierr\u00e4tysmyym\u00e4l\u00e4 verkossa","publisher":{"@id":"https:\/\/goodwill.fi\/kauppa\/#organization"},"potentialAction":[{"@type":"SearchAction","target":{"@type":"EntryPoint","urlTemplate":"https:\/\/goodwill.fi\/kauppa\/?s={search_term_string}"},"query-input":{"@type":"PropertyValueSpecification","valueRequired":true,"valueName":"search_term_string"}}],"inLanguage":"fi"},{"@type":"Organization","@id":"https:\/\/goodwill.fi\/kauppa\/#organization","name":"Goodwill-verkkokauppa","url":"https:\/\/goodwill.fi\/kauppa\/","logo":{"@type":"ImageObject","inLanguage":"fi","@id":"https:\/\/goodwill.fi\/kauppa\/#\/schema\/logo\/image\/","url":"https:\/\/goodwill.fi\/kauppa\/wp-content\/uploads\/2021\/02\/cropped-logo_gw_store-723x211-1.png","contentUrl":"https:\/\/goodwill.fi\/kauppa\/wp-content\/uploads\/2021\/02\/cropped-logo_gw_store-723x211-1.png","width":723,"height":207,"caption":"Goodwill-verkkokauppa"},"image":{"@id":"https:\/\/goodwill.fi\/kauppa\/#\/schema\/logo\/image\/"}}]}},"_links":{"self":[{"href":"https:\/\/goodwill.fi\/kauppa\/wp-json\/wp\/v2\/product\/34187","targetHints":{"allow":["GET"]}}],"collection":[{"href":"https:\/\/goodwill.fi\/kauppa\/wp-json\/wp\/v2\/product"}],"about":[{"href":"https:\/\/goodwill.fi\/kauppa\/wp-json\/wp\/v2\/types\/product"}],"replies":[{"embeddable":true,"href":"https:\/\/goodwill.fi\/kauppa\/wp-json\/wp\/v2\/comments?post=34187"}],"wp:featuredmedia":[{"embeddable":true,"href":"https:\/\/goodwill.fi\/kauppa\/wp-json\/wp\/v2\/media\/34188"}],"wp:attachment":[{"href":"https:\/\/goodwill.fi\/kauppa\/wp-json\/wp\/v2\/media?parent=34187"}],"wp:term":[{"taxonomy":"product_brand","embeddable":true,"href":"https:\/\/goodwill.fi\/kauppa\/wp-json\/wp\/v2\/product_brand?post=34187"},{"taxonomy":"product_cat","embeddable":true,"href":"https:\/\/goodwill.fi\/kauppa\/wp-json\/wp\/v2\/product_cat?post=34187"},{"taxonomy":"product_tag","embeddable":true,"href":"https:\/\/goodwill.fi\/kauppa\/wp-json\/wp\/v2\/product_tag?post=34187"}],"curies":[{"name":"wp","href":"https:\/\/api.w.org\/{rel}","templated":true}]}}