{"id":28621,"date":"2024-06-12T11:45:02","date_gmt":"2024-06-12T08:45:02","guid":{"rendered":"https:\/\/goodwill.fi\/kauppa\/?post_type=product&#038;p=28621"},"modified":"2025-04-16T11:16:05","modified_gmt":"2025-04-16T08:16:05","slug":"arabia-pulmu-kermakko-raija-uosikkinen","status":"publish","type":"product","link":"https:\/\/goodwill.fi\/kauppa\/tuote\/arabia-pulmu-kermakko-raija-uosikkinen\/","title":{"rendered":"ARABIA PULMU KERMAKKO"},"content":{"rendered":"<p>Suunnittelija: Raija Uosikkinen<br \/>\nValmistaja: Arabia<br \/>\nValmistusvuosi: 1969-1973<br \/>\nMitat: korkeus 6 cm, halkaisija 6,8, leveys 10 cm, paino 88 g<br \/>\nV\u00e4ri: valkoinen, kulta ja beige<br \/>\nMateriaali: posliini<br \/>\nKunto: k\u00e4ytetty, kulumaa kultauksissa<br \/>\nHuom: tuotteet myyd\u00e4\u00e4n kappaleittain<\/p>\n","protected":false},"excerpt":{"rendered":"<p>Suunnittelija: Raija Uosikkinen Valmistaja: Arabia Valmistusvuosi: 1969-1973 Mitat: korkeus 6 cm, halkaisija 6,8, leveys 10 cm, paino 88 g V\u00e4ri: valkoinen, kulta ja beige Materiaali: posliini Kunto: k\u00e4ytetty, kulumaa kultauksissa Huom: tuotteet myyd\u00e4\u00e4n kappaleittain<\/p>\n","protected":false},"featured_media":28626,"comment_status":"open","ping_status":"closed","template":"","meta":[],"product_brand":[14734],"product_cat":[159,14855,166,14865],"product_tag":[206,9349,1408,242,10572,10573,1349,334],"class_list":{"0":"post-28621","1":"product","2":"type-product","3":"status-publish","4":"has-post-thumbnail","6":"product_brand-arabia","7":"product_cat-kaikki","8":"product_cat-arabia","9":"product_cat-astiat-2","10":"product_cat-tarjoiluastiat","11":"product_tag-arabia","12":"product_tag-keittio-astia","13":"product_tag-keraily-3","14":"product_tag-kermakko","15":"product_tag-par00056","16":"product_tag-pulmu","17":"product_tag-raija-uosikkinen","18":"product_tag-tarjoiluastia","20":"first","21":"instock","22":"taxable","23":"shipping-taxable","24":"purchasable","25":"product-type-simple"},"yoast_head":"<!-- This site is optimized with the Yoast SEO plugin v27.1.1 - https:\/\/yoast.com\/product\/yoast-seo-wordpress\/ -->\n<title>ARABIA PULMU KERMAKKO - Goodwill-verkkokauppa<\/title>\n<meta name=\"description\" content=\"arabian pulmu sarjan kermakko suunnittelija raija uosikkinen, kermakko tarjoilu astia, raija uosikkinen, arabia, sisustus\" \/>\n<meta name=\"robots\" content=\"index, follow, max-snippet:-1, max-image-preview:large, max-video-preview:-1\" \/>\n<link rel=\"canonical\" href=\"https:\/\/goodwill.fi\/kauppa\/tuote\/arabia-pulmu-kermakko-raija-uosikkinen\/\" \/>\n<meta property=\"og:locale\" content=\"fi_FI\" \/>\n<meta property=\"og:type\" content=\"article\" \/>\n<meta property=\"og:title\" content=\"ARABIA PULMU KERMAKKO - Goodwill-verkkokauppa\" \/>\n<meta property=\"og:description\" content=\"arabian pulmu sarjan kermakko suunnittelija raija uosikkinen, kermakko tarjoilu astia, raija uosikkinen, arabia, sisustus\" \/>\n<meta property=\"og:url\" content=\"https:\/\/goodwill.fi\/kauppa\/tuote\/arabia-pulmu-kermakko-raija-uosikkinen\/\" \/>\n<meta property=\"og:site_name\" content=\"Goodwill-verkkokauppa\" \/>\n<meta property=\"article:modified_time\" content=\"2025-04-16T08:16:05+00:00\" \/>\n<meta property=\"og:image\" content=\"https:\/\/goodwill.fi\/kauppa\/wp-content\/uploads\/2024\/06\/IMG_0810.jpg\" \/>\n\t<meta property=\"og:image:width\" content=\"1920\" \/>\n\t<meta property=\"og:image:height\" content=\"1280\" \/>\n\t<meta property=\"og:image:type\" content=\"image\/jpeg\" \/>\n<meta name=\"twitter:card\" content=\"summary_large_image\" \/>\n<meta name=\"twitter:label1\" content=\"Arvioitu lukuaika\" \/>\n\t<meta name=\"twitter:data1\" content=\"1 minuutti\" \/>\n<script type=\"application\/ld+json\" class=\"yoast-schema-graph\">{\"@context\":\"https:\/\/schema.org\",\"@graph\":[{\"@type\":\"WebPage\",\"@id\":\"https:\/\/goodwill.fi\/kauppa\/tuote\/arabia-pulmu-kermakko-raija-uosikkinen\/\",\"url\":\"https:\/\/goodwill.fi\/kauppa\/tuote\/arabia-pulmu-kermakko-raija-uosikkinen\/\",\"name\":\"ARABIA PULMU KERMAKKO - Goodwill-verkkokauppa\",\"isPartOf\":{\"@id\":\"https:\/\/goodwill.fi\/kauppa\/#website\"},\"primaryImageOfPage\":{\"@id\":\"https:\/\/goodwill.fi\/kauppa\/tuote\/arabia-pulmu-kermakko-raija-uosikkinen\/#primaryimage\"},\"image\":{\"@id\":\"https:\/\/goodwill.fi\/kauppa\/tuote\/arabia-pulmu-kermakko-raija-uosikkinen\/#primaryimage\"},\"thumbnailUrl\":\"https:\/\/goodwill.fi\/kauppa\/wp-content\/uploads\/2024\/06\/IMG_0810.jpg\",\"datePublished\":\"2024-06-12T08:45:02+00:00\",\"dateModified\":\"2025-04-16T08:16:05+00:00\",\"description\":\"arabian pulmu sarjan kermakko suunnittelija raija uosikkinen, kermakko tarjoilu astia, raija uosikkinen, arabia, sisustus\",\"breadcrumb\":{\"@id\":\"https:\/\/goodwill.fi\/kauppa\/tuote\/arabia-pulmu-kermakko-raija-uosikkinen\/#breadcrumb\"},\"inLanguage\":\"fi\",\"potentialAction\":[{\"@type\":\"ReadAction\",\"target\":[\"https:\/\/goodwill.fi\/kauppa\/tuote\/arabia-pulmu-kermakko-raija-uosikkinen\/\"]}]},{\"@type\":\"ImageObject\",\"inLanguage\":\"fi\",\"@id\":\"https:\/\/goodwill.fi\/kauppa\/tuote\/arabia-pulmu-kermakko-raija-uosikkinen\/#primaryimage\",\"url\":\"https:\/\/goodwill.fi\/kauppa\/wp-content\/uploads\/2024\/06\/IMG_0810.jpg\",\"contentUrl\":\"https:\/\/goodwill.fi\/kauppa\/wp-content\/uploads\/2024\/06\/IMG_0810.jpg\",\"width\":1920,\"height\":1280},{\"@type\":\"BreadcrumbList\",\"@id\":\"https:\/\/goodwill.fi\/kauppa\/tuote\/arabia-pulmu-kermakko-raija-uosikkinen\/#breadcrumb\",\"itemListElement\":[{\"@type\":\"ListItem\",\"position\":1,\"name\":\"Home\",\"item\":\"https:\/\/goodwill.fi\/kauppa\/\"},{\"@type\":\"ListItem\",\"position\":2,\"name\":\"Shop\",\"item\":\"https:\/\/goodwill.fi\/kauppa\/shop\/\"},{\"@type\":\"ListItem\",\"position\":3,\"name\":\"ARABIA PULMU KERMAKKO\"}]},{\"@type\":\"WebSite\",\"@id\":\"https:\/\/goodwill.fi\/kauppa\/#website\",\"url\":\"https:\/\/goodwill.fi\/kauppa\/\",\"name\":\"Goodwill-verkkokauppa\",\"description\":\"Kierr\u00e4tysmyym\u00e4l\u00e4 verkossa\",\"publisher\":{\"@id\":\"https:\/\/goodwill.fi\/kauppa\/#organization\"},\"potentialAction\":[{\"@type\":\"SearchAction\",\"target\":{\"@type\":\"EntryPoint\",\"urlTemplate\":\"https:\/\/goodwill.fi\/kauppa\/?s={search_term_string}\"},\"query-input\":{\"@type\":\"PropertyValueSpecification\",\"valueRequired\":true,\"valueName\":\"search_term_string\"}}],\"inLanguage\":\"fi\"},{\"@type\":\"Organization\",\"@id\":\"https:\/\/goodwill.fi\/kauppa\/#organization\",\"name\":\"Goodwill-verkkokauppa\",\"url\":\"https:\/\/goodwill.fi\/kauppa\/\",\"logo\":{\"@type\":\"ImageObject\",\"inLanguage\":\"fi\",\"@id\":\"https:\/\/goodwill.fi\/kauppa\/#\/schema\/logo\/image\/\",\"url\":\"https:\/\/goodwill.fi\/kauppa\/wp-content\/uploads\/2021\/02\/cropped-logo_gw_store-723x211-1.png\",\"contentUrl\":\"https:\/\/goodwill.fi\/kauppa\/wp-content\/uploads\/2021\/02\/cropped-logo_gw_store-723x211-1.png\",\"width\":723,\"height\":207,\"caption\":\"Goodwill-verkkokauppa\"},\"image\":{\"@id\":\"https:\/\/goodwill.fi\/kauppa\/#\/schema\/logo\/image\/\"}}]}<\/script>\n<!-- \/ Yoast SEO plugin. -->","yoast_head_json":{"title":"ARABIA PULMU KERMAKKO - Goodwill-verkkokauppa","description":"arabian pulmu sarjan kermakko suunnittelija raija uosikkinen, kermakko tarjoilu astia, raija uosikkinen, arabia, sisustus","robots":{"index":"index","follow":"follow","max-snippet":"max-snippet:-1","max-image-preview":"max-image-preview:large","max-video-preview":"max-video-preview:-1"},"canonical":"https:\/\/goodwill.fi\/kauppa\/tuote\/arabia-pulmu-kermakko-raija-uosikkinen\/","og_locale":"fi_FI","og_type":"article","og_title":"ARABIA PULMU KERMAKKO - Goodwill-verkkokauppa","og_description":"arabian pulmu sarjan kermakko suunnittelija raija uosikkinen, kermakko tarjoilu astia, raija uosikkinen, arabia, sisustus","og_url":"https:\/\/goodwill.fi\/kauppa\/tuote\/arabia-pulmu-kermakko-raija-uosikkinen\/","og_site_name":"Goodwill-verkkokauppa","article_modified_time":"2025-04-16T08:16:05+00:00","og_image":[{"width":1920,"height":1280,"url":"https:\/\/goodwill.fi\/kauppa\/wp-content\/uploads\/2024\/06\/IMG_0810.jpg","type":"image\/jpeg"}],"twitter_card":"summary_large_image","twitter_misc":{"Arvioitu lukuaika":"1 minuutti"},"schema":{"@context":"https:\/\/schema.org","@graph":[{"@type":"WebPage","@id":"https:\/\/goodwill.fi\/kauppa\/tuote\/arabia-pulmu-kermakko-raija-uosikkinen\/","url":"https:\/\/goodwill.fi\/kauppa\/tuote\/arabia-pulmu-kermakko-raija-uosikkinen\/","name":"ARABIA PULMU KERMAKKO - Goodwill-verkkokauppa","isPartOf":{"@id":"https:\/\/goodwill.fi\/kauppa\/#website"},"primaryImageOfPage":{"@id":"https:\/\/goodwill.fi\/kauppa\/tuote\/arabia-pulmu-kermakko-raija-uosikkinen\/#primaryimage"},"image":{"@id":"https:\/\/goodwill.fi\/kauppa\/tuote\/arabia-pulmu-kermakko-raija-uosikkinen\/#primaryimage"},"thumbnailUrl":"https:\/\/goodwill.fi\/kauppa\/wp-content\/uploads\/2024\/06\/IMG_0810.jpg","datePublished":"2024-06-12T08:45:02+00:00","dateModified":"2025-04-16T08:16:05+00:00","description":"arabian pulmu sarjan kermakko suunnittelija raija uosikkinen, kermakko tarjoilu astia, raija uosikkinen, arabia, sisustus","breadcrumb":{"@id":"https:\/\/goodwill.fi\/kauppa\/tuote\/arabia-pulmu-kermakko-raija-uosikkinen\/#breadcrumb"},"inLanguage":"fi","potentialAction":[{"@type":"ReadAction","target":["https:\/\/goodwill.fi\/kauppa\/tuote\/arabia-pulmu-kermakko-raija-uosikkinen\/"]}]},{"@type":"ImageObject","inLanguage":"fi","@id":"https:\/\/goodwill.fi\/kauppa\/tuote\/arabia-pulmu-kermakko-raija-uosikkinen\/#primaryimage","url":"https:\/\/goodwill.fi\/kauppa\/wp-content\/uploads\/2024\/06\/IMG_0810.jpg","contentUrl":"https:\/\/goodwill.fi\/kauppa\/wp-content\/uploads\/2024\/06\/IMG_0810.jpg","width":1920,"height":1280},{"@type":"BreadcrumbList","@id":"https:\/\/goodwill.fi\/kauppa\/tuote\/arabia-pulmu-kermakko-raija-uosikkinen\/#breadcrumb","itemListElement":[{"@type":"ListItem","position":1,"name":"Home","item":"https:\/\/goodwill.fi\/kauppa\/"},{"@type":"ListItem","position":2,"name":"Shop","item":"https:\/\/goodwill.fi\/kauppa\/shop\/"},{"@type":"ListItem","position":3,"name":"ARABIA PULMU KERMAKKO"}]},{"@type":"WebSite","@id":"https:\/\/goodwill.fi\/kauppa\/#website","url":"https:\/\/goodwill.fi\/kauppa\/","name":"Goodwill-verkkokauppa","description":"Kierr\u00e4tysmyym\u00e4l\u00e4 verkossa","publisher":{"@id":"https:\/\/goodwill.fi\/kauppa\/#organization"},"potentialAction":[{"@type":"SearchAction","target":{"@type":"EntryPoint","urlTemplate":"https:\/\/goodwill.fi\/kauppa\/?s={search_term_string}"},"query-input":{"@type":"PropertyValueSpecification","valueRequired":true,"valueName":"search_term_string"}}],"inLanguage":"fi"},{"@type":"Organization","@id":"https:\/\/goodwill.fi\/kauppa\/#organization","name":"Goodwill-verkkokauppa","url":"https:\/\/goodwill.fi\/kauppa\/","logo":{"@type":"ImageObject","inLanguage":"fi","@id":"https:\/\/goodwill.fi\/kauppa\/#\/schema\/logo\/image\/","url":"https:\/\/goodwill.fi\/kauppa\/wp-content\/uploads\/2021\/02\/cropped-logo_gw_store-723x211-1.png","contentUrl":"https:\/\/goodwill.fi\/kauppa\/wp-content\/uploads\/2021\/02\/cropped-logo_gw_store-723x211-1.png","width":723,"height":207,"caption":"Goodwill-verkkokauppa"},"image":{"@id":"https:\/\/goodwill.fi\/kauppa\/#\/schema\/logo\/image\/"}}]}},"_links":{"self":[{"href":"https:\/\/goodwill.fi\/kauppa\/wp-json\/wp\/v2\/product\/28621","targetHints":{"allow":["GET"]}}],"collection":[{"href":"https:\/\/goodwill.fi\/kauppa\/wp-json\/wp\/v2\/product"}],"about":[{"href":"https:\/\/goodwill.fi\/kauppa\/wp-json\/wp\/v2\/types\/product"}],"replies":[{"embeddable":true,"href":"https:\/\/goodwill.fi\/kauppa\/wp-json\/wp\/v2\/comments?post=28621"}],"wp:featuredmedia":[{"embeddable":true,"href":"https:\/\/goodwill.fi\/kauppa\/wp-json\/wp\/v2\/media\/28626"}],"wp:attachment":[{"href":"https:\/\/goodwill.fi\/kauppa\/wp-json\/wp\/v2\/media?parent=28621"}],"wp:term":[{"taxonomy":"product_brand","embeddable":true,"href":"https:\/\/goodwill.fi\/kauppa\/wp-json\/wp\/v2\/product_brand?post=28621"},{"taxonomy":"product_cat","embeddable":true,"href":"https:\/\/goodwill.fi\/kauppa\/wp-json\/wp\/v2\/product_cat?post=28621"},{"taxonomy":"product_tag","embeddable":true,"href":"https:\/\/goodwill.fi\/kauppa\/wp-json\/wp\/v2\/product_tag?post=28621"}],"curies":[{"name":"wp","href":"https:\/\/api.w.org\/{rel}","templated":true}]}}