{"id":24334,"date":"2024-04-03T12:19:25","date_gmt":"2024-04-03T09:19:25","guid":{"rendered":"https:\/\/goodwill.fi\/kauppa\/?post_type=product&#038;p=24334"},"modified":"2024-11-25T23:51:27","modified_gmt":"2024-11-25T21:51:27","slug":"chaika-sormuskello","status":"publish","type":"product","link":"https:\/\/goodwill.fi\/kauppa\/tuote\/chaika-sormuskello\/","title":{"rendered":"CHAIKA SORMUSKELLO"},"content":{"rendered":"<p>Erikoinen ja siro chaika sormuskello. Neuvostoliitossa valmistettu kello sopii niin arki- kuin juhlak\u00e4ytt\u00f6\u00f6nkin, ollen samalla kaunis ja k\u00e4yt\u00e4nn\u00f6llinen.<\/p>\n<p>Valmistaja: Chaika<br \/>\nMitat: kellon korkeus: 2 cm, leveys: 1,8 cm, sormuksen halkaisija n. 1.7 cm, paino<br \/>\nMateriaali: ei materiaalimerkint\u00e4\u00e4<br \/>\nKunto: ehj\u00e4, eritt\u00e4in v\u00e4h\u00e4n k\u00e4yt\u00f6n j\u00e4lki\u00e4, kello k\u00e4y mutta emme voi taata ajassa pysyvyytt\u00e4<\/p>\n<p>&nbsp;<\/p>\n<p>Saatat olla kiinnostunut my\u00f6s saman merkkisest\u00e4 rannekellosta:\u00a0<a href=\"https:\/\/goodwill.fi\/kauppa\/tuote\/chaika-rannekello\/\" target=\"_blank\" rel=\"noopener\">Chaika rannekello<\/a><br \/>\nToimitustavat ja ehdot l\u00f6yd\u00e4t\u00a0<a href=\"https:\/\/goodwill.fi\/kauppa\/toimitustavat-ja-ehdot\/\">t\u00e4\u00e4lt\u00e4!<\/a><\/p>\n<p>Voit my\u00f6s seurata meit\u00e4 sosiaalisessa mediassa:\u00a0<a href=\"https:\/\/www.instagram.com\/goodwillsuomi\/\" target=\"_blank\" rel=\"noopener\">Instagram<\/a><\/p>\n","protected":false},"excerpt":{"rendered":"<p><img fetchpriority=\"high\" decoding=\"async\" class=\"alignnone size-medium wp-image-24341\" src=\"https:\/\/goodwill.fi\/kauppa\/wp-content\/uploads\/2024\/04\/IMG_1643-300x200.jpg\" alt=\"Chaika sormuskello\" width=\"300\" height=\"200\" srcset=\"https:\/\/goodwill.fi\/kauppa\/wp-content\/uploads\/2024\/04\/IMG_1643-300x200.jpg 300w, https:\/\/goodwill.fi\/kauppa\/wp-content\/uploads\/2024\/04\/IMG_1643-1024x683.jpg 1024w, https:\/\/goodwill.fi\/kauppa\/wp-content\/uploads\/2024\/04\/IMG_1643-768x512.jpg 768w, https:\/\/goodwill.fi\/kauppa\/wp-content\/uploads\/2024\/04\/IMG_1643-1536x1024.jpg 1536w, https:\/\/goodwill.fi\/kauppa\/wp-content\/uploads\/2024\/04\/IMG_1643-2048x1365.jpg 2048w, https:\/\/goodwill.fi\/kauppa\/wp-content\/uploads\/2024\/04\/IMG_1643-600x400.jpg 600w, https:\/\/goodwill.fi\/kauppa\/wp-content\/uploads\/2024\/04\/IMG_1643-64x43.jpg 64w\" sizes=\"(max-width: 300px) 100vw, 300px\" \/>Erikoinen ja siro chaika sormuskello.<\/p>\n","protected":false},"featured_media":24341,"comment_status":"open","ping_status":"closed","template":"","meta":[],"product_brand":[],"product_cat":[159,177,148,176],"product_tag":[9643,437,9657,3251,9655],"class_list":{"0":"post-24334","1":"product","2":"type-product","3":"status-publish","4":"has-post-thumbnail","6":"product_cat-kaikki","7":"product_cat-kellot","8":"product_cat-korut-2","9":"product_cat-asusteet-2","10":"product_tag-chaika","11":"product_tag-kello","12":"product_tag-kot03538","13":"product_tag-sormus","14":"product_tag-sormuskello","16":"first","17":"outofstock","18":"taxable","19":"shipping-taxable","20":"purchasable","21":"product-type-simple"},"yoast_head":"<!-- This site is optimized with the Yoast SEO plugin v27.4 - https:\/\/yoast.com\/product\/yoast-seo-wordpress\/ -->\n<title>CHAIKA SORMUSKELLO - Goodwill-verkkokauppa<\/title>\n<meta name=\"description\" content=\"Erikoinen ja siro chaika sormuskello. Ven\u00e4l\u00e4isvalmisteinen kello sopii niin arki- kuin juhlak\u00e4ytt\u00f6\u00f6nkin, ollen samalla kaunis ja k\u00e4yt\u00e4nn\u00f6llinen\" \/>\n<meta name=\"robots\" content=\"index, follow, max-snippet:-1, max-image-preview:large, max-video-preview:-1\" \/>\n<link rel=\"canonical\" href=\"https:\/\/goodwill.fi\/kauppa\/tuote\/chaika-sormuskello\/\" \/>\n<meta property=\"og:locale\" content=\"fi_FI\" \/>\n<meta property=\"og:type\" content=\"article\" \/>\n<meta property=\"og:title\" content=\"CHAIKA SORMUSKELLO - Goodwill-verkkokauppa\" \/>\n<meta property=\"og:description\" content=\"Erikoinen ja siro chaika sormuskello. Ven\u00e4l\u00e4isvalmisteinen kello sopii niin arki- kuin juhlak\u00e4ytt\u00f6\u00f6nkin, ollen samalla kaunis ja k\u00e4yt\u00e4nn\u00f6llinen\" \/>\n<meta property=\"og:url\" content=\"https:\/\/goodwill.fi\/kauppa\/tuote\/chaika-sormuskello\/\" \/>\n<meta property=\"og:site_name\" content=\"Goodwill-verkkokauppa\" \/>\n<meta property=\"article:modified_time\" content=\"2024-11-25T21:51:27+00:00\" \/>\n<meta property=\"og:image\" content=\"https:\/\/goodwill.fi\/kauppa\/wp-content\/uploads\/2024\/04\/IMG_1643-scaled.jpg\" \/>\n\t<meta property=\"og:image:width\" content=\"2560\" \/>\n\t<meta property=\"og:image:height\" content=\"1707\" \/>\n\t<meta property=\"og:image:type\" content=\"image\/jpeg\" \/>\n<meta name=\"twitter:card\" content=\"summary_large_image\" \/>\n<meta name=\"twitter:label1\" content=\"Arvioitu lukuaika\" \/>\n\t<meta name=\"twitter:data1\" content=\"1 minuutti\" \/>\n<script type=\"application\/ld+json\" class=\"yoast-schema-graph\">{\"@context\":\"https:\\\/\\\/schema.org\",\"@graph\":[{\"@type\":\"WebPage\",\"@id\":\"https:\\\/\\\/goodwill.fi\\\/kauppa\\\/tuote\\\/chaika-sormuskello\\\/\",\"url\":\"https:\\\/\\\/goodwill.fi\\\/kauppa\\\/tuote\\\/chaika-sormuskello\\\/\",\"name\":\"CHAIKA SORMUSKELLO - Goodwill-verkkokauppa\",\"isPartOf\":{\"@id\":\"https:\\\/\\\/goodwill.fi\\\/kauppa\\\/#website\"},\"primaryImageOfPage\":{\"@id\":\"https:\\\/\\\/goodwill.fi\\\/kauppa\\\/tuote\\\/chaika-sormuskello\\\/#primaryimage\"},\"image\":{\"@id\":\"https:\\\/\\\/goodwill.fi\\\/kauppa\\\/tuote\\\/chaika-sormuskello\\\/#primaryimage\"},\"thumbnailUrl\":\"https:\\\/\\\/goodwill.fi\\\/kauppa\\\/wp-content\\\/uploads\\\/2024\\\/04\\\/IMG_1643-scaled.jpg\",\"datePublished\":\"2024-04-03T09:19:25+00:00\",\"dateModified\":\"2024-11-25T21:51:27+00:00\",\"description\":\"Erikoinen ja siro chaika sormuskello. Ven\u00e4l\u00e4isvalmisteinen kello sopii niin arki- kuin juhlak\u00e4ytt\u00f6\u00f6nkin, ollen samalla kaunis ja k\u00e4yt\u00e4nn\u00f6llinen\",\"breadcrumb\":{\"@id\":\"https:\\\/\\\/goodwill.fi\\\/kauppa\\\/tuote\\\/chaika-sormuskello\\\/#breadcrumb\"},\"inLanguage\":\"fi\",\"potentialAction\":[{\"@type\":\"ReadAction\",\"target\":[\"https:\\\/\\\/goodwill.fi\\\/kauppa\\\/tuote\\\/chaika-sormuskello\\\/\"]}]},{\"@type\":\"ImageObject\",\"inLanguage\":\"fi\",\"@id\":\"https:\\\/\\\/goodwill.fi\\\/kauppa\\\/tuote\\\/chaika-sormuskello\\\/#primaryimage\",\"url\":\"https:\\\/\\\/goodwill.fi\\\/kauppa\\\/wp-content\\\/uploads\\\/2024\\\/04\\\/IMG_1643-scaled.jpg\",\"contentUrl\":\"https:\\\/\\\/goodwill.fi\\\/kauppa\\\/wp-content\\\/uploads\\\/2024\\\/04\\\/IMG_1643-scaled.jpg\",\"width\":2560,\"height\":1707,\"caption\":\"Chaika sormuskello\"},{\"@type\":\"BreadcrumbList\",\"@id\":\"https:\\\/\\\/goodwill.fi\\\/kauppa\\\/tuote\\\/chaika-sormuskello\\\/#breadcrumb\",\"itemListElement\":[{\"@type\":\"ListItem\",\"position\":1,\"name\":\"Home\",\"item\":\"https:\\\/\\\/goodwill.fi\\\/kauppa\\\/\"},{\"@type\":\"ListItem\",\"position\":2,\"name\":\"Shop\",\"item\":\"https:\\\/\\\/goodwill.fi\\\/kauppa\\\/shop\\\/\"},{\"@type\":\"ListItem\",\"position\":3,\"name\":\"CHAIKA SORMUSKELLO\"}]},{\"@type\":\"WebSite\",\"@id\":\"https:\\\/\\\/goodwill.fi\\\/kauppa\\\/#website\",\"url\":\"https:\\\/\\\/goodwill.fi\\\/kauppa\\\/\",\"name\":\"Goodwill-verkkokauppa\",\"description\":\"Kierr\u00e4tysmyym\u00e4l\u00e4 verkossa\",\"publisher\":{\"@id\":\"https:\\\/\\\/goodwill.fi\\\/kauppa\\\/#organization\"},\"potentialAction\":[{\"@type\":\"SearchAction\",\"target\":{\"@type\":\"EntryPoint\",\"urlTemplate\":\"https:\\\/\\\/goodwill.fi\\\/kauppa\\\/?s={search_term_string}\"},\"query-input\":{\"@type\":\"PropertyValueSpecification\",\"valueRequired\":true,\"valueName\":\"search_term_string\"}}],\"inLanguage\":\"fi\"},{\"@type\":\"Organization\",\"@id\":\"https:\\\/\\\/goodwill.fi\\\/kauppa\\\/#organization\",\"name\":\"Goodwill-verkkokauppa\",\"url\":\"https:\\\/\\\/goodwill.fi\\\/kauppa\\\/\",\"logo\":{\"@type\":\"ImageObject\",\"inLanguage\":\"fi\",\"@id\":\"https:\\\/\\\/goodwill.fi\\\/kauppa\\\/#\\\/schema\\\/logo\\\/image\\\/\",\"url\":\"https:\\\/\\\/goodwill.fi\\\/kauppa\\\/wp-content\\\/uploads\\\/2021\\\/02\\\/cropped-logo_gw_store-723x211-1.png\",\"contentUrl\":\"https:\\\/\\\/goodwill.fi\\\/kauppa\\\/wp-content\\\/uploads\\\/2021\\\/02\\\/cropped-logo_gw_store-723x211-1.png\",\"width\":723,\"height\":207,\"caption\":\"Goodwill-verkkokauppa\"},\"image\":{\"@id\":\"https:\\\/\\\/goodwill.fi\\\/kauppa\\\/#\\\/schema\\\/logo\\\/image\\\/\"}}]}<\/script>\n<!-- \/ Yoast SEO plugin. -->","yoast_head_json":{"title":"CHAIKA SORMUSKELLO - Goodwill-verkkokauppa","description":"Erikoinen ja siro chaika sormuskello. Ven\u00e4l\u00e4isvalmisteinen kello sopii niin arki- kuin juhlak\u00e4ytt\u00f6\u00f6nkin, ollen samalla kaunis ja k\u00e4yt\u00e4nn\u00f6llinen","robots":{"index":"index","follow":"follow","max-snippet":"max-snippet:-1","max-image-preview":"max-image-preview:large","max-video-preview":"max-video-preview:-1"},"canonical":"https:\/\/goodwill.fi\/kauppa\/tuote\/chaika-sormuskello\/","og_locale":"fi_FI","og_type":"article","og_title":"CHAIKA SORMUSKELLO - Goodwill-verkkokauppa","og_description":"Erikoinen ja siro chaika sormuskello. Ven\u00e4l\u00e4isvalmisteinen kello sopii niin arki- kuin juhlak\u00e4ytt\u00f6\u00f6nkin, ollen samalla kaunis ja k\u00e4yt\u00e4nn\u00f6llinen","og_url":"https:\/\/goodwill.fi\/kauppa\/tuote\/chaika-sormuskello\/","og_site_name":"Goodwill-verkkokauppa","article_modified_time":"2024-11-25T21:51:27+00:00","og_image":[{"width":2560,"height":1707,"url":"https:\/\/goodwill.fi\/kauppa\/wp-content\/uploads\/2024\/04\/IMG_1643-scaled.jpg","type":"image\/jpeg"}],"twitter_card":"summary_large_image","twitter_misc":{"Arvioitu lukuaika":"1 minuutti"},"schema":{"@context":"https:\/\/schema.org","@graph":[{"@type":"WebPage","@id":"https:\/\/goodwill.fi\/kauppa\/tuote\/chaika-sormuskello\/","url":"https:\/\/goodwill.fi\/kauppa\/tuote\/chaika-sormuskello\/","name":"CHAIKA SORMUSKELLO - Goodwill-verkkokauppa","isPartOf":{"@id":"https:\/\/goodwill.fi\/kauppa\/#website"},"primaryImageOfPage":{"@id":"https:\/\/goodwill.fi\/kauppa\/tuote\/chaika-sormuskello\/#primaryimage"},"image":{"@id":"https:\/\/goodwill.fi\/kauppa\/tuote\/chaika-sormuskello\/#primaryimage"},"thumbnailUrl":"https:\/\/goodwill.fi\/kauppa\/wp-content\/uploads\/2024\/04\/IMG_1643-scaled.jpg","datePublished":"2024-04-03T09:19:25+00:00","dateModified":"2024-11-25T21:51:27+00:00","description":"Erikoinen ja siro chaika sormuskello. Ven\u00e4l\u00e4isvalmisteinen kello sopii niin arki- kuin juhlak\u00e4ytt\u00f6\u00f6nkin, ollen samalla kaunis ja k\u00e4yt\u00e4nn\u00f6llinen","breadcrumb":{"@id":"https:\/\/goodwill.fi\/kauppa\/tuote\/chaika-sormuskello\/#breadcrumb"},"inLanguage":"fi","potentialAction":[{"@type":"ReadAction","target":["https:\/\/goodwill.fi\/kauppa\/tuote\/chaika-sormuskello\/"]}]},{"@type":"ImageObject","inLanguage":"fi","@id":"https:\/\/goodwill.fi\/kauppa\/tuote\/chaika-sormuskello\/#primaryimage","url":"https:\/\/goodwill.fi\/kauppa\/wp-content\/uploads\/2024\/04\/IMG_1643-scaled.jpg","contentUrl":"https:\/\/goodwill.fi\/kauppa\/wp-content\/uploads\/2024\/04\/IMG_1643-scaled.jpg","width":2560,"height":1707,"caption":"Chaika sormuskello"},{"@type":"BreadcrumbList","@id":"https:\/\/goodwill.fi\/kauppa\/tuote\/chaika-sormuskello\/#breadcrumb","itemListElement":[{"@type":"ListItem","position":1,"name":"Home","item":"https:\/\/goodwill.fi\/kauppa\/"},{"@type":"ListItem","position":2,"name":"Shop","item":"https:\/\/goodwill.fi\/kauppa\/shop\/"},{"@type":"ListItem","position":3,"name":"CHAIKA SORMUSKELLO"}]},{"@type":"WebSite","@id":"https:\/\/goodwill.fi\/kauppa\/#website","url":"https:\/\/goodwill.fi\/kauppa\/","name":"Goodwill-verkkokauppa","description":"Kierr\u00e4tysmyym\u00e4l\u00e4 verkossa","publisher":{"@id":"https:\/\/goodwill.fi\/kauppa\/#organization"},"potentialAction":[{"@type":"SearchAction","target":{"@type":"EntryPoint","urlTemplate":"https:\/\/goodwill.fi\/kauppa\/?s={search_term_string}"},"query-input":{"@type":"PropertyValueSpecification","valueRequired":true,"valueName":"search_term_string"}}],"inLanguage":"fi"},{"@type":"Organization","@id":"https:\/\/goodwill.fi\/kauppa\/#organization","name":"Goodwill-verkkokauppa","url":"https:\/\/goodwill.fi\/kauppa\/","logo":{"@type":"ImageObject","inLanguage":"fi","@id":"https:\/\/goodwill.fi\/kauppa\/#\/schema\/logo\/image\/","url":"https:\/\/goodwill.fi\/kauppa\/wp-content\/uploads\/2021\/02\/cropped-logo_gw_store-723x211-1.png","contentUrl":"https:\/\/goodwill.fi\/kauppa\/wp-content\/uploads\/2021\/02\/cropped-logo_gw_store-723x211-1.png","width":723,"height":207,"caption":"Goodwill-verkkokauppa"},"image":{"@id":"https:\/\/goodwill.fi\/kauppa\/#\/schema\/logo\/image\/"}}]}},"_links":{"self":[{"href":"https:\/\/goodwill.fi\/kauppa\/wp-json\/wp\/v2\/product\/24334","targetHints":{"allow":["GET"]}}],"collection":[{"href":"https:\/\/goodwill.fi\/kauppa\/wp-json\/wp\/v2\/product"}],"about":[{"href":"https:\/\/goodwill.fi\/kauppa\/wp-json\/wp\/v2\/types\/product"}],"replies":[{"embeddable":true,"href":"https:\/\/goodwill.fi\/kauppa\/wp-json\/wp\/v2\/comments?post=24334"}],"wp:featuredmedia":[{"embeddable":true,"href":"https:\/\/goodwill.fi\/kauppa\/wp-json\/wp\/v2\/media\/24341"}],"wp:attachment":[{"href":"https:\/\/goodwill.fi\/kauppa\/wp-json\/wp\/v2\/media?parent=24334"}],"wp:term":[{"taxonomy":"product_brand","embeddable":true,"href":"https:\/\/goodwill.fi\/kauppa\/wp-json\/wp\/v2\/product_brand?post=24334"},{"taxonomy":"product_cat","embeddable":true,"href":"https:\/\/goodwill.fi\/kauppa\/wp-json\/wp\/v2\/product_cat?post=24334"},{"taxonomy":"product_tag","embeddable":true,"href":"https:\/\/goodwill.fi\/kauppa\/wp-json\/wp\/v2\/product_tag?post=24334"}],"curies":[{"name":"wp","href":"https:\/\/api.w.org\/{rel}","templated":true}]}}