{"id":21598,"date":"2024-02-16T11:10:36","date_gmt":"2024-02-16T09:10:36","guid":{"rendered":"https:\/\/goodwill.fi\/kauppa\/?post_type=product&#038;p=21598"},"modified":"2024-10-14T16:14:04","modified_gmt":"2024-10-14T13:14:04","slug":"arabia-sotka-kahvikuppi-ja-tassi","status":"publish","type":"product","link":"https:\/\/goodwill.fi\/kauppa\/tuote\/arabia-sotka-kahvikuppi-ja-tassi\/","title":{"rendered":"ARABIA SOTKA KAHVIKUPPI JA TASSI"},"content":{"rendered":"<p>Suunnittelija: Raija Uosikkinen<br \/>\nValmistaja: Arabia<br \/>\nValmistusvuosi: 1970- 74<br \/>\nMitat kuppi: korkeus 6.7 cm, halkaisija 6.2 cm, leveys sangan kera 8.3 cm, paino 125 g<br \/>\nMitat tassi: korkeus 2 cm, halkaisija 12 cm, paino 100 g<br \/>\nV\u00e4ri: valkoinen, koboltinsininen<br \/>\nMateriaali: kova fajanssi<br \/>\nKunto: ehj\u00e4t, hieman k\u00e4yt\u00f6n j\u00e4lki\u00e4<br \/>\nHuom: myyd\u00e4\u00e4n yhden kupin ja yhden tassin settin\u00e4<\/p>\n","protected":false},"excerpt":{"rendered":"<p>Suunnittelija: Raija Uosikkinen Valmistaja: Arabia Valmistusvuosi: 1970- 74 Mitat kuppi: korkeus 6.7 cm, halkaisija 6.2 cm, leveys sangan kera 8.3 cm, paino 125 g Mitat tassi: korkeus 2 cm, halkaisija 12 cm, paino 100 g V\u00e4ri: valkoinen, koboltinsininen Materiaali: kova fajanssi Kunto: ehj\u00e4t, hieman k\u00e4yt\u00f6n j\u00e4lki\u00e4 Huom: myyd\u00e4\u00e4n yhden kupin ja yhden tassin settin\u00e4<\/p>\n","protected":false},"featured_media":21600,"comment_status":"open","ping_status":"closed","template":"","meta":[],"product_brand":[],"product_cat":[159,166,146],"product_tag":[206,289,8906,1349,7417,910],"class_list":{"0":"post-21598","1":"product","2":"type-product","3":"status-publish","4":"has-post-thumbnail","6":"product_cat-kaikki","7":"product_cat-astiat-2","8":"product_cat-koti-2","9":"product_tag-arabia","10":"product_tag-kahvikuppi","11":"product_tag-kot03275","12":"product_tag-raija-uosikkinen","13":"product_tag-sotka","14":"product_tag-tassi","16":"first","17":"outofstock","18":"taxable","19":"shipping-taxable","20":"purchasable","21":"product-type-simple"},"yoast_head":"<!-- This site is optimized with the Yoast SEO plugin v27.1.1 - https:\/\/yoast.com\/product\/yoast-seo-wordpress\/ -->\n<title>ARABIA SOTKA KAHVIKUPPI JA TASSI - Goodwill-verkkokauppa<\/title>\n<meta name=\"description\" content=\"Suunnittelija: Raija Uosikkinen Valmistaja: Arabia Valmistusvuosi: 1971- 75 Mitat kuppi: korkeus 6.7 cm, halkaisija 6.2 cm, leveys sangan kera 8.3 cm, paino 125 g Mitat tassi: korkeus 2 cm, halkaisija 12 cm, paino 100 g\" \/>\n<meta name=\"robots\" content=\"index, follow, max-snippet:-1, max-image-preview:large, max-video-preview:-1\" \/>\n<link rel=\"canonical\" href=\"https:\/\/goodwill.fi\/kauppa\/tuote\/arabia-sotka-kahvikuppi-ja-tassi\/\" \/>\n<meta property=\"og:locale\" content=\"fi_FI\" \/>\n<meta property=\"og:type\" content=\"article\" \/>\n<meta property=\"og:title\" content=\"ARABIA SOTKA KAHVIKUPPI JA TASSI - Goodwill-verkkokauppa\" \/>\n<meta property=\"og:description\" content=\"Suunnittelija: Raija Uosikkinen Valmistaja: Arabia Valmistusvuosi: 1971- 75 Mitat kuppi: korkeus 6.7 cm, halkaisija 6.2 cm, leveys sangan kera 8.3 cm, paino 125 g Mitat tassi: korkeus 2 cm, halkaisija 12 cm, paino 100 g\" \/>\n<meta property=\"og:url\" content=\"https:\/\/goodwill.fi\/kauppa\/tuote\/arabia-sotka-kahvikuppi-ja-tassi\/\" \/>\n<meta property=\"og:site_name\" content=\"Goodwill-verkkokauppa\" \/>\n<meta property=\"article:modified_time\" content=\"2024-10-14T13:14:04+00:00\" \/>\n<meta property=\"og:image\" content=\"https:\/\/goodwill.fi\/kauppa\/wp-content\/uploads\/2024\/02\/IMG_9946-scaled-e1708074415624.jpg\" \/>\n\t<meta property=\"og:image:width\" content=\"1500\" \/>\n\t<meta property=\"og:image:height\" content=\"1500\" \/>\n\t<meta property=\"og:image:type\" content=\"image\/jpeg\" \/>\n<meta name=\"twitter:card\" content=\"summary_large_image\" \/>\n<meta name=\"twitter:label1\" content=\"Arvioitu lukuaika\" \/>\n\t<meta name=\"twitter:data1\" content=\"1 minuutti\" \/>\n<script type=\"application\/ld+json\" class=\"yoast-schema-graph\">{\"@context\":\"https:\/\/schema.org\",\"@graph\":[{\"@type\":\"WebPage\",\"@id\":\"https:\/\/goodwill.fi\/kauppa\/tuote\/arabia-sotka-kahvikuppi-ja-tassi\/\",\"url\":\"https:\/\/goodwill.fi\/kauppa\/tuote\/arabia-sotka-kahvikuppi-ja-tassi\/\",\"name\":\"ARABIA SOTKA KAHVIKUPPI JA TASSI - Goodwill-verkkokauppa\",\"isPartOf\":{\"@id\":\"https:\/\/goodwill.fi\/kauppa\/#website\"},\"primaryImageOfPage\":{\"@id\":\"https:\/\/goodwill.fi\/kauppa\/tuote\/arabia-sotka-kahvikuppi-ja-tassi\/#primaryimage\"},\"image\":{\"@id\":\"https:\/\/goodwill.fi\/kauppa\/tuote\/arabia-sotka-kahvikuppi-ja-tassi\/#primaryimage\"},\"thumbnailUrl\":\"https:\/\/goodwill.fi\/kauppa\/wp-content\/uploads\/2024\/02\/IMG_9946-scaled-e1708074415624.jpg\",\"datePublished\":\"2024-02-16T09:10:36+00:00\",\"dateModified\":\"2024-10-14T13:14:04+00:00\",\"description\":\"Suunnittelija: Raija Uosikkinen Valmistaja: Arabia Valmistusvuosi: 1971- 75 Mitat kuppi: korkeus 6.7 cm, halkaisija 6.2 cm, leveys sangan kera 8.3 cm, paino 125 g Mitat tassi: korkeus 2 cm, halkaisija 12 cm, paino 100 g\",\"breadcrumb\":{\"@id\":\"https:\/\/goodwill.fi\/kauppa\/tuote\/arabia-sotka-kahvikuppi-ja-tassi\/#breadcrumb\"},\"inLanguage\":\"fi\",\"potentialAction\":[{\"@type\":\"ReadAction\",\"target\":[\"https:\/\/goodwill.fi\/kauppa\/tuote\/arabia-sotka-kahvikuppi-ja-tassi\/\"]}]},{\"@type\":\"ImageObject\",\"inLanguage\":\"fi\",\"@id\":\"https:\/\/goodwill.fi\/kauppa\/tuote\/arabia-sotka-kahvikuppi-ja-tassi\/#primaryimage\",\"url\":\"https:\/\/goodwill.fi\/kauppa\/wp-content\/uploads\/2024\/02\/IMG_9946-scaled-e1708074415624.jpg\",\"contentUrl\":\"https:\/\/goodwill.fi\/kauppa\/wp-content\/uploads\/2024\/02\/IMG_9946-scaled-e1708074415624.jpg\",\"width\":1500,\"height\":1500},{\"@type\":\"BreadcrumbList\",\"@id\":\"https:\/\/goodwill.fi\/kauppa\/tuote\/arabia-sotka-kahvikuppi-ja-tassi\/#breadcrumb\",\"itemListElement\":[{\"@type\":\"ListItem\",\"position\":1,\"name\":\"Home\",\"item\":\"https:\/\/goodwill.fi\/kauppa\/\"},{\"@type\":\"ListItem\",\"position\":2,\"name\":\"Shop\",\"item\":\"https:\/\/goodwill.fi\/kauppa\/shop\/\"},{\"@type\":\"ListItem\",\"position\":3,\"name\":\"ARABIA SOTKA KAHVIKUPPI JA TASSI\"}]},{\"@type\":\"WebSite\",\"@id\":\"https:\/\/goodwill.fi\/kauppa\/#website\",\"url\":\"https:\/\/goodwill.fi\/kauppa\/\",\"name\":\"Goodwill-verkkokauppa\",\"description\":\"Kierr\u00e4tysmyym\u00e4l\u00e4 verkossa\",\"publisher\":{\"@id\":\"https:\/\/goodwill.fi\/kauppa\/#organization\"},\"potentialAction\":[{\"@type\":\"SearchAction\",\"target\":{\"@type\":\"EntryPoint\",\"urlTemplate\":\"https:\/\/goodwill.fi\/kauppa\/?s={search_term_string}\"},\"query-input\":{\"@type\":\"PropertyValueSpecification\",\"valueRequired\":true,\"valueName\":\"search_term_string\"}}],\"inLanguage\":\"fi\"},{\"@type\":\"Organization\",\"@id\":\"https:\/\/goodwill.fi\/kauppa\/#organization\",\"name\":\"Goodwill-verkkokauppa\",\"url\":\"https:\/\/goodwill.fi\/kauppa\/\",\"logo\":{\"@type\":\"ImageObject\",\"inLanguage\":\"fi\",\"@id\":\"https:\/\/goodwill.fi\/kauppa\/#\/schema\/logo\/image\/\",\"url\":\"https:\/\/goodwill.fi\/kauppa\/wp-content\/uploads\/2021\/02\/cropped-logo_gw_store-723x211-1.png\",\"contentUrl\":\"https:\/\/goodwill.fi\/kauppa\/wp-content\/uploads\/2021\/02\/cropped-logo_gw_store-723x211-1.png\",\"width\":723,\"height\":207,\"caption\":\"Goodwill-verkkokauppa\"},\"image\":{\"@id\":\"https:\/\/goodwill.fi\/kauppa\/#\/schema\/logo\/image\/\"}}]}<\/script>\n<!-- \/ Yoast SEO plugin. -->","yoast_head_json":{"title":"ARABIA SOTKA KAHVIKUPPI JA TASSI - Goodwill-verkkokauppa","description":"Suunnittelija: Raija Uosikkinen Valmistaja: Arabia Valmistusvuosi: 1971- 75 Mitat kuppi: korkeus 6.7 cm, halkaisija 6.2 cm, leveys sangan kera 8.3 cm, paino 125 g Mitat tassi: korkeus 2 cm, halkaisija 12 cm, paino 100 g","robots":{"index":"index","follow":"follow","max-snippet":"max-snippet:-1","max-image-preview":"max-image-preview:large","max-video-preview":"max-video-preview:-1"},"canonical":"https:\/\/goodwill.fi\/kauppa\/tuote\/arabia-sotka-kahvikuppi-ja-tassi\/","og_locale":"fi_FI","og_type":"article","og_title":"ARABIA SOTKA KAHVIKUPPI JA TASSI - Goodwill-verkkokauppa","og_description":"Suunnittelija: Raija Uosikkinen Valmistaja: Arabia Valmistusvuosi: 1971- 75 Mitat kuppi: korkeus 6.7 cm, halkaisija 6.2 cm, leveys sangan kera 8.3 cm, paino 125 g Mitat tassi: korkeus 2 cm, halkaisija 12 cm, paino 100 g","og_url":"https:\/\/goodwill.fi\/kauppa\/tuote\/arabia-sotka-kahvikuppi-ja-tassi\/","og_site_name":"Goodwill-verkkokauppa","article_modified_time":"2024-10-14T13:14:04+00:00","og_image":[{"width":1500,"height":1500,"url":"https:\/\/goodwill.fi\/kauppa\/wp-content\/uploads\/2024\/02\/IMG_9946-scaled-e1708074415624.jpg","type":"image\/jpeg"}],"twitter_card":"summary_large_image","twitter_misc":{"Arvioitu lukuaika":"1 minuutti"},"schema":{"@context":"https:\/\/schema.org","@graph":[{"@type":"WebPage","@id":"https:\/\/goodwill.fi\/kauppa\/tuote\/arabia-sotka-kahvikuppi-ja-tassi\/","url":"https:\/\/goodwill.fi\/kauppa\/tuote\/arabia-sotka-kahvikuppi-ja-tassi\/","name":"ARABIA SOTKA KAHVIKUPPI JA TASSI - Goodwill-verkkokauppa","isPartOf":{"@id":"https:\/\/goodwill.fi\/kauppa\/#website"},"primaryImageOfPage":{"@id":"https:\/\/goodwill.fi\/kauppa\/tuote\/arabia-sotka-kahvikuppi-ja-tassi\/#primaryimage"},"image":{"@id":"https:\/\/goodwill.fi\/kauppa\/tuote\/arabia-sotka-kahvikuppi-ja-tassi\/#primaryimage"},"thumbnailUrl":"https:\/\/goodwill.fi\/kauppa\/wp-content\/uploads\/2024\/02\/IMG_9946-scaled-e1708074415624.jpg","datePublished":"2024-02-16T09:10:36+00:00","dateModified":"2024-10-14T13:14:04+00:00","description":"Suunnittelija: Raija Uosikkinen Valmistaja: Arabia Valmistusvuosi: 1971- 75 Mitat kuppi: korkeus 6.7 cm, halkaisija 6.2 cm, leveys sangan kera 8.3 cm, paino 125 g Mitat tassi: korkeus 2 cm, halkaisija 12 cm, paino 100 g","breadcrumb":{"@id":"https:\/\/goodwill.fi\/kauppa\/tuote\/arabia-sotka-kahvikuppi-ja-tassi\/#breadcrumb"},"inLanguage":"fi","potentialAction":[{"@type":"ReadAction","target":["https:\/\/goodwill.fi\/kauppa\/tuote\/arabia-sotka-kahvikuppi-ja-tassi\/"]}]},{"@type":"ImageObject","inLanguage":"fi","@id":"https:\/\/goodwill.fi\/kauppa\/tuote\/arabia-sotka-kahvikuppi-ja-tassi\/#primaryimage","url":"https:\/\/goodwill.fi\/kauppa\/wp-content\/uploads\/2024\/02\/IMG_9946-scaled-e1708074415624.jpg","contentUrl":"https:\/\/goodwill.fi\/kauppa\/wp-content\/uploads\/2024\/02\/IMG_9946-scaled-e1708074415624.jpg","width":1500,"height":1500},{"@type":"BreadcrumbList","@id":"https:\/\/goodwill.fi\/kauppa\/tuote\/arabia-sotka-kahvikuppi-ja-tassi\/#breadcrumb","itemListElement":[{"@type":"ListItem","position":1,"name":"Home","item":"https:\/\/goodwill.fi\/kauppa\/"},{"@type":"ListItem","position":2,"name":"Shop","item":"https:\/\/goodwill.fi\/kauppa\/shop\/"},{"@type":"ListItem","position":3,"name":"ARABIA SOTKA KAHVIKUPPI JA TASSI"}]},{"@type":"WebSite","@id":"https:\/\/goodwill.fi\/kauppa\/#website","url":"https:\/\/goodwill.fi\/kauppa\/","name":"Goodwill-verkkokauppa","description":"Kierr\u00e4tysmyym\u00e4l\u00e4 verkossa","publisher":{"@id":"https:\/\/goodwill.fi\/kauppa\/#organization"},"potentialAction":[{"@type":"SearchAction","target":{"@type":"EntryPoint","urlTemplate":"https:\/\/goodwill.fi\/kauppa\/?s={search_term_string}"},"query-input":{"@type":"PropertyValueSpecification","valueRequired":true,"valueName":"search_term_string"}}],"inLanguage":"fi"},{"@type":"Organization","@id":"https:\/\/goodwill.fi\/kauppa\/#organization","name":"Goodwill-verkkokauppa","url":"https:\/\/goodwill.fi\/kauppa\/","logo":{"@type":"ImageObject","inLanguage":"fi","@id":"https:\/\/goodwill.fi\/kauppa\/#\/schema\/logo\/image\/","url":"https:\/\/goodwill.fi\/kauppa\/wp-content\/uploads\/2021\/02\/cropped-logo_gw_store-723x211-1.png","contentUrl":"https:\/\/goodwill.fi\/kauppa\/wp-content\/uploads\/2021\/02\/cropped-logo_gw_store-723x211-1.png","width":723,"height":207,"caption":"Goodwill-verkkokauppa"},"image":{"@id":"https:\/\/goodwill.fi\/kauppa\/#\/schema\/logo\/image\/"}}]}},"_links":{"self":[{"href":"https:\/\/goodwill.fi\/kauppa\/wp-json\/wp\/v2\/product\/21598","targetHints":{"allow":["GET"]}}],"collection":[{"href":"https:\/\/goodwill.fi\/kauppa\/wp-json\/wp\/v2\/product"}],"about":[{"href":"https:\/\/goodwill.fi\/kauppa\/wp-json\/wp\/v2\/types\/product"}],"replies":[{"embeddable":true,"href":"https:\/\/goodwill.fi\/kauppa\/wp-json\/wp\/v2\/comments?post=21598"}],"wp:featuredmedia":[{"embeddable":true,"href":"https:\/\/goodwill.fi\/kauppa\/wp-json\/wp\/v2\/media\/21600"}],"wp:attachment":[{"href":"https:\/\/goodwill.fi\/kauppa\/wp-json\/wp\/v2\/media?parent=21598"}],"wp:term":[{"taxonomy":"product_brand","embeddable":true,"href":"https:\/\/goodwill.fi\/kauppa\/wp-json\/wp\/v2\/product_brand?post=21598"},{"taxonomy":"product_cat","embeddable":true,"href":"https:\/\/goodwill.fi\/kauppa\/wp-json\/wp\/v2\/product_cat?post=21598"},{"taxonomy":"product_tag","embeddable":true,"href":"https:\/\/goodwill.fi\/kauppa\/wp-json\/wp\/v2\/product_tag?post=21598"}],"curies":[{"name":"wp","href":"https:\/\/api.w.org\/{rel}","templated":true}]}}