{"id":230,"date":"2021-02-25T19:14:52","date_gmt":"2021-02-25T17:14:52","guid":{"rendered":"http:\/\/goodwill.mauri.loopy.fi\/?page_id=230"},"modified":"2021-02-25T19:37:09","modified_gmt":"2021-02-25T17:37:09","slug":"sivukartta","status":"publish","type":"page","link":"https:\/\/goodwill.fi\/kauppa\/sivukartta\/","title":{"rendered":"Sivukartta"},"content":{"rendered":"\t\t<div data-elementor-type=\"wp-page\" data-elementor-id=\"230\" class=\"elementor elementor-230\" data-elementor-post-type=\"page\">\n\t\t\t\t\t\t<section class=\"elementor-section elementor-top-section elementor-element elementor-element-67e0a78 elementor-section-boxed elementor-section-height-default elementor-section-height-default\" data-id=\"67e0a78\" data-element_type=\"section\" data-e-type=\"section\">\n\t\t\t\t\t\t<div class=\"elementor-container elementor-column-gap-default\">\n\t\t\t\t\t<div class=\"elementor-column elementor-col-100 elementor-top-column elementor-element elementor-element-3c1b938\" data-id=\"3c1b938\" data-element_type=\"column\" data-e-type=\"column\">\n\t\t\t<div class=\"elementor-widget-wrap elementor-element-populated\">\n\t\t\t\t\t\t<div class=\"elementor-element elementor-element-97a0fea elementor-widget elementor-widget-sitemap\" data-id=\"97a0fea\" data-element_type=\"widget\" data-e-type=\"widget\" data-widget_type=\"sitemap.default\">\n\t\t\t\t<div class=\"elementor-widget-container\">\n\t\t\t\t\t<div class=\"elementor-sitemap-wrap\"><div class=\"elementor-sitemap-section\"><h2 class=\"elementor-sitemap-title elementor-sitemap-product_cat-title\">Kategoriat<\/h2><ul class=\"elementor-sitemap-list elementor-sitemap-product_cat-list\">\t<li class=\"elementor-sitemap-item elementor-sitemap-item-product_cat cat-item cat-item-143\"><a href=\"https:\/\/goodwill.fi\/kauppa\/kategoria\/viihde-2\/\">Viihde &amp; Harrastukset<\/a>\n<ul class='children'>\n\t<li class=\"elementor-sitemap-item elementor-sitemap-item-product_cat cat-item cat-item-186\"><a href=\"https:\/\/goodwill.fi\/kauppa\/kategoria\/viihde-2\/pelit\/\">Pelit<\/a>\n<\/li>\n\t<li class=\"elementor-sitemap-item elementor-sitemap-item-product_cat cat-item cat-item-14880\"><a href=\"https:\/\/goodwill.fi\/kauppa\/kategoria\/viihde-2\/muu-viihde-viihde-2\/\">Muu viihde<\/a>\n<\/li>\n\t<li class=\"elementor-sitemap-item elementor-sitemap-item-product_cat cat-item cat-item-185\"><a href=\"https:\/\/goodwill.fi\/kauppa\/kategoria\/viihde-2\/musiikki\/\">Musiikki<\/a>\n\t<ul class='children'>\n\t<li class=\"elementor-sitemap-item elementor-sitemap-item-product_cat cat-item cat-item-5794\"><a href=\"https:\/\/goodwill.fi\/kauppa\/kategoria\/viihde-2\/musiikki\/soittimet\/\">Soittimet<\/a>\n<\/li>\n\t<li class=\"elementor-sitemap-item elementor-sitemap-item-product_cat cat-item cat-item-151\"><a href=\"https:\/\/goodwill.fi\/kauppa\/kategoria\/viihde-2\/musiikki\/vinyylit\/\">\u00c4\u00e4nilevyt<\/a>\n<\/li>\n\t<\/ul>\n<\/li>\n\t<li class=\"elementor-sitemap-item elementor-sitemap-item-product_cat cat-item cat-item-150\"><a href=\"https:\/\/goodwill.fi\/kauppa\/kategoria\/viihde-2\/kirjat-2\/\">Kirjat<\/a>\n<\/li>\n\t<li class=\"elementor-sitemap-item elementor-sitemap-item-product_cat cat-item cat-item-14878\"><a href=\"https:\/\/goodwill.fi\/kauppa\/kategoria\/viihde-2\/kamerat\/\">Kamerat<\/a>\n<\/li>\n\t<li class=\"elementor-sitemap-item elementor-sitemap-item-product_cat cat-item cat-item-14879\"><a href=\"https:\/\/goodwill.fi\/kauppa\/kategoria\/viihde-2\/harrastusvalineet\/\">Harrastusv\u00e4lineet<\/a>\n<\/li>\n\t<li class=\"elementor-sitemap-item elementor-sitemap-item-product_cat cat-item cat-item-187\"><a href=\"https:\/\/goodwill.fi\/kauppa\/kategoria\/viihde-2\/muu-viihde\/\">Harrastukset &amp; vapaa-aika<\/a>\n<\/li>\n<\/ul>\n<\/li>\n\t<li class=\"elementor-sitemap-item elementor-sitemap-item-product_cat cat-item cat-item-176\"><a href=\"https:\/\/goodwill.fi\/kauppa\/kategoria\/asusteet-2\/\">Vaatteet &amp; asusteet<\/a>\n<ul class='children'>\n\t<li class=\"elementor-sitemap-item elementor-sitemap-item-product_cat cat-item cat-item-6182\"><a href=\"https:\/\/goodwill.fi\/kauppa\/kategoria\/asusteet-2\/takit\/\">Takit<\/a>\n<\/li>\n\t<li class=\"elementor-sitemap-item elementor-sitemap-item-product_cat cat-item cat-item-14853\"><a href=\"https:\/\/goodwill.fi\/kauppa\/kategoria\/asusteet-2\/puvut-2\/\">Puvut<\/a>\n<\/li>\n\t<li class=\"elementor-sitemap-item elementor-sitemap-item-product_cat cat-item cat-item-5834\"><a href=\"https:\/\/goodwill.fi\/kauppa\/kategoria\/asusteet-2\/paidat-ja-puserot\/\">Paidat ja puserot<\/a>\n<\/li>\n\t<li class=\"elementor-sitemap-item elementor-sitemap-item-product_cat cat-item cat-item-178\"><a href=\"https:\/\/goodwill.fi\/kauppa\/kategoria\/asusteet-2\/muut-asusteet\/\">Muut asusteet<\/a>\n<\/li>\n\t<li class=\"elementor-sitemap-item elementor-sitemap-item-product_cat cat-item cat-item-5836\"><a href=\"https:\/\/goodwill.fi\/kauppa\/kategoria\/asusteet-2\/mekot-ja-hameet\/\">Mekot ja hameet<\/a>\n<\/li>\n\t<li class=\"elementor-sitemap-item elementor-sitemap-item-product_cat cat-item cat-item-5833\"><a href=\"https:\/\/goodwill.fi\/kauppa\/kategoria\/asusteet-2\/laukut-asusteet-2\/\">Laukut<\/a>\n<\/li>\n\t<li class=\"elementor-sitemap-item elementor-sitemap-item-product_cat cat-item cat-item-148\"><a href=\"https:\/\/goodwill.fi\/kauppa\/kategoria\/asusteet-2\/korut-2\/\">Korut<\/a>\n<\/li>\n\t<li class=\"elementor-sitemap-item elementor-sitemap-item-product_cat cat-item cat-item-5837\"><a href=\"https:\/\/goodwill.fi\/kauppa\/kategoria\/asusteet-2\/kengat\/\">Keng\u00e4t<\/a>\n<\/li>\n\t<li class=\"elementor-sitemap-item elementor-sitemap-item-product_cat cat-item cat-item-177\"><a href=\"https:\/\/goodwill.fi\/kauppa\/kategoria\/asusteet-2\/kellot\/\">Kellot<\/a>\n<\/li>\n\t<li class=\"elementor-sitemap-item elementor-sitemap-item-product_cat cat-item cat-item-5835\"><a href=\"https:\/\/goodwill.fi\/kauppa\/kategoria\/asusteet-2\/housut\/\">Housut<\/a>\n<\/li>\n<\/ul>\n<\/li>\n\t<li class=\"elementor-sitemap-item elementor-sitemap-item-product_cat cat-item cat-item-15\"><a href=\"https:\/\/goodwill.fi\/kauppa\/kategoria\/uncategorized\/\">Uncategorized<\/a>\n<\/li>\n\t<li class=\"elementor-sitemap-item elementor-sitemap-item-product_cat cat-item cat-item-146\"><a href=\"https:\/\/goodwill.fi\/kauppa\/kategoria\/koti-2\/\">Koti<\/a>\n<ul class='children'>\n\t<li class=\"elementor-sitemap-item elementor-sitemap-item-product_cat cat-item cat-item-155\"><a href=\"https:\/\/goodwill.fi\/kauppa\/kategoria\/koti-2\/valaisimet\/\">Valaisimet<\/a>\n<\/li>\n\t<li class=\"elementor-sitemap-item elementor-sitemap-item-product_cat cat-item cat-item-14868\"><a href=\"https:\/\/goodwill.fi\/kauppa\/kategoria\/koti-2\/tekstiilit\/\">Tekstiilit<\/a>\n\t<ul class='children'>\n\t<li class=\"elementor-sitemap-item elementor-sitemap-item-product_cat cat-item cat-item-14869\"><a href=\"https:\/\/goodwill.fi\/kauppa\/kategoria\/koti-2\/tekstiilit\/seinavaatteet\/\">Sein\u00e4vaatteet<\/a>\n<\/li>\n\t<li class=\"elementor-sitemap-item elementor-sitemap-item-product_cat cat-item cat-item-14870\"><a href=\"https:\/\/goodwill.fi\/kauppa\/kategoria\/koti-2\/tekstiilit\/muut-tekstiilit\/\">Muut tekstiilit<\/a>\n<\/li>\n\t<\/ul>\n<\/li>\n\t<li class=\"elementor-sitemap-item elementor-sitemap-item-product_cat cat-item cat-item-154\"><a href=\"https:\/\/goodwill.fi\/kauppa\/kategoria\/koti-2\/sisustus-2\/\">Sisustusesineet<\/a>\n\t<ul class='children'>\n\t<li class=\"elementor-sitemap-item elementor-sitemap-item-product_cat cat-item cat-item-14874\"><a href=\"https:\/\/goodwill.fi\/kauppa\/kategoria\/koti-2\/sisustus-2\/maljakot\/\">Maljakot<\/a>\n<\/li>\n\t<li class=\"elementor-sitemap-item elementor-sitemap-item-product_cat cat-item cat-item-14873\"><a href=\"https:\/\/goodwill.fi\/kauppa\/kategoria\/koti-2\/sisustus-2\/kynttilanjalat\/\">Kynttil\u00e4njalat<\/a>\n<\/li>\n\t<li class=\"elementor-sitemap-item elementor-sitemap-item-product_cat cat-item cat-item-14875\"><a href=\"https:\/\/goodwill.fi\/kauppa\/kategoria\/koti-2\/sisustus-2\/koristelautaset\/\">Koristelautaset<\/a>\n<\/li>\n\t<li class=\"elementor-sitemap-item elementor-sitemap-item-product_cat cat-item cat-item-14876\"><a href=\"https:\/\/goodwill.fi\/kauppa\/kategoria\/koti-2\/sisustus-2\/koriste-esineet\/\">Koriste-esineet<\/a>\n<\/li>\n\t<\/ul>\n<\/li>\n\t<li class=\"elementor-sitemap-item elementor-sitemap-item-product_cat cat-item cat-item-140\"><a href=\"https:\/\/goodwill.fi\/kauppa\/kategoria\/koti-2\/huonekalut-2\/\">Huonekalut<\/a>\n<\/li>\n<\/ul>\n<\/li>\n\t<li class=\"elementor-sitemap-item elementor-sitemap-item-product_cat cat-item cat-item-180\"><a href=\"https:\/\/goodwill.fi\/kauppa\/kategoria\/keraily-2\/\">Ker\u00e4ily<\/a>\n<ul class='children'>\n\t<li class=\"elementor-sitemap-item elementor-sitemap-item-product_cat cat-item cat-item-171\"><a href=\"https:\/\/goodwill.fi\/kauppa\/kategoria\/keraily-2\/taulut-2\/\">Taulut<\/a>\n<\/li>\n\t<li class=\"elementor-sitemap-item elementor-sitemap-item-product_cat cat-item cat-item-14861\"><a href=\"https:\/\/goodwill.fi\/kauppa\/kategoria\/keraily-2\/taidelasi-keramiikka\/\">Taidelasi ja -keramiikka<\/a>\n<\/li>\n\t<li class=\"elementor-sitemap-item elementor-sitemap-item-product_cat cat-item cat-item-181\"><a href=\"https:\/\/goodwill.fi\/kauppa\/kategoria\/keraily-2\/rahat-mitalit\/\">Rahat &amp; mitalit<\/a>\n<\/li>\n\t<li class=\"elementor-sitemap-item elementor-sitemap-item-product_cat cat-item cat-item-182\"><a href=\"https:\/\/goodwill.fi\/kauppa\/kategoria\/keraily-2\/postimerkit\/\">Postimerkit<\/a>\n<\/li>\n\t<li class=\"elementor-sitemap-item elementor-sitemap-item-product_cat cat-item cat-item-184\"><a href=\"https:\/\/goodwill.fi\/kauppa\/kategoria\/keraily-2\/muu-keraily-2\/\">Muu ker\u00e4ily<\/a>\n<\/li>\n\t<li class=\"elementor-sitemap-item elementor-sitemap-item-product_cat cat-item cat-item-11922\"><a href=\"https:\/\/goodwill.fi\/kauppa\/kategoria\/keraily-2\/keraily-militaria\/\">Militaria<\/a>\n<\/li>\n\t<li class=\"elementor-sitemap-item elementor-sitemap-item-product_cat cat-item cat-item-183\"><a href=\"https:\/\/goodwill.fi\/kauppa\/kategoria\/keraily-2\/lelut\/\">Lelut<\/a>\n<\/li>\n\t<li class=\"elementor-sitemap-item elementor-sitemap-item-product_cat cat-item cat-item-14860\"><a href=\"https:\/\/goodwill.fi\/kauppa\/kategoria\/keraily-2\/antiikki-vintage\/\">Antiikki &amp; Vintage<\/a>\n<\/li>\n<\/ul>\n<\/li>\n\t<li class=\"elementor-sitemap-item elementor-sitemap-item-product_cat cat-item cat-item-159\"><a href=\"https:\/\/goodwill.fi\/kauppa\/kategoria\/kaikki\/\">Kaikki<\/a>\n<ul class='children'>\n\t<li class=\"elementor-sitemap-item elementor-sitemap-item-product_cat cat-item cat-item-14856\"><a href=\"https:\/\/goodwill.fi\/kauppa\/kategoria\/kaikki\/riihimaen-lasi\/\">Riihim\u00e4en lasi<\/a>\n<\/li>\n\t<li class=\"elementor-sitemap-item elementor-sitemap-item-product_cat cat-item cat-item-14857\"><a href=\"https:\/\/goodwill.fi\/kauppa\/kategoria\/kaikki\/lomonosov\/\">Lomonosov<\/a>\n<\/li>\n\t<li class=\"elementor-sitemap-item elementor-sitemap-item-product_cat cat-item cat-item-14858\"><a href=\"https:\/\/goodwill.fi\/kauppa\/kategoria\/kaikki\/kumela\/\">Kumela<\/a>\n<\/li>\n\t<li class=\"elementor-sitemap-item elementor-sitemap-item-product_cat cat-item cat-item-14854\"><a href=\"https:\/\/goodwill.fi\/kauppa\/kategoria\/kaikki\/iittala\/\">Iittala<\/a>\n<\/li>\n\t<li class=\"elementor-sitemap-item elementor-sitemap-item-product_cat cat-item cat-item-14859\"><a href=\"https:\/\/goodwill.fi\/kauppa\/kategoria\/kaikki\/humppila\/\">Humppila<\/a>\n<\/li>\n\t<li class=\"elementor-sitemap-item elementor-sitemap-item-product_cat cat-item cat-item-14855\"><a href=\"https:\/\/goodwill.fi\/kauppa\/kategoria\/kaikki\/arabia\/\">Arabia<\/a>\n<\/li>\n<\/ul>\n<\/li>\n\t<li class=\"elementor-sitemap-item elementor-sitemap-item-product_cat cat-item cat-item-166\"><a href=\"https:\/\/goodwill.fi\/kauppa\/kategoria\/astiat-2\/\">Astiat<\/a>\n<ul class='children'>\n\t<li class=\"elementor-sitemap-item elementor-sitemap-item-product_cat cat-item cat-item-14865\"><a href=\"https:\/\/goodwill.fi\/kauppa\/kategoria\/astiat-2\/tarjoiluastiat\/\">Tarjoiluastiat<\/a>\n<\/li>\n\t<li class=\"elementor-sitemap-item elementor-sitemap-item-product_cat cat-item cat-item-14867\"><a href=\"https:\/\/goodwill.fi\/kauppa\/kategoria\/astiat-2\/muut-keittiotarvikkeet\/\">Muut keitti\u00f6tarvikkeet<\/a>\n<\/li>\n\t<li class=\"elementor-sitemap-item elementor-sitemap-item-product_cat cat-item cat-item-14863\"><a href=\"https:\/\/goodwill.fi\/kauppa\/kategoria\/astiat-2\/lautaset-kulhot\/\">Lautaset ja kulhot<\/a>\n<\/li>\n\t<li class=\"elementor-sitemap-item elementor-sitemap-item-product_cat cat-item cat-item-14862\"><a href=\"https:\/\/goodwill.fi\/kauppa\/kategoria\/astiat-2\/kupit-lasit\/\">Kupit ja lasit<\/a>\n<\/li>\n\t<li class=\"elementor-sitemap-item elementor-sitemap-item-product_cat cat-item cat-item-14864\"><a href=\"https:\/\/goodwill.fi\/kauppa\/kategoria\/astiat-2\/aterimet\/\">Aterimet<\/a>\n<\/li>\n\t<li class=\"elementor-sitemap-item elementor-sitemap-item-product_cat cat-item cat-item-14866\"><a href=\"https:\/\/goodwill.fi\/kauppa\/kategoria\/astiat-2\/astiastot\/\">Astiastot<\/a>\n<\/li>\n<\/ul>\n<\/li>\n\t<li class=\"elementor-sitemap-item elementor-sitemap-item-product_cat cat-item cat-item-5965\"><a href=\"https:\/\/goodwill.fi\/kauppa\/kategoria\/ale\/\">Ale<\/a>\n<ul class='children'>\n\t<li class=\"elementor-sitemap-item elementor-sitemap-item-product_cat cat-item cat-item-17773\"><a href=\"https:\/\/goodwill.fi\/kauppa\/kategoria\/ale\/kampanja\/\">Kampanja<\/a>\n<\/li>\n<\/ul>\n<\/li>\n<\/ul><\/div><\/div>\t\t\t\t<\/div>\n\t\t\t\t<\/div>\n\t\t\t\t\t<\/div>\n\t\t<\/div>\n\t\t\t\t\t<\/div>\n\t\t<\/section>\n\t\t\t\t<\/div>\n\t\t","protected":false},"excerpt":{"rendered":"","protected":false},"author":1,"featured_media":0,"parent":0,"menu_order":0,"comment_status":"closed","ping_status":"closed","template":"","meta":{"footnotes":""},"class_list":["post-230","page","type-page","status-publish","hentry"],"yoast_head":"<!-- This site is optimized with the Yoast SEO plugin v27.5 - https:\/\/yoast.com\/product\/yoast-seo-wordpress\/ -->\n<title>Sivukartta - Goodwill-verkkokauppa<\/title>\n<meta name=\"robots\" content=\"index, follow, max-snippet:-1, max-image-preview:large, max-video-preview:-1\" \/>\n<link rel=\"canonical\" href=\"https:\/\/goodwill.fi\/kauppa\/sivukartta\/\" \/>\n<meta property=\"og:locale\" content=\"fi_FI\" \/>\n<meta property=\"og:type\" content=\"article\" \/>\n<meta property=\"og:title\" content=\"Sivukartta - Goodwill-verkkokauppa\" \/>\n<meta property=\"og:url\" content=\"https:\/\/goodwill.fi\/kauppa\/sivukartta\/\" \/>\n<meta property=\"og:site_name\" content=\"Goodwill-verkkokauppa\" \/>\n<meta property=\"article:modified_time\" content=\"2021-02-25T17:37:09+00:00\" \/>\n<meta name=\"twitter:card\" content=\"summary_large_image\" \/>\n<meta name=\"twitter:label1\" content=\"Arvioitu lukuaika\" \/>\n\t<meta name=\"twitter:data1\" content=\"1 minuutti\" \/>\n<script type=\"application\/ld+json\" class=\"yoast-schema-graph\">{\"@context\":\"https:\\\/\\\/schema.org\",\"@graph\":[{\"@type\":\"WebPage\",\"@id\":\"https:\\\/\\\/goodwill.fi\\\/kauppa\\\/sivukartta\\\/\",\"url\":\"https:\\\/\\\/goodwill.fi\\\/kauppa\\\/sivukartta\\\/\",\"name\":\"Sivukartta - Goodwill-verkkokauppa\",\"isPartOf\":{\"@id\":\"https:\\\/\\\/goodwill.fi\\\/kauppa\\\/#website\"},\"datePublished\":\"2021-02-25T17:14:52+00:00\",\"dateModified\":\"2021-02-25T17:37:09+00:00\",\"breadcrumb\":{\"@id\":\"https:\\\/\\\/goodwill.fi\\\/kauppa\\\/sivukartta\\\/#breadcrumb\"},\"inLanguage\":\"fi\",\"potentialAction\":[{\"@type\":\"ReadAction\",\"target\":[\"https:\\\/\\\/goodwill.fi\\\/kauppa\\\/sivukartta\\\/\"]}]},{\"@type\":\"BreadcrumbList\",\"@id\":\"https:\\\/\\\/goodwill.fi\\\/kauppa\\\/sivukartta\\\/#breadcrumb\",\"itemListElement\":[{\"@type\":\"ListItem\",\"position\":1,\"name\":\"Home\",\"item\":\"https:\\\/\\\/goodwill.fi\\\/kauppa\\\/\"},{\"@type\":\"ListItem\",\"position\":2,\"name\":\"Sivukartta\"}]},{\"@type\":\"WebSite\",\"@id\":\"https:\\\/\\\/goodwill.fi\\\/kauppa\\\/#website\",\"url\":\"https:\\\/\\\/goodwill.fi\\\/kauppa\\\/\",\"name\":\"Goodwill-verkkokauppa\",\"description\":\"Kierr\u00e4tysmyym\u00e4l\u00e4 verkossa\",\"publisher\":{\"@id\":\"https:\\\/\\\/goodwill.fi\\\/kauppa\\\/#organization\"},\"potentialAction\":[{\"@type\":\"SearchAction\",\"target\":{\"@type\":\"EntryPoint\",\"urlTemplate\":\"https:\\\/\\\/goodwill.fi\\\/kauppa\\\/?s={search_term_string}\"},\"query-input\":{\"@type\":\"PropertyValueSpecification\",\"valueRequired\":true,\"valueName\":\"search_term_string\"}}],\"inLanguage\":\"fi\"},{\"@type\":\"Organization\",\"@id\":\"https:\\\/\\\/goodwill.fi\\\/kauppa\\\/#organization\",\"name\":\"Goodwill-verkkokauppa\",\"url\":\"https:\\\/\\\/goodwill.fi\\\/kauppa\\\/\",\"logo\":{\"@type\":\"ImageObject\",\"inLanguage\":\"fi\",\"@id\":\"https:\\\/\\\/goodwill.fi\\\/kauppa\\\/#\\\/schema\\\/logo\\\/image\\\/\",\"url\":\"https:\\\/\\\/goodwill.fi\\\/kauppa\\\/wp-content\\\/uploads\\\/2021\\\/02\\\/cropped-logo_gw_store-723x211-1.png\",\"contentUrl\":\"https:\\\/\\\/goodwill.fi\\\/kauppa\\\/wp-content\\\/uploads\\\/2021\\\/02\\\/cropped-logo_gw_store-723x211-1.png\",\"width\":723,\"height\":207,\"caption\":\"Goodwill-verkkokauppa\"},\"image\":{\"@id\":\"https:\\\/\\\/goodwill.fi\\\/kauppa\\\/#\\\/schema\\\/logo\\\/image\\\/\"}}]}<\/script>\n<!-- \/ Yoast SEO plugin. -->","yoast_head_json":{"title":"Sivukartta - Goodwill-verkkokauppa","robots":{"index":"index","follow":"follow","max-snippet":"max-snippet:-1","max-image-preview":"max-image-preview:large","max-video-preview":"max-video-preview:-1"},"canonical":"https:\/\/goodwill.fi\/kauppa\/sivukartta\/","og_locale":"fi_FI","og_type":"article","og_title":"Sivukartta - Goodwill-verkkokauppa","og_url":"https:\/\/goodwill.fi\/kauppa\/sivukartta\/","og_site_name":"Goodwill-verkkokauppa","article_modified_time":"2021-02-25T17:37:09+00:00","twitter_card":"summary_large_image","twitter_misc":{"Arvioitu lukuaika":"1 minuutti"},"schema":{"@context":"https:\/\/schema.org","@graph":[{"@type":"WebPage","@id":"https:\/\/goodwill.fi\/kauppa\/sivukartta\/","url":"https:\/\/goodwill.fi\/kauppa\/sivukartta\/","name":"Sivukartta - Goodwill-verkkokauppa","isPartOf":{"@id":"https:\/\/goodwill.fi\/kauppa\/#website"},"datePublished":"2021-02-25T17:14:52+00:00","dateModified":"2021-02-25T17:37:09+00:00","breadcrumb":{"@id":"https:\/\/goodwill.fi\/kauppa\/sivukartta\/#breadcrumb"},"inLanguage":"fi","potentialAction":[{"@type":"ReadAction","target":["https:\/\/goodwill.fi\/kauppa\/sivukartta\/"]}]},{"@type":"BreadcrumbList","@id":"https:\/\/goodwill.fi\/kauppa\/sivukartta\/#breadcrumb","itemListElement":[{"@type":"ListItem","position":1,"name":"Home","item":"https:\/\/goodwill.fi\/kauppa\/"},{"@type":"ListItem","position":2,"name":"Sivukartta"}]},{"@type":"WebSite","@id":"https:\/\/goodwill.fi\/kauppa\/#website","url":"https:\/\/goodwill.fi\/kauppa\/","name":"Goodwill-verkkokauppa","description":"Kierr\u00e4tysmyym\u00e4l\u00e4 verkossa","publisher":{"@id":"https:\/\/goodwill.fi\/kauppa\/#organization"},"potentialAction":[{"@type":"SearchAction","target":{"@type":"EntryPoint","urlTemplate":"https:\/\/goodwill.fi\/kauppa\/?s={search_term_string}"},"query-input":{"@type":"PropertyValueSpecification","valueRequired":true,"valueName":"search_term_string"}}],"inLanguage":"fi"},{"@type":"Organization","@id":"https:\/\/goodwill.fi\/kauppa\/#organization","name":"Goodwill-verkkokauppa","url":"https:\/\/goodwill.fi\/kauppa\/","logo":{"@type":"ImageObject","inLanguage":"fi","@id":"https:\/\/goodwill.fi\/kauppa\/#\/schema\/logo\/image\/","url":"https:\/\/goodwill.fi\/kauppa\/wp-content\/uploads\/2021\/02\/cropped-logo_gw_store-723x211-1.png","contentUrl":"https:\/\/goodwill.fi\/kauppa\/wp-content\/uploads\/2021\/02\/cropped-logo_gw_store-723x211-1.png","width":723,"height":207,"caption":"Goodwill-verkkokauppa"},"image":{"@id":"https:\/\/goodwill.fi\/kauppa\/#\/schema\/logo\/image\/"}}]}},"_links":{"self":[{"href":"https:\/\/goodwill.fi\/kauppa\/wp-json\/wp\/v2\/pages\/230","targetHints":{"allow":["GET"]}}],"collection":[{"href":"https:\/\/goodwill.fi\/kauppa\/wp-json\/wp\/v2\/pages"}],"about":[{"href":"https:\/\/goodwill.fi\/kauppa\/wp-json\/wp\/v2\/types\/page"}],"author":[{"embeddable":true,"href":"https:\/\/goodwill.fi\/kauppa\/wp-json\/wp\/v2\/users\/1"}],"replies":[{"embeddable":true,"href":"https:\/\/goodwill.fi\/kauppa\/wp-json\/wp\/v2\/comments?post=230"}],"version-history":[{"count":5,"href":"https:\/\/goodwill.fi\/kauppa\/wp-json\/wp\/v2\/pages\/230\/revisions"}],"predecessor-version":[{"id":235,"href":"https:\/\/goodwill.fi\/kauppa\/wp-json\/wp\/v2\/pages\/230\/revisions\/235"}],"wp:attachment":[{"href":"https:\/\/goodwill.fi\/kauppa\/wp-json\/wp\/v2\/media?parent=230"}],"curies":[{"name":"wp","href":"https:\/\/api.w.org\/{rel}","templated":true}]}}